-- Table structure for table `productFavourite`
--

CREATE TABLE `productFavourite` (
  `id` int(11) NOT NULL,
  `userId` int(11) NOT NULL,
  `productId` int(11) NOT NULL,
  `created` int(11) NOT NULL,
  `updated` int(11) NOT NULL,
  `createdAt` timestamp NOT NULL DEFAULT CURRENT_TIMESTAMP,
  `updatedAt` timestamp NOT NULL DEFAULT CURRENT_TIMESTAMP ON UPDATE CURRENT_TIMESTAMP
) ENGINE=InnoDB DEFAULT CHARSET=utf8mb4 COLLATE=utf8mb4_unicode_ci;

--
-- Dumping data for table `productFavourite`
--

INSERT INTO `productFavourite` (`id`, `userId`, `productId`, `created`, `updated`, `createdAt`, `updatedAt`) VALUES
(1, 101, 447, 1623039910, 1623039910, '2021-06-07 04:25:09', '2021-06-07 04:25:09'),
(10, 132, 450, 1625146266, 1625146266, '2021-07-01 13:31:06', '2021-07-01 13:31:06'),
(13, 122, 449, 1625925854, 1625925854, '2021-07-10 14:04:13', '2021-07-10 14:04:13'),
(17, 143, 447, 1626254974, 1626254974, '2021-07-14 09:29:34', '2021-07-14 09:29:34'),
(18, 143, 452, 1626255005, 1626255005, '2021-07-14 09:30:05', '2021-07-14 09:30:05'),
(20, 165, 449, 1628234446, 1628234446, '2021-08-06 07:20:45', '2021-08-06 07:20:45'),
(21, 165, 440, 1628234452, 1628234452, '2021-08-06 07:20:51', '2021-08-06 07:20:51'),
(23, 166, 449, 1628237382, 1628237382, '2021-08-06 08:09:41', '2021-08-06 08:09:41'),
(24, 129, 466, 1629899014, 1629899014, '2021-08-25 13:43:34', '2021-08-25 13:43:34'),
(26, 214, 449, 1634035014, 1634035014, '2021-10-12 10:36:54', '2021-10-12 10:36:54'),
(30, 221, 454, 1634533650, 1634533650, '2021-10-18 05:07:29', '2021-10-18 05:07:29'),
(32, 255, 516, 1645694716, 1645694716, '2022-02-24 09:25:15', '2022-02-24 09:25:15');

-- --------------------------------------------------------

--
-- Table structure for table `productSpecification`
--

CREATE TABLE `productSpecification` (
  `id` int(11) NOT NULL,
  `productId` int(11) NOT NULL,
  `name` varchar(100) COLLATE utf8mb4_unicode_ci NOT NULL,
  `value` varchar(100) COLLATE utf8mb4_unicode_ci NOT NULL,
  `created` int(11) NOT NULL,
  `updated` int(11) NOT NULL,
  `createdAt` timestamp NOT NULL DEFAULT CURRENT_TIMESTAMP,
  `updatedAt` timestamp NOT NULL DEFAULT CURRENT_TIMESTAMP ON UPDATE CURRENT_TIMESTAMP
) ENGINE=InnoDB DEFAULT CHARSET=utf8mb4 COLLATE=utf8mb4_unicode_ci;

--
-- Dumping data for table `productSpecification`
--

INSERT INTO `productSpecification` (`id`, `productId`, `name`, `value`, `created`, `updated`, `createdAt`, `updatedAt`) VALUES
(1, 3, 'engine', '200', 1593797754, 1593797754, '2020-07-03 17:35:54', '2020-07-03 17:35:54'),
(2, 3, 'horsepower', '4000', 1593797754, 1593797754, '2020-07-03 17:35:54', '2020-07-03 17:35:54'),
(18, 5, 'd', 's', 1595604009, 1595604009, '2020-07-24 15:20:09', '2020-07-24 15:20:09'),
(19, 4, 't', '2', 1595604026, 1595604026, '2020-07-24 15:20:26', '2020-07-24 15:20:26'),
(20, 1, 'salt percentage', '20%', 1595604046, 1595604046, '2020-07-24 15:20:46', '2020-07-24 15:20:46'),
(21, 1, 'Sodium', '10mg', 1595604046, 1595604046, '2020-07-24 15:20:46', '2020-07-24 15:20:46'),
(22, 6, '', '', 1596872791, 1596872791, '2020-08-08 07:46:30', '2020-08-08 07:46:30'),
(23, 7, 'lenght', '9', 1597063745, 1597063745, '2020-08-10 12:49:05', '2020-08-10 12:49:05'),
(24, 8, '', '', 1598009957, 1598009957, '2020-08-21 11:39:16', '2020-08-21 11:39:16'),
(25, 11, 'iPhone', '1', 1598430764, 1598430764, '2020-08-26 08:32:44', '2020-08-26 08:32:44'),
(26, 12, 'iphone', 'n', 1598432273, 1598432273, '2020-08-26 08:57:53', '2020-08-26 08:57:53'),
(27, 13, 'Allergy information', 'N', 1598432663, 1598432663, '2020-08-26 09:04:23', '2020-08-26 09:04:23'),
(28, 14, 'RAM', '16GB', 1598510979, 1598510979, '2020-08-27 06:49:39', '2020-08-27 06:49:39'),
(29, 14, 'ROM', '128GB', 1598510979, 1598510979, '2020-08-27 06:49:39', '2020-08-27 06:49:39'),
(30, 15, 'RAM', '16GB', 1598712056, 1598712056, '2020-08-29 14:40:55', '2020-08-29 14:40:55'),
(31, 15, 'ROM', '128GB', 1598712056, 1598712056, '2020-08-29 14:40:55', '2020-08-29 14:40:55'),
(32, 16, 'Storage', '5', 1598712178, 1598712178, '2020-08-29 14:42:57', '2020-08-29 14:42:57'),
(33, 17, 'fkdkf', 'k', 1598715901, 1598715901, '2020-08-29 15:45:01', '2020-08-29 15:45:01'),
(35, 25, 'ram', '1', 1600667652, 1600667652, '2020-09-21 05:54:11', '2020-09-21 05:54:11'),
(44, 26, 'ram', '1', 1600674319, 1600674319, '2020-09-21 07:45:19', '2020-09-21 07:45:19'),
(45, 18, 'ksdlak', 'k', 1600674601, 1600674601, '2020-09-21 07:50:01', '2020-09-21 07:50:01'),
(47, 28, 'gtrgtg', 'h', 1600674717, 1600674717, '2020-09-21 07:51:57', '2020-09-21 07:51:57'),
(49, 27, 'toshiba45456', '6', 1600675240, 1600675240, '2020-09-21 08:00:40', '2020-09-21 08:00:40'),
(51, 29, 'mmm', 'm', 1600675354, 1600675354, '2020-09-21 08:02:33', '2020-09-21 08:02:33'),
(52, 30, 'RAM', '16GB', 1600675537, 1600675537, '2020-09-21 08:05:37', '2020-09-21 08:05:37'),
(53, 30, 'ROM', '128GB', 1600675537, 1600675537, '2020-09-21 08:05:37', '2020-09-21 08:05:37'),
(54, 24, '', '', 1600685486, 1600685486, '2020-09-21 10:51:26', '2020-09-21 10:51:26'),
(57, 31, '', '', 1600685723, 1600685723, '2020-09-21 10:55:23', '2020-09-21 10:55:23'),
(58, 408, '', '', 1601009800, 1601009800, '2020-09-25 04:56:40', '2020-09-25 04:56:40'),
(59, 409, 'asfd', '3', 1612527407, 1612527407, '2021-02-05 12:16:46', '2021-02-05 12:16:46'),
(60, 410, 'Color', 'Red', 1612851995, 1612851995, '2021-02-09 06:26:35', '2021-02-09 06:26:35'),
(61, 410, 'Color', 'Black', 1612851995, 1612851995, '2021-02-09 06:26:35', '2021-02-09 06:26:35'),
(62, 410, 'Size', 'L', 1612851995, 1612851995, '2021-02-09 06:26:35', '2021-02-09 06:26:35'),
(63, 410, 'Size ', 'M', 1612851995, 1612851995, '2021-02-09 06:26:35', '2021-02-09 06:26:35'),
(64, 426, 'Load with camera, Video, Picture quality features', '4', 1615182672, 1615182672, '2021-03-08 05:51:12', '2021-03-08 05:51:12'),
(65, 427, '', '', 1615183710, 1615183710, '2021-03-08 06:08:29', '2021-03-08 06:08:29'),
(66, 450, 'Test product', '1', 1624952431, 1624952431, '2021-06-29 07:40:30', '2021-06-29 07:40:30'),
(67, 9, '', '', 1624952819, 1624952819, '2021-06-29 07:46:59', '2021-06-29 07:46:59'),
(68, 451, 'Iphone', '1', 1624961217, 1624961217, '2021-06-29 10:06:57', '2021-06-29 10:06:57'),
(70, 454, 'Oven', '0', 1625965326, 1625965326, '2021-07-11 01:02:05', '2021-07-11 01:02:05'),
(71, 455, 'Samsung Microwave', '1', 1626611227, 1626611227, '2021-07-18 12:27:06', '2021-07-18 12:27:06'),
(72, 456, 'Apple Mac', '1', 1626611308, 1626611308, '2021-07-18 12:28:28', '2021-07-18 12:28:28'),
(73, 457, 'Asus products', '5', 1626948349, 1626948349, '2021-07-22 10:05:49', '2021-07-22 10:05:49'),
(74, 458, 'Mohit Test Product', 'T', 1626950901, 1626950901, '2021-07-22 10:48:20', '2021-07-22 10:48:20'),
(75, 459, '10', '1', 1627276568, 1627276568, '2021-07-26 05:16:07', '2021-07-26 05:16:07'),
(76, 464, 'TEst', '1', 1629354798, 1629354798, '2021-08-19 06:33:18', '2021-08-19 06:33:18'),
(77, 471, '10', '1', 1630675884, 1630675884, '2021-09-03 13:31:23', '2021-09-03 13:31:23'),
(83, 479, 'Colour', 'R', 1634482722, 1634482722, '2021-10-17 14:58:42', '2021-10-17 14:58:42'),
(84, 481, 's1', 's1value', 1634726852, 1634726852, '2021-10-20 10:47:31', '2021-10-20 10:47:31'),
(85, 481, 's2', 's2value', 1634726852, 1634726852, '2021-10-20 10:47:31', '2021-10-20 10:47:31'),
(88, 486, '', '', 1635747596, 1635747596, '2021-11-01 06:19:56', '2021-11-01 06:19:56'),
(89, 490, '', '', 1635761676, 1635761676, '2021-11-01 10:14:35', '2021-11-01 10:14:35'),
(90, 491, 'Colour', 'B', 1636279078, 1636279078, '2021-11-07 09:57:57', '2021-11-07 09:57:57'),
(91, 492, 'Colour', 'B', 1636464845, 1636464845, '2021-11-09 13:34:04', '2021-11-09 13:34:04'),
(93, 493, 'Colour', 'R', 1636464916, 1636464916, '2021-11-09 13:35:15', '2021-11-09 13:35:15'),
(94, 494, 'Colour', 'B', 1636479350, 1636479350, '2021-11-09 17:35:50', '2021-11-09 17:35:50'),
(95, 449, 'test', 'test123', 1637216704, 1637216704, '2021-11-18 06:25:04', '2021-11-18 06:25:04'),
(96, 496, '100', 't', 1637219750, 1637219750, '2021-11-18 07:15:49', '2021-11-18 07:15:49'),
(97, 497, 'abcde', 'abcde123', 1637220324, 1637220324, '2021-11-18 07:25:23', '2021-11-18 07:25:23'),
(98, 498, 'Restuarant', 'Restuarant', 1637228958, 1637228958, '2021-11-18 09:49:17', '2021-11-18 09:49:17'),
(99, 502, '100', 't', 1645275094, 1645275094, '2022-02-19 12:51:34', '2022-02-19 12:51:34'),
(100, 504, 'Colour', 'Black', 1645275358, 1645275358, '2022-02-19 12:55:57', '2022-02-19 12:55:57'),
(101, 507, 'Colour', 'Red', 1645275527, 1645275527, '2022-02-19 12:58:46', '2022-02-19 12:58:46'),
(102, 509, 'Colour', 'Black', 1645662794, 1645662794, '2022-02-24 00:33:13', '2022-02-24 00:33:13'),
(103, 510, 'Colour', 'Black', 1645663152, 1645663152, '2022-02-24 00:39:12', '2022-02-24 00:39:12'),
(104, 511, 'Colour', 'Red', 1645663192, 1645663192, '2022-02-24 00:39:51', '2022-02-24 00:39:51'),
(105, 515, 'Colour', 'Green', 1645664404, 1645664404, '2022-02-24 01:00:03', '2022-02-24 01:00:03'),
(106, 516, 'Colour', 'Transparent', 1645665021, 1645665021, '2022-02-24 01:10:21', '2022-02-24 01:10:21'),
(107, 513, 'Colour', 'Black', 1645665398, 1645665398, '2022-02-24 01:16:38', '2022-02-24 01:16:38');

-- --------------------------------------------------------

--
-- Table structure for table `productTag`
--

CREATE TABLE `productTag` (
  `id` int(11) NOT NULL,
  `productId` int(11) NOT NULL,
  `tag` varchar(100) COLLATE utf8mb4_unicode_ci NOT NULL,
  `created` int(11) NOT NULL,
  `updated` int(11) NOT NULL,
  `createdAt` timestamp NOT NULL DEFAULT CURRENT_TIMESTAMP,
  `updatedAt` timestamp NOT NULL DEFAULT CURRENT_TIMESTAMP ON UPDATE CURRENT_TIMESTAMP
) ENGINE=InnoDB DEFAULT CHARSET=utf8mb4 COLLATE=utf8mb4_unicode_ci;

--
-- Dumping data for table `productTag`
--

INSERT INTO `productTag` (`id`, `productId`, `tag`, `created`, `updated`, `createdAt`, `updatedAt`) VALUES
(23, 3, 'test', 1593797754, 1593797754, '2020-07-03 17:35:54', '2020-07-03 17:35:54'),
(24, 3, 'omg', 1593797754, 1593797754, '2020-07-03 17:35:54', '2020-07-03 17:35:54'),
(25, 3, 'lawl', 1593797754, 1593797754, '2020-07-03 17:35:54', '2020-07-03 17:35:54'),
(51, 5, 'HELLO', 1595604009, 1595604009, '2020-07-24 15:20:09', '2020-07-24 15:20:09'),
(52, 5, 'NEW TAG', 1595604009, 1595604009, '2020-07-24 15:20:09', '2020-07-24 15:20:09'),
(53, 5, 's', 1595604009, 1595604009, '2020-07-24 15:20:09', '2020-07-24 15:20:09'),
(54, 4, 'test', 1595604026, 1595604026, '2020-07-24 15:20:26', '2020-07-24 15:20:26'),
(55, 4, 'asd', 1595604026, 1595604026, '2020-07-24 15:20:26', '2020-07-24 15:20:26'),
(56, 1, 'tata', 1595604046, 1595604046, '2020-07-24 15:20:46', '2020-07-24 15:20:46'),
(57, 1, 'tatasalt', 1595604046, 1595604046, '2020-07-24 15:20:46', '2020-07-24 15:20:46'),
(58, 6, 'iphone', 1596872791, 1596872791, '2020-08-08 07:46:30', '2020-08-08 07:46:30'),
(59, 6, 'apple', 1596872791, 1596872791, '2020-08-08 07:46:30', '2020-08-08 07:46:30'),
(60, 6, 'iphone 10s', 1596872791, 1596872791, '2020-08-08 07:46:30', '2020-08-08 07:46:30'),
(61, 7, 'iphone', 1597063745, 1597063745, '2020-08-10 12:49:05', '2020-08-10 12:49:05'),
(62, 7, 'apple', 1597063745, 1597063745, '2020-08-10 12:49:05', '2020-08-10 12:49:05'),
(63, 7, 'iphone 10s', 1597063745, 1597063745, '2020-08-10 12:49:05', '2020-08-10 12:49:05'),
(64, 8, 'dell', 1598009957, 1598009957, '2020-08-21 11:39:16', '2020-08-21 11:39:16'),
(65, 8, 'xps', 1598009957, 1598009957, '2020-08-21 11:39:16', '2020-08-21 11:39:16'),
(66, 8, '15 inches', 1598009957, 1598009957, '2020-08-21 11:39:16', '2020-08-21 11:39:16'),
(67, 14, 'iphone', 1598510979, 1598510979, '2020-08-27 06:49:39', '2020-08-27 06:49:39'),
(68, 14, 'apple', 1598510979, 1598510979, '2020-08-27 06:49:39', '2020-08-27 06:49:39'),
(69, 15, 'iphone', 1598712056, 1598712056, '2020-08-29 14:40:55', '2020-08-29 14:40:55'),
(70, 15, 'apple', 1598712056, 1598712056, '2020-08-29 14:40:55', '2020-08-29 14:40:55'),
(71, 25, 'test', 1600667652, 1600667652, '2020-09-21 05:54:11', '2020-09-21 05:54:11'),
(80, 26, 'test', 1600674319, 1600674319, '2020-09-21 07:45:19', '2020-09-21 07:45:19'),
(82, 28, 'gtgtg', 1600674717, 1600674717, '2020-09-21 07:51:57', '2020-09-21 07:51:57'),
(84, 27, 'test', 1600675240, 1600675240, '2020-09-21 08:00:40', '2020-09-21 08:00:40'),
(86, 29, 'mmm', 1600675354, 1600675354, '2020-09-21 08:02:33', '2020-09-21 08:02:33'),
(87, 30, 'iphone', 1600675537, 1600675537, '2020-09-21 08:05:37', '2020-09-21 08:05:37'),
(88, 30, 'apple', 1600675537, 1600675537, '2020-09-21 08:05:37', '2020-09-21 08:05:37'),
(89, 409, 'test', 1612527407, 1612527407, '2021-02-05 12:16:46', '2021-02-05 12:16:46'),
(90, 409, 'testaf', 1612527407, 1612527407, '2021-02-05 12:16:46', '2021-02-05 12:16:46'),
(91, 459, 'Test', 1627276568, 1627276568, '2021-07-26 05:16:07', '2021-07-26 05:16:07'),
(92, 459, 'Feedback', 1627276568, 1627276568, '2021-07-26 05:16:07', '2021-07-26 05:16:07'),
(93, 481, 'test', 1634726852, 1634726852, '2021-10-20 10:47:31', '2021-10-20 10:47:31'),
(97, 478, 'Iphone', 1634995987, 1634995987, '2021-10-23 13:33:06', '2021-10-23 13:33:06'),
(98, 478, 'Iphone 13', 1634995987, 1634995987, '2021-10-23 13:33:06', '2021-10-23 13:33:06'),
(99, 478, 'Iphone 13 pro', 1634995987, 1634995987, '2021-10-23 13:33:06', '2021-10-23 13:33:06'),
(103, 483, 'iphone 13', 1634998307, 1634998307, '2021-10-23 14:11:46', '2021-10-23 14:11:46'),
(104, 483, 'Iphone 13 pro', 1634998307, 1634998307, '2021-10-23 14:11:46', '2021-10-23 14:11:46'),
(105, 483, 'pro max', 1634998307, 1634998307, '2021-10-23 14:11:46', '2021-10-23 14:11:46'),
(106, 484, 'Iphone', 1634998555, 1634998555, '2021-10-23 14:15:55', '2021-10-23 14:15:55'),
(107, 484, 'Iphone 13', 1634998555, 1634998555, '2021-10-23 14:15:55', '2021-10-23 14:15:55'),
(108, 484, 'Iphone 13 pro', 1634998555, 1634998555, '2021-10-23 14:15:55', '2021-10-23 14:15:55'),
(109, 487, 'iphone 13', 1635002746, 1635002746, '2021-10-23 15:25:45', '2021-10-23 15:25:45'),
(110, 487, 'Iphone 13 pro', 1635002746, 1635002746, '2021-10-23 15:25:45', '2021-10-23 15:25:45'),
(111, 487, 'pro max', 1635002746, 1635002746, '2021-10-23 15:25:45', '2021-10-23 15:25:45'),
(112, 482, 'abc', 1637216607, 1637216607, '2021-11-18 06:23:26', '2021-11-18 06:23:26'),
(113, 482, 'xyz', 1637216607, 1637216607, '2021-11-18 06:23:26', '2021-11-18 06:23:26'),
(114, 496, 'qwerty', 1637219750, 1637219750, '2021-11-18 07:15:49', '2021-11-18 07:15:49'),
(115, 497, 'test', 1637220324, 1637220324, '2021-11-18 07:25:23', '2021-11-18 07:25:23'),
(116, 502, 'qwerty', 1645275094, 1645275094, '2022-02-19 12:51:34', '2022-02-19 12:51:34'),
(117, 503, 'Iphone', 1645275331, 1645275331, '2022-02-19 12:55:30', '2022-02-19 12:55:30'),
(118, 503, 'Iphone 13', 1645275331, 1645275331, '2022-02-19 12:55:30', '2022-02-19 12:55:30'),
(119, 503, 'Iphone 13 pro', 1645275331, 1645275331, '2022-02-19 12:55:30', '2022-02-19 12:55:30'),
(120, 504, 'Iphone', 1645275358, 1645275358, '2022-02-19 12:55:57', '2022-02-19 12:55:57'),
(121, 504, 'Iphone 13', 1645275358, 1645275358, '2022-02-19 12:55:57', '2022-02-19 12:55:57'),
(122, 504, 'Iphone 13 pro', 1645275358, 1645275358, '2022-02-19 12:55:57', '2022-02-19 12:55:57'),
(123, 514, 'Google', 1645664398, 1645664398, '2022-02-24 00:59:57', '2022-02-24 00:59:57'),
(124, 514, 'Location pin', 1645664398, 1645664398, '2022-02-24 00:59:57', '2022-02-24 00:59:57'),
(125, 515, 'Google', 1645664404, 1645664404, '2022-02-24 01:00:03', '2022-02-24 01:00:03'),
(126, 515, 'Location pin', 1645664404, 1645664404, '2022-02-24 01:00:03', '2022-02-24 01:00:03'),
(127, 516, 'Spray bottle', 1645665021, 1645665021, '2022-02-24 01:10:21', '2022-02-24 01:10:21'),
(128, 516, 'Nozzle', 1645665021, 1645665021, '2022-02-24 01:10:21', '2022-02-24 01:10:21');

-- --------------------------------------------------------

--
-- Table structure for table `request`
--

CREATE TABLE `request` (
  `id` int(11) NOT NULL,
  `userId` int(11) NOT NULL,
  `packageId` int(11) NOT NULL,
  `isOwnHome` tinyint(4) NOT NULL COMMENT '0=>no, 1=>yes',
  `name` varchar(100) COLLATE utf8mb4_unicode_ci NOT NULL,
  `email` varchar(100) COLLATE utf8mb4_unicode_ci NOT NULL,
  `phone` varchar(30) COLLATE utf8mb4_unicode_ci NOT NULL,
  `zipCode` varchar(20) COLLATE utf8mb4_unicode_ci NOT NULL,
  `address` varchar(255) COLLATE utf8mb4_unicode_ci NOT NULL,
  `latitude` decimal(10,8) NOT NULL,
  `longitude` decimal(11,8) NOT NULL,
  `avgElectricBill` smallint(6) NOT NULL,
  `created` int(11) NOT NULL,
  `updated` int(11) NOT NULL,
  `createdAt` timestamp NOT NULL DEFAULT CURRENT_TIMESTAMP,
  `updatedAt` timestamp NOT NULL DEFAULT CURRENT_TIMESTAMP ON UPDATE CURRENT_TIMESTAMP
) ENGINE=InnoDB DEFAULT CHARSET=utf8mb4 COLLATE=utf8mb4_unicode_ci;

--
-- Dumping data for table `request`
--

INSERT INTO `request` (`id`, `userId`, `packageId`, `isOwnHome`, `name`, `email`, `phone`, `zipCode`, `address`, `latitude`, `longitude`, `avgElectricBill`, `created`, `updated`, `createdAt`, `updatedAt`) VALUES
(7, 37, 1, 1, 'tester', 'tester@yopmail.com', '+1623418231412', '12412414', 'chandigarh', '30.92342340', '76.23423524', 100, 1655437331, 1655437331, '2022-06-17 03:42:11', '2022-06-17 03:42:11'),
(8, 42, 4, 1, 'Rajit Rana', 'rajitrana1994@gmail.com', '7696789912', '85658', 'California Academy of Sciences', '37.76986460', '-122.46609470', 420, 1655460248, 1655460248, '2022-06-17 10:04:07', '2022-06-17 10:04:07');

-- --------------------------------------------------------

--
-- Table structure for table `reviews`
--

CREATE TABLE `reviews` (
  `id` int(11) NOT NULL,
  `userId` int(11) NOT NULL,
  `toUserId` int(11) NOT NULL,
  `rating` int(11) NOT NULL,
  `review` text NOT NULL,
  `created` int(11) NOT NULL,
  `updated` int(11) NOT NULL,
  `createdAt` timestamp NOT NULL DEFAULT CURRENT_TIMESTAMP,
  `updatedAt` datetime NOT NULL DEFAULT CURRENT_TIMESTAMP ON UPDATE CURRENT_TIMESTAMP
) ENGINE=InnoDB DEFAULT CHARSET=latin1;

--
-- Dumping data for table `reviews`
--

INSERT INTO `reviews` (`id`, `userId`, `toUserId`, `rating`, `review`, `created`, `updated`, `createdAt`, `updatedAt`) VALUES
(1, 46, 60, 4, 'Good Salon for Hair cut', 1663053869, 1663053869, '2022-09-13 07:24:29', '2022-09-13 12:54:29'),
(2, 46, 60, 5, 'Great body massage by salon', 1663053869, 1663053869, '2022-09-13 07:24:29', '2022-09-13 12:54:29'),
(3, 46, 65, 3, 'nice hair cut by the hairstylist', 1663053869, 1663053869, '2022-09-13 07:24:29', '2022-09-13 12:54:29'),
(4, 46, 65, 5, 'Awesome hair cut by the hairstylist', 1663053869, 1663053869, '2022-09-13 07:24:29', '2022-09-13 12:54:29');

-- --------------------------------------------------------

--
-- Table structure for table `salonDetail`
--

CREATE TABLE `salonDetail` (
  `id` int(11) NOT NULL,
  `userId` int(11) NOT NULL,
  `stepsCompleted` tinyint(4) NOT NULL COMMENT '1=>signup,\r\n2=>addSalonDetail,\r\n3=>addSalonTimings,\r\n4=>addSalonServices,\r\n5=>addSalonStylist',
  `name` varchar(100) COLLATE utf8mb4_unicode_ci NOT NULL,
  `image` varchar(100) COLLATE utf8mb4_unicode_ci NOT NULL,
  `salonName` varchar(100) COLLATE utf8mb4_unicode_ci NOT NULL,
  `salonDescription` text COLLATE utf8mb4_unicode_ci NOT NULL,
  `salonCountryCode` varchar(5) COLLATE utf8mb4_unicode_ci NOT NULL,
  `salonPhone` varchar(15) COLLATE utf8mb4_unicode_ci NOT NULL,
  `salonCountryCodePhone` varchar(20) COLLATE utf8mb4_unicode_ci NOT NULL,
  `latitude` decimal(10,8) NOT NULL,
  `longitude` decimal(11,8) NOT NULL,
  `location` varchar(255) COLLATE utf8mb4_unicode_ci NOT NULL,
  `created` int(11) NOT NULL,
  `updated` int(11) NOT NULL,
  `createdAt` timestamp NOT NULL DEFAULT CURRENT_TIMESTAMP,
  `updatedAt` timestamp NOT NULL DEFAULT CURRENT_TIMESTAMP ON UPDATE CURRENT_TIMESTAMP
) ENGINE=InnoDB DEFAULT CHARSET=utf8mb4 COLLATE=utf8mb4_unicode_ci;

--
-- Dumping data for table `salonDetail`
--

INSERT INTO `salonDetail` (`id`, `userId`, `stepsCompleted`, `name`, `image`, `salonName`, `salonDescription`, `salonCountryCode`, `salonPhone`, `salonCountryCodePhone`, `latitude`, `longitude`, `location`, `created`, `updated`, `createdAt`, `updatedAt`) VALUES
(5, 60, 2, 'johndoe2', '1749d461-b3e3-4793-8285-5b1ec2cbbb36.jpeg', 'Bombay Saloon Shop', 'This is Bombay Saloon Shop', '91', '981245151521', '91981245151521', '31.92352935', '77.93581350', 'Kharar', 1661557648, 1662889509, '2022-08-26 23:47:28', '2022-09-11 09:45:09'),
(8, 68, 5, 'Mahesh', '9d290a5a-7ed3-4b5d-8b26-6a3269f40732.jpg', 'Test Salon', 'test test test test', '91', '8791683678', '918791683678', '29.83746190', '77.89246080', 'Defence Colony, Roorkee, Uttarakhand', 1661942874, 1663686171, '2022-08-31 10:47:54', '2022-09-20 15:09:16'),
(9, 74, 1, 'Mixalis', '', '', '', '', '', '', '35.18556590', '33.38227640', 'Nicosia, Nicosia, Nicosia', 1662630867, 1662630867, '2022-09-08 09:54:27', '2022-09-08 09:54:27'),
(10, 75, 1, 'Dhdhhdhd', '', '', '', '', '', '', '23.41620270', '25.66283000', 'Sahara Desert,', 1662630962, 1662630962, '2022-09-08 09:56:01', '2022-09-08 09:56:01'),
(11, 76, 5, 'Gglove', '', 'Dhdhdhe', 'dudhehe', '91', '9894646611', '919894646611', '21.16190800', '-86.85152790', 'Cancún, Cancún, Quintana Roo', 1662633684, 1662633873, '2022-09-08 10:41:23', '2022-09-08 10:44:51'),
(12, 79, 5, 'Hollywood Salon', '3c005d38-c6f5-43d2-ad05-1c894ae511a5.png', 'Hollywood Salon', 'Testing the app and web site for', '91', '556658999', '91556658999', '30.70943950', '76.69522840', 'Mohali Tower, Sahibzada Ajit Singh Nagar, Punjab', 1662882312, 1662882743, '2022-09-11 07:45:12', '2022-09-11 07:53:47');

-- --------------------------------------------------------

--
-- Table structure for table `salonImages`
--

CREATE TABLE `salonImages` (
  `id` int(11) NOT NULL,
  `userId` int(11) NOT NULL,
  `image` varchar(100) COLLATE utf8mb4_unicode_ci NOT NULL,
  `created` int(11) NOT NULL,
  `updated` int(11) NOT NULL,
  `createdAt` timestamp NOT NULL DEFAULT CURRENT_TIMESTAMP,
  `updatedAt` timestamp NOT NULL DEFAULT CURRENT_TIMESTAMP ON UPDATE CURRENT_TIMESTAMP
) ENGINE=InnoDB DEFAULT CHARSET=utf8mb4 COLLATE=utf8mb4_unicode_ci;

--
-- Dumping data for table `salonImages`
--

INSERT INTO `salonImages` (`id`, `userId`, `image`, `created`, `updated`, `createdAt`, `updatedAt`) VALUES
(1, 53, '56723e7b-4c73-4c3d-9db2-cb40912e4d9f.jpeg', 1661549462, 1661549462, '2022-08-26 21:31:02', '2022-08-26 21:31:02'),
(2, 53, 'e35439ab-f35c-4b9b-b57e-d63ab78b027e.jpeg', 1661549481, 1661549481, '2022-08-26 21:31:20', '2022-08-26 21:31:20'),
(3, 53, '00a833a4-5c29-4b82-8a60-13d27453289e.jpeg', 1661549498, 1661549498, '2022-08-26 21:31:38', '2022-08-26 21:31:38'),
(4, 53, '21f9e565-bbf9-4ab5-9acf-f832a5c13878.jpeg', 1661549498, 1661549498, '2022-08-26 21:31:38', '2022-08-26 21:31:38'),
(5, 53, '36ff8697-48ba-4272-be7a-7aff9b66a6af.jpeg', 1661549809, 1661549809, '2022-08-26 21:36:49', '2022-08-26 21:36:49'),
(6, 53, 'f63e1a54-d516-4fed-adf5-3a4f1b4edbc5.jpeg', 1661549809, 1661549809, '2022-08-26 21:36:49', '2022-08-26 21:36:49'),
(7, 53, 'ddc7516c-0ccf-4ca5-b940-fab6af20ad3b.jpeg', 1661550397, 1661550397, '2022-08-26 21:46:37', '2022-08-26 21:46:37'),
(8, 53, '34225ed7-960e-4535-a1e2-69b037441155.jpeg', 1661550397, 1661550397, '2022-08-26 21:46:37', '2022-08-26 21:46:37'),
(10, 60, '9d659c5b-223f-47cf-8ec8-2a0085603035.jpeg', 1661557654, 1661557654, '2022-08-26 23:47:34', '2022-08-26 23:47:34'),
(11, 60, 'cda40202-a669-4b3d-8a23-c483ce0a98b5.jpeg', 1662815392, 1662815392, '2022-09-10 13:09:52', '2022-09-10 13:09:52'),
(12, 79, 'a961c74e-dc71-4a74-9ec4-12d0b94c7d5e.png', 1662882664, 1662882664, '2022-09-11 07:51:03', '2022-09-11 07:51:03'),
(14, 68, '50fce648-f1e2-42e8-b4a0-90769fdf7636.jpeg', 1662954092, 1662954092, '2022-09-12 03:41:32', '2022-09-12 03:41:32'),
(16, 68, '0ef6f9e7-99bb-4352-a426-ff6144d7f85d.jpg', 1662979185, 1662979185, '2022-09-12 10:39:44', '2022-09-12 10:39:44'),
(19, 68, 'bced62ca-2b01-47c7-a7f4-efd69f66c4d2.jpg', 1663085173, 1663085173, '2022-09-13 16:06:12', '2022-09-13 16:06:12'),
(20, 84, '236498e8-cd19-47cd-96c0-003b881daa24.jpeg', 1663481721, 1663481721, '2022-09-18 06:15:21', '2022-09-18 06:15:21'),
(21, 84, '38348d40-b58a-4f67-ba04-b47a1c73b885.jpeg', 1663481721, 1663481721, '2022-09-18 06:15:21', '2022-09-18 06:15:21'),
(22, 81, 'f369fb04-4f3a-44e9-a601-fc5605ed00b0.jpg', 1663508172, 1663508172, '2022-09-18 13:36:12', '2022-09-18 13:36:12'),
(24, 82, '6535ca3d-464d-4b02-a7fb-c9e6d26c61a1.jpg', 1663508624, 1663508624, '2022-09-18 13:43:44', '2022-09-18 13:43:44'),
(27, 84, '63fab078-f1ff-4983-ad50-0c8435469032.jpeg', 1663510065, 1663510065, '2022-09-18 14:07:44', '2022-09-18 14:07:44'),
(28, 84, 'd4ddfbfb-86d2-4001-b074-07baabbad5ce.jpeg', 1663510065, 1663510065, '2022-09-18 14:07:44', '2022-09-18 14:07:44'),
(29, 82, '89743b57-2afb-4ddf-aff3-923e8ac3aadc.jpg', 1663683885, 1663683885, '2022-09-20 14:24:44', '2022-09-20 14:24:44'),
(30, 82, '13478e72-518d-4f3b-88e4-8eb0b64afc7d.jpg', 1663683885, 1663683885, '2022-09-20 14:24:44', '2022-09-20 14:24:44');

-- --------------------------------------------------------

--
-- Table structure for table `salonServices`
--

CREATE TABLE `salonServices` (
  `id` int(11) NOT NULL,
  `status` tinyint(4) NOT NULL COMMENT '0=>inactive, 1=>active',
  `userId` int(11) NOT NULL,
  `serviceType` tinyint(4) NOT NULL COMMENT '1=>men, 2=>women, 3=>men&women',
  `serviceName` varchar(100) COLLATE utf8mb4_unicode_ci NOT NULL,
  `serviceDescription` text COLLATE utf8mb4_unicode_ci NOT NULL,
  `price` decimal(15,2) NOT NULL,
  `time` varchar(100) COLLATE utf8mb4_unicode_ci NOT NULL,
  `timeValue` smallint(6) NOT NULL,
  `created` int(11) NOT NULL,
  `updated` int(11) NOT NULL,
  `createdAt` timestamp NOT NULL DEFAULT CURRENT_TIMESTAMP,
  `updatedAt` timestamp NOT NULL DEFAULT CURRENT_TIMESTAMP ON UPDATE CURRENT_TIMESTAMP
) ENGINE=InnoDB DEFAULT CHARSET=utf8mb4 COLLATE=utf8mb4_unicode_ci;

--
-- Dumping data for table `salonServices`
--

INSERT INTO `salonServices` (`id`, `status`, `userId`, `serviceType`, `serviceName`, `serviceDescription`, `price`, `time`, `timeValue`, `created`, `updated`, `createdAt`, `updatedAt`) VALUES
(1, 1, 53, 1, 'Haircut', '', '200.00', '60 minutes', 60, 1661553423, 1661553423, '2022-08-26 22:37:02', '2022-09-18 12:58:43'),
(2, 1, 53, 1, 'Haircut & Beard', '', '300.00', '1 hour 30 minutes', 90, 1661553423, 1661553423, '2022-08-26 22:37:02', '2022-09-18 12:58:58'),
(3, 1, 60, 1, 'Haircut', '', '200.00', '60 minutes', 60, 1661557667, 1661557667, '2022-08-26 23:47:46', '2022-09-18 12:58:58'),
(4, 1, 60, 1, 'Haircut & Beard', '', '300.00', '1 hour 30 minutes', 90, 1661557667, 1661557667, '2022-08-26 23:47:46', '2022-09-18 12:58:58'),
(7, 1, 76, 1, 'Dhdisje', '', '35.00', '30 minutes', 0, 1662633873, 1662633873, '2022-09-08 10:44:33', '2022-09-18 12:58:58'),
(9, 1, 60, 1, 'Facial', 'Facial Pack', '40.00', '20 minutes', 20, 1662792111, 1662792111, '2022-09-10 06:41:50', '2022-09-18 12:58:58'),
(11, 1, 79, 1, 'Hair Cut', 'Testing', '12.00', '40 minutes', 40, 1662882743, 1662882743, '2022-09-11 07:52:23', '2022-09-11 07:52:23'),
(12, 1, 79, 1, 'Test', 'Testing ', '123.00', '30 minutes', 30, 1662882743, 1662882743, '2022-09-11 07:52:23', '2022-09-11 07:52:23'),
(13, 1, 68, 2, 'Stylist Service', 'Stylist test', '150.00', '30 minutes', 30, 1663686171, 1663686171, '2022-09-20 15:02:51', '2022-09-20 15:02:51');

-- --------------------------------------------------------

--
-- Table structure for table `salonStylistDetail`
--

CREATE TABLE `salonStylistDetail` (
  `id` int(11) NOT NULL,
  `userId` int(11) NOT NULL,
  `salonId` int(11) NOT NULL,
  `name` varchar(100) COLLATE utf8mb4_unicode_ci NOT NULL,
  `image` varchar(100) COLLATE utf8mb4_unicode_ci NOT NULL,
  `bio` text COLLATE utf8mb4_unicode_ci NOT NULL,
  `created` int(11) NOT NULL,
  `updated` int(11) NOT NULL,
  `createdAt` timestamp NOT NULL DEFAULT CURRENT_TIMESTAMP,
  `updatedAt` timestamp NOT NULL DEFAULT CURRENT_TIMESTAMP ON UPDATE CURRENT_TIMESTAMP
) ENGINE=InnoDB DEFAULT CHARSET=utf8mb4 COLLATE=utf8mb4_unicode_ci;

--
-- Dumping data for table `salonStylistDetail`
--

INSERT INTO `salonStylistDetail` (`id`, `userId`, `salonId`, `name`, `image`, `bio`, `created`, `updated`, `createdAt`, `updatedAt`) VALUES
(7, 65, 60, 'Andrew', '29528bc9-dc0e-4e1a-a5a1-7dadd7e1fd78.jpeg', '', 1661560789, 1661560789, '2022-08-27 00:39:48', '2022-08-27 00:39:48'),
(8, 71, 68, 'Doon Stylist', '21f466bc-76c6-4bc0-9422-a367d8292015.png', '', 1662006099, 1662006099, '2022-09-01 04:21:38', '2022-09-01 04:21:38'),
(9, 77, 76, 'Marios', '', '', 1662633891, 1662633891, '2022-09-08 10:44:51', '2022-09-08 10:44:51'),
(10, 78, 68, 'Dun Stylist', '', '', 1662787801, 1662787801, '2022-09-10 05:30:00', '2022-09-10 05:30:00'),
(11, 80, 79, 'Test', '5925d607-7ef5-455c-afae-0520b71f9719.png', '', 1662882827, 1662882827, '2022-09-11 07:53:47', '2022-09-11 07:53:47'),
(12, 81, 68, 'NEWSTYLIST', 'ffa7432f-7aa5-4b0a-b8ab-4c280d399625.png', '', 1663425941, 1663508172, '2022-09-17 14:45:41', '2022-09-18 13:36:12'),
(13, 82, 68, 'Test', '25e0df1b-28d8-44ae-8ee1-4f343cb0e614.png', '', 1663477918, 1663683902, '2022-09-18 05:11:57', '2022-09-20 14:25:01'),
(14, 84, 60, 'Antony', 'bccddcc8-cec3-4134-a773-7d83c9fb4ed4.jpeg', 'This is my updated bio', 1663481703, 1663510065, '2022-09-18 06:15:02', '2022-09-18 14:07:44'),
(15, 85, 68, 'New One', '', 'hshsj', 1663686557, 1663686557, '2022-09-20 15:09:16', '2022-09-20 15:09:16');

-- --------------------------------------------------------

--
-- Table structure for table `salonStylistServices`
--

CREATE TABLE `salonStylistServices` (
  `id` int(11) NOT NULL,
  `userId` int(11) NOT NULL,
  `salonStylistDetailId` int(11) NOT NULL,
  `salonServiceId` int(11) NOT NULL,
  `created` int(11) NOT NULL,
  `updated` int(11) NOT NULL,
  `createdAt` timestamp NOT NULL DEFAULT CURRENT_TIMESTAMP,
  `updatedAt` timestamp NOT NULL DEFAULT CURRENT_TIMESTAMP ON UPDATE CURRENT_TIMESTAMP
) ENGINE=InnoDB DEFAULT CHARSET=utf8mb4 COLLATE=utf8mb4_unicode_ci;

--
-- Dumping data for table `salonStylistServices`
--

INSERT INTO `salonStylistServices` (`id`, `userId`, `salonStylistDetailId`, `salonServiceId`, `created`, `updated`, `createdAt`, `updatedAt`) VALUES
(7, 65, 7, 3, 1661560789, 1661560789, '2022-08-27 00:39:48', '2022-08-27 00:39:48'),
(8, 65, 7, 4, 1661560789, 1661560789, '2022-08-27 00:39:48', '2022-08-27 00:39:48'),
(9, 71, 8, 6, 1662006099, 1662006099, '2022-09-01 04:21:38', '2022-09-01 04:21:38'),
(10, 71, 8, 5, 1662006099, 1662006099, '2022-09-01 04:21:38', '2022-09-01 04:21:38'),
(11, 77, 9, 7, 1662633891, 1662633891, '2022-09-08 10:44:51', '2022-09-08 10:44:51'),
(12, 78, 10, 8, 1662787801, 1662787801, '2022-09-10 05:30:00', '2022-09-10 05:30:00'),
(13, 80, 11, 12, 1662882827, 1662882827, '2022-09-11 07:53:47', '2022-09-11 07:53:47'),
(14, 80, 11, 11, 1662882827, 1662882827, '2022-09-11 07:53:47', '2022-09-11 07:53:47'),
(15, 81, 12, 10, 1663425942, 1663425942, '2022-09-17 14:45:41', '2022-09-17 14:45:41'),
(16, 82, 13, 8, 1663477918, 1663477918, '2022-09-18 05:11:57', '2022-09-18 05:11:57'),
(17, 84, 14, 3, 1663481703, 1663481703, '2022-09-18 06:15:02', '2022-09-18 06:15:02'),
(18, 84, 14, 9, 1663481703, 1663481703, '2022-09-18 06:15:02', '2022-09-18 06:15:02'),
(19, 84, 14, 4, 1663481703, 1663481703, '2022-09-18 06:15:02', '2022-09-18 06:15:02'),
(20, 85, 15, 13, 1663686557, 1663686557, '2022-09-20 15:09:16', '2022-09-20 15:09:16');

-- --------------------------------------------------------

--
-- Table structure for table `salonTimings`
--

CREATE TABLE `salonTimings` (
  `id` int(11) NOT NULL,
  `userId` int(11) NOT NULL,
  `dayId` tinyint(4) NOT NULL COMMENT '1=>sun, 2=>mon, 3=>tue, 4=>wed, 5=>thu, 6=>fri, 7=>sat',
  `day` varchar(10) COLLATE utf8mb4_unicode_ci NOT NULL,
  `startTime` varchar(20) COLLATE utf8mb4_unicode_ci NOT NULL,
  `endTime` varchar(20) COLLATE utf8mb4_unicode_ci NOT NULL,
  `isClosed` tinyint(4) NOT NULL COMMENT '0=>no 1=>yes',
  `created` int(11) NOT NULL,
  `updated` int(11) NOT NULL,
  `createdAt` timestamp NOT NULL DEFAULT CURRENT_TIMESTAMP,
  `updatedAt` timestamp NOT NULL DEFAULT CURRENT_TIMESTAMP ON UPDATE CURRENT_TIMESTAMP
) ENGINE=InnoDB DEFAULT CHARSET=utf8mb4 COLLATE=utf8mb4_unicode_ci;

--
-- Dumping data for table `salonTimings`
--

INSERT INTO `salonTimings` (`id`, `userId`, `dayId`, `day`, `startTime`, `endTime`, `isClosed`, `created`, `updated`, `createdAt`, `updatedAt`) VALUES
(23, 53, 1, 'sun', '10:00 AM', '8:00 PM', 1, 1661553339, 1661553339, '2022-08-26 22:35:39', '2022-08-26 22:35:39'),
(24, 53, 2, 'mon', '10:00 AM', '8:00 PM', 0, 1661553339, 1661553339, '2022-08-26 22:35:39', '2022-08-26 22:35:39'),
(25, 53, 3, 'tue', '10:00 AM', '8:00 PM', 0, 1661553339, 1661553339, '2022-08-26 22:35:39', '2022-08-26 22:35:39'),
(26, 53, 4, 'wed', '10:00 AM', '8:00 PM', 0, 1661553339, 1661553339, '2022-08-26 22:35:39', '2022-08-26 22:35:39'),
(27, 53, 5, 'thu', '10:00 AM', '8:00 PM', 0, 1661553339, 1661553339, '2022-08-26 22:35:39', '2022-08-26 22:35:39'),
(28, 53, 6, 'fri', '10:00 AM', '8:00 PM', 0, 1661553339, 1661553339, '2022-08-26 22:35:39', '2022-08-26 22:35:39'),
(29, 53, 7, 'sat', '10:00 AM', '8:00 PM', 1, 1661553339, 1661553339, '2022-08-26 22:35:39', '2022-08-26 22:35:39'),
(30, 60, 1, 'sun', '10:00 AM', '8:00 PM', 1, 1661557660, 1661557660, '2022-08-26 23:47:40', '2022-08-26 23:47:40'),
(31, 60, 2, 'mon', '11:00 AM', '09:00 PM', 1, 1661557660, 1662484574, '2022-08-26 23:47:40', '2022-09-06 17:16:13'),
(32, 60, 3, 'tue', '10:00 AM', '8:00 PM', 0, 1661557660, 1661557660, '2022-08-26 23:47:40', '2022-08-26 23:47:40'),
(33, 60, 4, 'wed', '10:00 AM', '8:00 PM', 0, 1661557660, 1661557660, '2022-08-26 23:47:40', '2022-08-26 23:47:40'),
(34, 60, 5, 'thu', '10:00 AM', '8:00 PM', 0, 1661557660, 1661557660, '2022-08-26 23:47:40', '2022-08-26 23:47:40'),
(35, 60, 6, 'fri', '10:00 AM', '8:00 PM', 0, 1661557660, 1661557660, '2022-08-26 23:47:40', '2022-08-26 23:47:40'),
(36, 60, 7, 'sat', '10:00 AM', '8:00 PM', 1, 1661557660, 1661557660, '2022-08-26 23:47:40', '2022-08-26 23:47:40'),
(37, 68, 1, 'sun', '10:00 am', '8:00 pm', 0, 1661952459, 1661952459, '2022-08-31 13:27:39', '2022-08-31 13:27:39'),
(38, 68, 2, 'mon', '09:00 am', '08:00 pm', 0, 1661952459, 1662973798, '2022-08-31 13:27:39', '2022-09-12 09:09:57'),
(39, 68, 3, 'tue', '10:00 am', '8:00 pm', 0, 1661952459, 1661952459, '2022-08-31 13:27:39', '2022-08-31 13:27:39'),
(40, 68, 4, 'wed', '10:00 am', '8:00 pm', 0, 1661952459, 1661952459, '2022-08-31 13:27:39', '2022-08-31 13:27:39'),
(41, 68, 5, 'thu', '09:00 am', '08:00 pm', 0, 1661952459, 1661952459, '2022-08-31 13:27:39', '2022-08-31 13:27:39'),
(42, 68, 6, 'fri', '10:00 am', '8:00 pm', 0, 1661952459, 1661952459, '2022-08-31 13:27:39', '2022-08-31 13:27:39'),
(43, 68, 7, 'sat', '10:00 am', '08:00 pm', 1, 1661952459, 1661952459, '2022-08-31 13:27:39', '2022-08-31 13:27:39'),
(44, 76, 1, 'sun', '10:01 am', '06:01 pm', 0, 1662633814, 1662633814, '2022-09-08 10:43:33', '2022-09-08 10:43:33'),
(45, 76, 2, 'mon', '10:00 am', '8:00 pm', 0, 1662633814, 1662633814, '2022-09-08 10:43:33', '2022-09-08 10:43:33'),
(46, 76, 3, 'tue', '10:00 am', '8:00 pm', 0, 1662633814, 1662633814, '2022-09-08 10:43:33', '2022-09-08 10:43:33'),
(47, 76, 4, 'wed', '10:00 am', '8:00 pm', 0, 1662633814, 1662633814, '2022-09-08 10:43:33', '2022-09-08 10:43:33'),
(48, 76, 5, 'thu', '10:00 am', '08:00 pm', 1, 1662633814, 1662633814, '2022-09-08 10:43:33', '2022-09-08 10:43:33'),
(49, 76, 6, 'fri', '10:00 am', '8:00 pm', 0, 1662633814, 1662633814, '2022-09-08 10:43:33', '2022-09-08 10:43:33'),
(50, 76, 7, 'sat', '10:00 am', '08:00 pm', 1, 1662633814, 1662633814, '2022-09-08 10:43:33', '2022-09-08 10:43:33'),
(51, 79, 1, 'sun', '10:00 am', '8:00 pm', 0, 1662882685, 1662882685, '2022-09-11 07:51:25', '2022-09-11 07:51:25'),
(52, 79, 2, 'mon', '10:00 am', '8:00 pm', 0, 1662882685, 1662882685, '2022-09-11 07:51:25', '2022-09-11 07:51:25'),
(53, 79, 3, 'tue', '10:00 am', '8:00 pm', 0, 1662882685, 1662882685, '2022-09-11 07:51:25', '2022-09-11 07:51:25'),
(54, 79, 4, 'wed', '10:00 am', '8:00 pm', 0, 1662882685, 1662882685, '2022-09-11 07:51:25', '2022-09-11 07:51:25'),
(55, 79, 5, 'thu', '10:00 am', '8:00 pm', 0, 1662882685, 1662882685, '2022-09-11 07:51:25', '2022-09-11 07:51:25'),
(56, 79, 6, 'fri', '10:00 am', '8:00 pm', 0, 1662882685, 1662882685, '2022-09-11 07:51:25', '2022-09-11 07:51:25'),
(57, 79, 7, 'sat', '10:00 am', '8:00 pm', 0, 1662882685, 1662882685, '2022-09-11 07:51:25', '2022-09-11 07:51:25');

-- --------------------------------------------------------

--
-- Table structure for table `setting`
--

CREATE TABLE `setting` (
  `id` int(11) NOT NULL,
  `name` varchar(100) COLLATE utf8mb4_unicode_ci NOT NULL,
  `value` varchar(255) COLLATE utf8mb4_unicode_ci NOT NULL,
  `comment` varchar(255) COLLATE utf8mb4_unicode_ci NOT NULL,
  `created` int(11) NOT NULL,
  `updated` int(11) NOT NULL,
  `createdAt` timestamp NOT NULL DEFAULT CURRENT_TIMESTAMP,
  `updatedAt` timestamp NOT NULL DEFAULT CURRENT_TIMESTAMP ON UPDATE CURRENT_TIMESTAMP
) ENGINE=InnoDB DEFAULT CHARSET=utf8mb4 COLLATE=utf8mb4_unicode_ci;

--
-- Dumping data for table `setting`
--

INSERT INTO `setting` (`id`, `name`, `value`, `comment`, `created`, `updated`, `createdAt`, `updatedAt`) VALUES
(1, 'maximum_site_commission', '1', 'USD', 1592274435, 1592274435, '2020-06-16 02:27:15', '2020-06-26 06:54:31'),
(2, 'global_delivery_charge_for_seller', '2', 'USD', 1592274435, 1592274435, '2020-06-16 02:27:15', '2020-09-21 11:29:44'),
(3, 'global_delivery_charge_for_delivery_staff', '3', 'USD', 1592274435, 1592274435, '2020-06-16 02:27:15', '2020-06-26 06:54:31'),
(4, 'enable_disable_referral_system', '1', '0=>disabled 1=>enabled', 1592274435, 1592274435, '2020-06-16 02:27:15', '2021-06-29 09:41:54'),
(5, 'referral_reward_points_for_drivers', '1..g', 'number', 1592274435, 1592274435, '2020-06-16 02:27:15', '2020-09-21 11:22:08'),
(6, 'referral_signup_bonus_for_drivers', '2', 'number', 1592274435, 1592274435, '2020-06-16 02:27:15', '2020-06-26 07:03:35'),
(7, 'enable_disable_promo_code', '1', '0=>disabled 1=>enabled', 1592274435, 1592274435, '2020-06-16 02:27:15', '2020-09-21 11:22:00'),
(8, 'promo_code', 'XJKSDS923S', 'promo code text', 1592274435, 1592274435, '2020-06-16 02:27:15', '2020-06-16 02:36:37'),
(9, 'apply_on_category', '1', '0=>no 1=>yes', 1592274435, 1592274435, '2020-06-16 02:27:15', '2020-09-21 11:22:29'),
(11, 'promo_code_discount_value', '200grdhbtrhth', 'in %', 1592274435, 1592274435, '2020-06-16 02:27:15', '2020-09-21 11:22:33'),
(12, 'duration_of_promo_code', '201', '', 1592274435, 1592274435, '2020-06-16 02:27:15', '2020-06-23 11:19:33'),
(13, 'notification_email', 'test@gmail.com', 'email for notification and updates', 1592274435, 1592274435, '2020-06-16 02:27:15', '2020-06-23 11:20:04'),
(14, 'tax_category', 'GST', '', 1592274435, 1592274435, '2020-06-16 02:27:15', '2020-08-26 08:07:51'),
(15, 'tax_percentage', '10', 'in %', 1592274435, 1592274435, '2020-06-16 02:27:15', '2020-08-26 08:07:51');

-- --------------------------------------------------------

--
-- Table structure for table `shopCategory`
--

CREATE TABLE `shopCategory` (
  `id` int(11) NOT NULL,
  `status` tinyint(4) NOT NULL COMMENT '0=>inactive 1=>active',
  `vendorId` int(11) NOT NULL,
  `name` varchar(100) COLLATE utf8mb4_unicode_ci NOT NULL,
  `image` varchar(255) COLLATE utf8mb4_unicode_ci NOT NULL,
  `created` int(11) NOT NULL,
  `updated` int(11) NOT NULL,
  `createdAt` timestamp NOT NULL DEFAULT CURRENT_TIMESTAMP,
  `updatedAt` timestamp NOT NULL DEFAULT CURRENT_TIMESTAMP ON UPDATE CURRENT_TIMESTAMP
) ENGINE=InnoDB DEFAULT CHARSET=utf8mb4 COLLATE=utf8mb4_unicode_ci;

--
-- Dumping data for table `shopCategory`
--

INSERT INTO `shopCategory` (`id`, `status`, `vendorId`, `name`, `image`, `created`, `updated`, `createdAt`, `updatedAt`) VALUES
(1, 1, 0, 'Groceries', '', 1596541378, 1596541378, '2020-08-04 11:42:57', '2020-08-04 11:42:57'),
(2, 1, 0, 'Electronics', '6cdfd83f-a93f-4f82-ae29-c92e7214ed31.png', 1598428812, 1624951562, '2020-08-26 08:00:11', '2021-09-08 07:11:40'),
(9, 1, 0, 'hello', '', 1601009518, 1601009518, '2020-09-25 04:51:58', '2020-09-25 04:51:58'),
(10, 1, 0, 'cql new', '4df3d883-cb0d-4c8e-b985-7dd3e6e5967b.jpg', 1624953917, 1624953948, '2021-06-29 08:05:17', '2021-06-29 08:05:48');

-- --------------------------------------------------------

--
-- Table structure for table `siteComission`
--

CREATE TABLE `siteComission` (
  `id` int(11) NOT NULL,
  `minimum` int(11) NOT NULL,
  `maximum` int(11) NOT NULL,
  `comission` decimal(7,2) NOT NULL,
  `created` int(11) NOT NULL,
  `updated` int(11) NOT NULL,
  `createdAt` timestamp NOT NULL DEFAULT CURRENT_TIMESTAMP,
  `updatedAt` timestamp NOT NULL DEFAULT CURRENT_TIMESTAMP ON UPDATE CURRENT_TIMESTAMP
) ENGINE=InnoDB DEFAULT CHARSET=utf8mb4 COLLATE=utf8mb4_unicode_ci;

--
-- Dumping data for table `siteComission`
--

INSERT INTO `siteComission` (`id`, `minimum`, `maximum`, `comission`, `created`, `updated`, `createdAt`, `updatedAt`) VALUES
(1, 0, 1, '5.00', 1628774602, 1628774602, '2021-08-12 13:23:21', '2021-08-12 13:23:21');

-- --------------------------------------------------------

--
-- Table structure for table `subAdminDetail`
--

CREATE TABLE `subAdminDetail` (
  `id` int(11) NOT NULL,
  `userId` int(11) NOT NULL,
  `name` varchar(100) COLLATE utf8mb4_unicode_ci NOT NULL,
  `phone` varchar(15) COLLATE utf8mb4_unicode_ci NOT NULL,
  `image` varchar(100) COLLATE utf8mb4_unicode_ci NOT NULL,
  `permissions` text COLLATE utf8mb4_unicode_ci NOT NULL,
  `created` int(11) NOT NULL,
  `updated` int(11) NOT NULL,
  `createdAt` timestamp NOT NULL DEFAULT CURRENT_TIMESTAMP,
  `updatedAt` timestamp NOT NULL DEFAULT CURRENT_TIMESTAMP ON UPDATE CURRENT_TIMESTAMP
) ENGINE=InnoDB DEFAULT CHARSET=utf8mb4 COLLATE=utf8mb4_unicode_ci;

-- --------------------------------------------------------

--
-- Table structure for table `subCategory`
--

CREATE TABLE `subCategory` (
  `id` int(11) NOT NULL,
  `status` tinyint(4) NOT NULL COMMENT '0=>inactive 1=>active',
  `vendorId` int(11) NOT NULL,
  `categoryId` int(11) NOT NULL,
  `name` varchar(100) COLLATE utf8mb4_unicode_ci NOT NULL,
  `created` int(11) NOT NULL,
  `updated` int(11) NOT NULL,
  `createdAt` timestamp NOT NULL DEFAULT CURRENT_TIMESTAMP,
  `updatedAt` timestamp NOT NULL DEFAULT CURRENT_TIMESTAMP ON UPDATE CURRENT_TIMESTAMP
) ENGINE=InnoDB DEFAULT CHARSET=utf8mb4 COLLATE=utf8mb4_unicode_ci;

--
-- Dumping data for table `subCategory`
--

INSERT INTO `subCategory` (`id`, `status`, `vendorId`, `categoryId`, `name`, `created`, `updated`, `createdAt`, `updatedAt`) VALUES
(2, 1, 42, 3, 'Samsung', 1594028832, 1594028832, '2020-07-06 09:47:11', '2020-07-06 09:47:11'),
(3, 1, 42, 7, 'Pro', 1594032044, 1594032044, '2020-07-06 10:40:44', '2020-07-06 10:40:44'),
(4, 1, 50, 32, 'NEw Sub Cat', 1594035920, 1594035920, '2020-07-06 11:45:19', '2020-07-06 11:45:19'),
(5, 1, 50, 27, 'dfgdf', 1594036003, 1594036138, '2020-07-06 11:46:43', '2020-07-06 11:48:58'),
(6, 1, 50, 33, 'New Sub CAt', 1594036512, 1594036512, '2020-07-06 11:55:11', '2020-07-06 11:55:11'),
(7, 1, 42, 34, 'Hardware', 1594038704, 1594038704, '2020-07-06 12:31:44', '2020-07-06 12:31:44');

-- --------------------------------------------------------

--
-- Table structure for table `subscription`
--

CREATE TABLE `subscription` (
  `id` int(11) NOT NULL,
  `status` int(11) NOT NULL,
  `amount` int(11) NOT NULL,
  `type` int(11) NOT NULL COMMENT '1=>month,2=>yearly',
  `item` int(11) NOT NULL,
  `employes` int(11) NOT NULL,
  `created_at` timestamp NOT NULL DEFAULT CURRENT_TIMESTAMP,
  `updated_at` timestamp NOT NULL DEFAULT CURRENT_TIMESTAMP ON UPDATE CURRENT_TIMESTAMP
) ENGINE=InnoDB DEFAULT CHARSET=latin1;

--
-- Dumping data for table `subscription`
--

INSERT INTO `subscription` (`id`, `status`, `amount`, `type`, `item`, `employes`, `created_at`, `updated_at`) VALUES
(1, 1, 100, 1, 100, 2, '2021-02-18 11:28:02', '2021-02-18 11:47:06');

-- --------------------------------------------------------

--
-- Table structure for table `taxCategory`
--

CREATE TABLE `taxCategory` (
  `id` int(11) NOT NULL,
  `status` tinyint(4) NOT NULL COMMENT '0=>inactive 1=>adctive',
  `vendorId` int(11) NOT NULL,
  `taxCategory` varchar(100) COLLATE utf8mb4_unicode_ci NOT NULL,
  `taxInPercent` int(11) NOT NULL COMMENT '0=>no 1=>yes	',
  `taxValue` smallint(6) NOT NULL,
  `created` int(11) NOT NULL,
  `updated` int(11) NOT NULL,
  `createdAt` timestamp NOT NULL DEFAULT CURRENT_TIMESTAMP,
  `updatedAt` timestamp NOT NULL DEFAULT CURRENT_TIMESTAMP ON UPDATE CURRENT_TIMESTAMP
) ENGINE=InnoDB DEFAULT CHARSET=utf8mb4 COLLATE=utf8mb4_unicode_ci;

--
-- Dumping data for table `taxCategory`
--

INSERT INTO `taxCategory` (`id`, `status`, `vendorId`, `taxCategory`, `taxInPercent`, `taxValue`, `created`, `updated`, `createdAt`, `updatedAt`) VALUES
(1, 1, 0, 'GST', 1, 10, 1600687380, 1628774555, '2020-09-21 11:22:59', '2021-08-13 02:40:11');

-- --------------------------------------------------------

--
-- Table structure for table `tournament`
--

CREATE TABLE `tournament` (
  `id` int(11) NOT NULL,
  `status` tinyint(4) NOT NULL COMMENT '0=>inactive, 1=>active',
  `courtId` int(11) NOT NULL,
  `tournamentName` varchar(255) COLLATE utf8mb4_unicode_ci NOT NULL,
  `startDate` varchar(40) COLLATE utf8mb4_unicode_ci NOT NULL,
  `startTime` varchar(40) COLLATE utf8mb4_unicode_ci NOT NULL,
  `duration` smallint(6) NOT NULL,
  `numberOfTeams` smallint(6) NOT NULL,
  `created` int(11) NOT NULL,
  `updated` int(11) NOT NULL,
  `createdAt` timestamp NOT NULL DEFAULT CURRENT_TIMESTAMP,
  `updatedAt` timestamp NOT NULL DEFAULT CURRENT_TIMESTAMP ON UPDATE CURRENT_TIMESTAMP
) ENGINE=InnoDB DEFAULT CHARSET=utf8mb4 COLLATE=utf8mb4_unicode_ci;

--
-- Dumping data for table `tournament`
--

INSERT INTO `tournament` (`id`, `status`, `courtId`, `tournamentName`, `startDate`, `startTime`, `duration`, `numberOfTeams`, `created`, `updated`, `createdAt`, `updatedAt`) VALUES
(1, 1, 1, 'test', '2022-06-07', '7:15 PM', 3, 2, 1654436582, 1654436694, '2022-06-05 13:43:01', '2022-06-05 13:44:54');

-- --------------------------------------------------------

--
-- Table structure for table `user`
--

CREATE TABLE `user` (
  `id` int(11) NOT NULL,
  `role` tinyint(4) NOT NULL COMMENT '0=>admin\r\n1=>user\r\n2=>salonShop\r\n3=>salonEmployee',
  `verified` tinyint(4) NOT NULL COMMENT '0=>no 1=>yes',
  `status` tinyint(4) NOT NULL COMMENT '0=>inactive 1=>active',
  `username` varchar(100) COLLATE utf8mb4_unicode_ci NOT NULL,
  `email` varchar(100) COLLATE utf8mb4_unicode_ci NOT NULL,
  `password` varchar(100) COLLATE utf8mb4_unicode_ci NOT NULL,
  `countryCode` varchar(5) COLLATE utf8mb4_unicode_ci NOT NULL,
  `phone` varchar(15) COLLATE utf8mb4_unicode_ci NOT NULL,
  `countryCodePhone` varchar(20) COLLATE utf8mb4_unicode_ci NOT NULL,
  `forgotPasswordHash` varchar(100) COLLATE utf8mb4_unicode_ci NOT NULL,
  `facebookId` varchar(255) COLLATE utf8mb4_unicode_ci NOT NULL,
  `googleId` varchar(255) COLLATE utf8mb4_unicode_ci NOT NULL,
  `otp` smallint(6) NOT NULL,
  `deviceToken` varchar(255) COLLATE utf8mb4_unicode_ci NOT NULL,
  `deviceType` tinyint(4) NOT NULL COMMENT '0=>android, 1=>ios',
  `iat` int(11) NOT NULL,
  `created` int(11) NOT NULL,
  `updated` int(11) NOT NULL,
  `createdAt` timestamp NOT NULL DEFAULT CURRENT_TIMESTAMP,
  `updatedAt` timestamp NOT NULL DEFAULT CURRENT_TIMESTAMP ON UPDATE CURRENT_TIMESTAMP
) ENGINE=InnoDB DEFAULT CHARSET=utf8mb4 COLLATE=utf8mb4_unicode_ci;

--
-- Dumping data for table `user`
--

INSERT INTO `user` (`id`, `role`, `verified`, `status`, `username`, `email`, `password`, `countryCode`, `phone`, `countryCodePhone`, `forgotPasswordHash`, `facebookId`, `googleId`, `otp`, `deviceToken`, `deviceType`, `iat`, `created`, `updated`, `createdAt`, `updatedAt`) VALUES
(1, 0, 1, 1, 'admin', 'admin@admin.com', '$2y$10$K58LTXf.5JakjdW0JIXKWeAf5IGge5PiYb54LY1G5sy2Q2f3hWDTW', '', '', '', '', '', '', 0, '', 0, 0, 0, 1654762671, '2022-05-01 16:54:26', '2022-06-09 08:17:50'),
(46, 1, 0, 1, '', 'johndoe@yopmail.com', '$2y$10$Gy1lZ4BRc3mUXYoKePe/MeBbfrtSi80fcQ.jkd4hUvkBbzR62/4za', '91', '98234112311', '', '', '', '', 1111, 'lsdakfjalsdjf023942034', 1, 1663311435, 1661531295, 1663311435, '2022-08-26 16:28:14', '2022-09-16 06:57:15'),
(60, 2, 0, 1, '', 'bombaysalon@yopmail.com', '$2y$10$HdtlRz0GD/oCWzLIjHY4bOwcp/pskESarnjQQ7UB1qQvuH1Yw8G0i', '91', '982341114214', '91982341114214', '', '', '', 1111, 'lsdakfjalsdjf023942034', 1, 1663481160, 1661557648, 1663481161, '2022-08-26 23:47:28', '2022-09-18 06:06:00'),
(65, 3, 0, 1, '', 'andrew@yopmail.com', '', '91', '9412423525', '', '', '', '', 0, '', 0, 0, 1661560789, 1661560789, '2022-08-27 00:39:48', '2022-08-27 00:39:48'),
(66, 1, 0, 1, '', 'rajitrana1994@gmail.com', '$2y$10$jvr1edqbeRTl9.DXfl3Ha.uOHrw.TmgcKXgicX5Z7PKVdvGwTPzu2', '91', '7888644437', '917888644437', '', '', '', 1111, '', 0, 1663057415, 1661920985, 1663057416, '2022-08-31 04:43:04', '2022-09-13 08:23:35'),
(67, 1, 0, 1, '', 'deepakuniyal835@gmail.com', '$2y$10$8QipJ6cI880.cayUfemgROgNi1vc49jy2b30e6DzDTt6uDTTfVQfq', '91', '8791683670', '918791683670', '', '', '', 1111, 'device_token', 0, 1661942801, 1661942802, 1661942802, '2022-08-31 10:46:41', '2022-08-31 10:46:41'),
(68, 2, 0, 1, '', 'maheshwaruniyal835@gmail.com', '$2y$10$xkG1nppW8CIEGA9AK5UkRusb/MWGt4B9kJpwwN2mOYF0/Kcytv8Be', '91', '9149090171', '919149090171', '', '', '', 1111, '', 0, 1663503737, 1661942874, 1663686171, '2022-08-31 10:47:54', '2022-09-20 15:02:51'),
(69, 1, 0, 1, '', 'johndoe2@yopmail.com', '$2y$10$xm2KPyv440QiPR9j7ZKSHeHKjgfI64zgmuOaRxcXdYWr71bAh4bO.', '91', '98234112312', '9198234112312', '', '', '', 1111, 'lkjsadfahsdfkjashdfiasuhfiawuefh124124124asd', 0, 1661956095, 1661956095, 1661956095, '2022-08-31 14:28:15', '2022-08-31 14:28:15'),
(70, 1, 0, 1, '', 'johndoe3@yopmail.com', '$2y$10$c1uPs69ECZ/d6Ef.5XqUQuMBWyrd6Ks0uiHAmEwU9.qNKQFW9Zg6K', '91', '98234112313', '9198234112313', '', '', '', 1111, 'lkjsadfahsdfkjashdfiasuhfiawuefh124124124asd', 0, 1661959708, 1661959708, 1661959708, '2022-08-31 15:28:28', '2022-08-31 15:28:28'),
(71, 3, 0, 1, '', 'doon@gmail.com', '', '91', '8791683678', '', '', '', '', 0, '', 0, 0, 1662006099, 1662006099, '2022-09-01 04:21:38', '2022-09-01 04:21:38'),
(72, 1, 0, 1, '', 'chris@christodoulou.com.cy', '$2y$10$G68oJecDS6r8QjAP1Gq5bui4gmOq1P/krdsVN52unhtMct4MnEJwC', '91', '3599985911', '913599985911', '', '', '', 1111, 'device_token', 0, 1662630302, 1662630303, 1662630303, '2022-09-08 09:45:02', '2022-09-08 09:45:02'),
(73, 1, 0, 1, '', 'christodoulos@christodoulou.com.cy', '$2y$10$Y0ZM6e8VZqUBMfAT7i51WuE9HuhRp0BtnmXIfkS.dkDYNWDnhrWzW', '91', '3579959896', '913579959896', '', '', '', 1111, '', 0, 1662630638, 1662630623, 1662630639, '2022-09-08 09:50:23', '2022-09-08 09:50:38'),
(74, 2, 0, 1, '', 'mixalis@gmail.com', '$2y$10$6hwunR0GfSlcpS49n2DcIuIqo5bRpD.5Kuc25Vpe4ynFOflk4mZi2', '91', '3579659491', '913579659491', '', '', '', 1111, 'device_token', 0, 1662630867, 1662630867, 1662630867, '2022-09-08 09:54:27', '2022-09-08 09:54:27'),
(75, 2, 0, 1, '', 'jdhdhdhdhd@xxxndj.com', '$2y$10$vlzyIwVnZtBbic.ZXFQ3KeiCB1A7P2wul6NueK1IPEXWP1MPgOb7O', '91', '9989464518', '919989464518', '', '', '', 1111, 'device_token', 0, 1662630961, 1662630962, 1662630962, '2022-09-08 09:56:01', '2022-09-08 09:56:01'),
(76, 2, 0, 1, '', 'gglove@gmail.com', '$2y$10$0vYKzIoIKUh13qBJQMiC6epLuyR2CFKLDb134.u1LvY8GTdgzMop6', '91', '3579452528', '913579452528', '', '', '', 1111, '', 0, 1662633750, 1662633684, 1662633873, '2022-09-08 10:41:23', '2022-09-08 10:44:33'),
(77, 3, 0, 1, '', 'marios@gmail.com', '', '91', '8946461984', '', '', '', '', 0, '', 0, 0, 1662633891, 1662633891, '2022-09-08 10:44:51', '2022-09-08 10:44:51'),
(78, 3, 0, 1, '', 'doon@stylist.com', '', '91', '9149090172', '', '', '', '', 0, '', 0, 0, 1662787801, 1662787801, '2022-09-10 05:30:00', '2022-09-10 05:30:00'),
(79, 2, 0, 1, '', 'contact.rajatrana@gmail.com', '$2y$10$ghSB/O5LlgoHrXU8HNPNteG7ZM33p4Vv.D3z/QrU.SdLWNx83ahSm', '1', '4649494949', '14649494949', '', '', '', 1111, '', 0, 1662883348, 1662882312, 1662883349, '2022-09-11 07:45:12', '2022-09-11 08:02:28'),
(80, 3, 0, 1, '', 'test@yopmail.com', '', '91', '56688999', '', '', '', '', 0, '', 0, 0, 1662882827, 1662882827, '2022-09-11 07:53:47', '2022-09-11 07:53:47'),
(81, 3, 0, 1, '', 'new@gmail.com', '', '91', '8791683679', '', '', '', '', 0, '', 0, 0, 1663425941, 1663508172, '2022-09-17 14:45:41', '2022-09-18 13:36:12'),
(82, 3, 0, 1, '', 'test@gmail.com', '', '91', '889965896', '91889965896', '', '', '', 0, '', 0, 0, 1663477918, 1663683902, '2022-09-18 05:11:57', '2022-09-20 14:25:01'),
(84, 3, 0, 1, '', 'antony@yopmail.com', '', '91', '94124235259', '9194124235259', '', '', '', 0, '', 0, 0, 1663481703, 1663510065, '2022-09-18 06:15:02', '2022-09-18 14:07:44'),
(85, 3, 0, 1, '', 'newone@gmail.com', '', '91', '8791683673', '918791683673', '', '', '', 0, '', 0, 0, 1663686557, 1663686557, '2022-09-20 15:09:16', '2022-09-20 15:09:16');

-- --------------------------------------------------------

--
-- Table structure for table `userAddress`
--

CREATE TABLE `userAddress` (
  `id` int(11) NOT NULL,
  `isDefault` tinyint(4) NOT NULL COMMENT '0=>no 1=>yes',
  `userId` int(11) NOT NULL,
  `address` varchar(255) COLLATE utf8mb4_unicode_ci NOT NULL,
  `latitude` decimal(10,8) NOT NULL,
  `longitude` decimal(11,8) NOT NULL,
  `name` varchar(100) COLLATE utf8mb4_unicode_ci NOT NULL,
  `countryCode` varchar(5) COLLATE utf8mb4_unicode_ci NOT NULL,
  `phone` varchar(20) COLLATE utf8mb4_unicode_ci NOT NULL,
  `created` int(11) NOT NULL,
  `updated` int(11) NOT NULL,
  `createdAt` timestamp NOT NULL DEFAULT CURRENT_TIMESTAMP,
  `updatedAt` timestamp NOT NULL DEFAULT CURRENT_TIMESTAMP ON UPDATE CURRENT_TIMESTAMP
) ENGINE=InnoDB DEFAULT CHARSET=utf8mb4 COLLATE=utf8mb4_unicode_ci;

-- --------------------------------------------------------

--
-- Table structure for table `userDeliveryAddress`
--

CREATE TABLE `userDeliveryAddress` (
  `id` int(11) NOT NULL,
  `userId` int(11) NOT NULL,
  `name` varchar(100) COLLATE utf8mb4_unicode_ci NOT NULL,
  `completeAddress` varchar(255) COLLATE utf8mb4_unicode_ci NOT NULL,
  `city` varchar(100) COLLATE utf8mb4_unicode_ci NOT NULL,
  `state` varchar(100) COLLATE utf8mb4_unicode_ci NOT NULL,
  `country` varchar(100) COLLATE utf8mb4_unicode_ci NOT NULL,
  `latitude` decimal(10,8) NOT NULL,
  `longitude` decimal(11,8) NOT NULL,
  `created` int(11) NOT NULL,
  `updated` int(11) NOT NULL,
  `createdAt` timestamp NOT NULL DEFAULT CURRENT_TIMESTAMP,
  `updatedAt` timestamp NOT NULL DEFAULT CURRENT_TIMESTAMP ON UPDATE CURRENT_TIMESTAMP
) ENGINE=InnoDB DEFAULT CHARSET=utf8mb4 COLLATE=utf8mb4_unicode_ci;

--
-- Dumping data for table `userDeliveryAddress`
--

INSERT INTO `userDeliveryAddress` (`id`, `userId`, `name`, `completeAddress`, `city`, `state`, `country`, `latitude`, `longitude`, `created`, `updated`, `createdAt`, `updatedAt`) VALUES
(5, 49, 'Michael J', 'H No. 1124, Sector 48, Chandigarh', 'Chandigarh', 'Chandigarh', 'India', '0.00000000', '0.00000000', 0, 1600454098, '2020-09-18 18:34:30', '2020-09-18 18:34:58'),
(7, 55, 'Ashima', 'chandigarh', 'chandigarh', 'chandigarh', 'india', '0.00000000', '0.00000000', 0, 1600682273, '2020-09-21 09:57:52', '2020-09-21 09:57:52'),
(8, 55, 'akash', 'fefre', 'vfbfb', 'bgbg', 'thtgh', '0.00000000', '0.00000000', 0, 1600682428, '2020-09-21 09:58:11', '2020-09-21 10:00:27'),
(9, 70, 'Ashima', 'CDCL', 'chandigarh', 'chandigarh', 'india', '0.00000000', '0.00000000', 0, 1601009192, '2020-09-25 04:46:10', '2020-09-25 04:46:32');

-- --------------------------------------------------------

--
-- Table structure for table `userDetail`
--

CREATE TABLE `userDetail` (
  `id` int(11) NOT NULL,
  `userId` int(11) NOT NULL,
  `name` varchar(100) COLLATE utf8mb4_unicode_ci NOT NULL,
  `image` varchar(100) COLLATE utf8mb4_unicode_ci NOT NULL,
  `latitude` decimal(10,8) NOT NULL,
  `longitude` decimal(11,8) NOT NULL,
  `location` varchar(255) COLLATE utf8mb4_unicode_ci NOT NULL,
  `created` int(11) NOT NULL,
  `updated` int(11) NOT NULL,
  `createdAt` timestamp NOT NULL DEFAULT CURRENT_TIMESTAMP,
  `updatedAt` timestamp NOT NULL DEFAULT CURRENT_TIMESTAMP ON UPDATE CURRENT_TIMESTAMP
) ENGINE=InnoDB DEFAULT CHARSET=utf8mb4 COLLATE=utf8mb4_unicode_ci;

--
-- Dumping data for table `userDetail`
--

INSERT INTO `userDetail` (`id`, `userId`, `name`, `image`, `latitude`, `longitude`, `location`, `created`, `updated`, `createdAt`, `updatedAt`) VALUES
(18, 46, 'John Doe', '', '0.00000000', '0.00000000', '', 1661531295, 1661531295, '2022-08-26 16:28:14', '2022-08-26 16:28:14'),
(19, 66, 'Rajat Rana', 'ac702026-ff4c-4b1a-be2b-05c116e17b5f.jpg', '30.70943950', '76.69522840', 'Mohali Tower, Sahibzada Ajit Singh Nagar, Punjab', 1661920985, 1662437163, '2022-08-31 04:43:04', '2022-09-06 04:06:02'),
(20, 67, 'Deep', '', '29.86405010', '77.88877610', 'ROORKEE BUS STAND, Roorkee, Uttarakhand', 1661942802, 1661942802, '2022-08-31 10:46:41', '2022-08-31 10:46:41'),
(21, 69, 'John Doe', '', '30.01351514', '76.13515150', 'Mohali', 1661956095, 1661956095, '2022-08-31 14:28:15', '2022-08-31 14:28:15'),
(22, 70, 'John Doe', '180b4f15-88e4-453d-93c4-bfc7997dda5b.jpeg', '30.01351514', '76.13515150', 'Mohali', 1661959708, 1661959708, '2022-08-31 15:28:28', '2022-08-31 15:28:28'),
(23, 73, 'Chris', '', '34.67863220', '33.04130550', 'Limassol, Limassol, Limassol', 1662630623, 1662630623, '2022-09-08 09:50:23', '2022-09-08 09:50:23');

-- --------------------------------------------------------

--
-- Table structure for table `userSubscriptions`
--

CREATE TABLE `userSubscriptions` (
  `id` int(11) NOT NULL,
  `userId` int(11) NOT NULL,
  `subscriptionId` int(11) NOT NULL,
  `amount` varchar(255) NOT NULL,
  `type` int(11) NOT NULL COMMENT '1=>month,2=>yearly	',
  `item` int(11) NOT NULL,
  `employes` int(11) NOT NULL,
  `created_at` timestamp NOT NULL DEFAULT CURRENT_TIMESTAMP,
  `upadted_at` timestamp NOT NULL DEFAULT CURRENT_TIMESTAMP ON UPDATE CURRENT_TIMESTAMP
) ENGINE=InnoDB DEFAULT CHARSET=latin1;

--
-- Dumping data for table `userSubscriptions`
--

INSERT INTO `userSubscriptions` (`id`, `userId`, `subscriptionId`, `amount`, `type`, `item`, `employes`, `created_at`, `upadted_at`) VALUES
(1, 100, 1, '100', 1, 100, 2, '2021-02-23 10:06:12', '2021-02-23 10:07:59');

-- --------------------------------------------------------

--
-- Table structure for table `userToken`
--

CREATE TABLE `userToken` (
  `id` int(11) NOT NULL,
  `userId` int(11) NOT NULL,
  `token` varchar(255) COLLATE utf8mb4_unicode_ci NOT NULL,
  `iat` int(11) NOT NULL COMMENT 'token issued at timestamp',
  `deviceToken` varchar(255) COLLATE utf8mb4_unicode_ci NOT NULL,
  `deviceType` tinyint(4) NOT NULL COMMENT '0=>android 1=>ios',
  `created` int(11) NOT NULL,
  `updated` int(11) NOT NULL,
  `createdAt` timestamp NOT NULL DEFAULT CURRENT_TIMESTAMP,
  `updatedAt` timestamp NOT NULL DEFAULT CURRENT_TIMESTAMP ON UPDATE CURRENT_TIMESTAMP
) ENGINE=InnoDB DEFAULT CHARSET=utf8mb4 COLLATE=utf8mb4_unicode_ci;

--
-- Dumping data for table `userToken`
--

INSERT INTO `userToken` (`id`, `userId`, `token`, `iat`, `deviceToken`, `deviceType`, `created`, `updated`, `createdAt`, `updatedAt`) VALUES
(1, 75, 'eyJhbGciOiJIUzI1NiIsInR5cCI6IkpXVCJ9.eyJkYXRhIjp7ImlkIjo3NSwiZW1haWwiOiJqb2huMTIzQHlvcG1haWwuY29tIn0sImlhdCI6MTYwOTgyMjgzMH0.tIgc2iYBZ-M9r4uw4wZ3pklLY61s5vlEvI5n99v86JI', 1609822830, 'lkjsadfahsdfkjashdfiasuhfiawuefh124124124asd', 0, 1609822830, 1609822830, '2021-01-05 05:00:29', '2021-01-05 05:00:29'),
(4, 77, 'eyJhbGciOiJIUzI1NiIsInR5cCI6IkpXVCJ9.eyJkYXRhIjp7ImlkIjo3NywiZW1haWwiOiJqb2hubnlAeW9wbWFpbC5jb20ifSwiaWF0IjoxNjA5OTk3OTg2fQ.0ckfCtE_j8GjI_EVWHV5a28xlrV-PJ-Czc65KJIKF5k', 1609997986, 'lkjsadfahsdfkjashdfiasuhfiawuefh124124124asd', 0, 1609997986, 1609997986, '2021-01-07 05:39:46', '2021-01-07 05:39:46'),
(9, 80, 'eyJhbGciOiJIUzI1NiIsInR5cCI6IkpXVCJ9.eyJkYXRhIjp7ImlkIjo4MCwiZW1haWwiOiJqb2huNEB5b3BtYWlsLmNvbSJ9LCJpYXQiOjE2MTA0NDEyNjF9.5q4rNwJUuNMy8ZUZmot0EOi8Trk4YQrQquk15np_e5M', 1610441261, 'lkjsadfahsdfkjashdfiasuhfiawuefh124124124asd', 0, 1610441261, 1610441261, '2021-01-12 08:47:41', '2021-01-12 08:47:41'),
(10, 81, 'eyJhbGciOiJIUzI1NiIsInR5cCI6IkpXVCJ9.eyJkYXRhIjp7ImlkIjo4MSwiZW1haWwiOiJhbmRyb2lkMkB5b3BtYWlsLmNvbSJ9LCJpYXQiOjE2MTA0NDE4NDV9.e0ZVxlMPTLaFeSs_xYWLZDBiurx_gy5li7G21JElz-Q', 1610441845, '13131a32d123sa1', 0, 1610441845, 1610441845, '2021-01-12 08:57:25', '2021-01-12 08:57:25'),
(11, 82, 'eyJhbGciOiJIUzI1NiIsInR5cCI6IkpXVCJ9.eyJkYXRhIjp7ImlkIjo4MiwiZW1haWwiOiJhbmRyb2lkM0B5b3BtYWlsLmNvbSJ9LCJpYXQiOjE2MTA0NDIzMTd9.e7OTHwz-WgGVC2n6wQtuTNSdqJZ8Svu674pxgMzTIHA', 1610442317, '13131a32d123sa1', 0, 1610442317, 1610442317, '2021-01-12 09:05:17', '2021-01-12 09:05:17'),
(45, 83, 'eyJhbGciOiJIUzI1NiIsInR5cCI6IkpXVCJ9.eyJkYXRhIjp7ImlkIjo4MywiZW1haWwiOiJhbmRyb2lkNEB5b3BtYWlsLmNvbSJ9LCJpYXQiOjE2MTA2OTEwMTV9.Szz4V-u_6HBFUn2HzR8xyNAMl9e6bHhvwsdUWC4ystE', 1610691015, 'eLWkC9RGTjehRYb3r4Gs5b:APA91bFe5I1jzNz0dK47nl68gc6mHnqBtR34bWp2hOkgzHcYEAJO97bN9w9tUaU8lzCAxur5nTboh6m-JlsbxpDdNO-jKS3N1kalsTqZjXfEZ-Wj59msFlVHAY7lziyn5LWMuanGnCTc', 0, 1610691015, 1610691015, '2021-01-15 06:10:15', '2021-01-15 06:10:15'),
(61, 85, 'eyJhbGciOiJIUzI1NiIsInR5cCI6IkpXVCJ9.eyJkYXRhIjp7ImlkIjo4NSwiZW1haWwiOiJ2ZW5kb3IyQHlvcG1haWwuY29tIn0sImlhdCI6MTYxMTA1MTA2OH0.-J9uhMjsApYAy5mcYlfZGUWTJnZ7HARLNd0xOd0tpgg', 1611051068, 'lkjsadfahsdfkjashdfiasuhfiawuefh124124124asd', 0, 1611051068, 1611051068, '2021-01-19 10:11:08', '2021-01-19 10:11:08'),
(63, 84, 'eyJhbGciOiJIUzI1NiIsInR5cCI6IkpXVCJ9.eyJkYXRhIjp7ImlkIjo4NCwiZW1haWwiOiJhbmRyb2lkNUB5b3BtYWlsLmNvbSJ9LCJpYXQiOjE2MTEwNTU0OTF9.M-Ve2Bdr8ox2KE0OujfGcij5cAdEGhsGei88N5yLzfc', 1611055491, 'fAFep-j3R-Gf9Uu5c3VNYS:APA91bERshRLmThJ9JsujMMKVVpP0UZ6EBMRaKYtXbDbqw5x4S1gtmEIViaRl41QA5Yt0By0GciE-jAhehw3eeyH0Ou8YyJEicDn4XhNkSSobHdJcyEb87kMCRqMfrWixYV8tX_ERJ-A', 0, 1611055491, 1611055491, '2021-01-19 11:24:51', '2021-01-19 11:24:51'),
(72, 87, 'eyJhbGciOiJIUzI1NiIsInR5cCI6IkpXVCJ9.eyJkYXRhIjp7ImlkIjo4NywiZW1haWwiOiJ2ZW5kb3I1QHlvcG1haWwuY29tIn0sImlhdCI6MTYxMTMxMjEzMX0.HtSMrN7L3yOLiWnn7i-VAPd2rnVb_JgtBmZ-1PJGw98', 1611312131, 'lkjsadfahsdfkjashdfiasuhfiawuefh124124124asd', 0, 1611312131, 1611312131, '2021-01-22 10:42:10', '2021-01-22 10:42:10'),
(73, 90, 'eyJhbGciOiJIUzI1NiIsInR5cCI6IkpXVCJ9.eyJkYXRhIjp7ImlkIjo5MCwiZW1haWwiOiJ2ZW5kb3IzMUB5b3BtYWlsLmNvbSJ9LCJpYXQiOjE2MTEzMTQ2MDF9.b7hJFhiX72thC2yLacgRmv9s6L-eR8DVyJZ-Dn3jAGM', 1611314601, 'lkjsadfahsdfkjashdfiasuhfiawuefh124124124asd', 0, 1611314601, 1611314601, '2021-01-22 11:23:20', '2021-01-22 11:23:20'),
(74, 91, 'eyJhbGciOiJIUzI1NiIsInR5cCI6IkpXVCJ9.eyJkYXRhIjp7ImlkIjo5MSwiZW1haWwiOiJ2ZW5kb3I4QHlvcG1haWwuY29tIn0sImlhdCI6MTYxMTMxNTQxNH0.RDAv2T1r-OWY0rFeydMTHaNY4l3rZQHQqeKQTmIPV2s', 1611315414, 'cBW_JMSdRbmkg0j6Qg3smm:APA91bHGbI7Rt1DOv1tEzgSAgzsukZRWqaE4OEt_bYqRyJfwLO43rFN-2mWoy1s-bOQEgH1nAa66gAIyzoK8ZPYEtqu5cKf2zeivshiBu2UeyF8tyrA0jXBdHCs5Tzkc_4Cadew1bv-F', 0, 1611315414, 1611315414, '2021-01-22 11:36:53', '2021-01-22 11:36:53'),
(77, 92, 'eyJhbGciOiJIUzI1NiIsInR5cCI6IkpXVCJ9.eyJkYXRhIjp7ImlkIjo5MiwiZW1haWwiOiJ2ZW5kb3IxMEB5b3BtYWlsLmNvbSJ9LCJpYXQiOjE2MTE1NzcwMzB9.PhKJ8r9v-5YJ44Xt1PPSiKKjOumaEQ6Ix1SsddfiJTg', 1611577030, 'lkjsadfahsdfkjashdfiasuhfiawuefh124124124asd', 0, 1611577030, 1611577030, '2021-01-25 12:17:09', '2021-01-25 12:17:09'),
(78, 93, 'eyJhbGciOiJIUzI1NiIsInR5cCI6IkpXVCJ9.eyJkYXRhIjp7ImlkIjo5MywiZW1haWwiOiJ2ZW5kb3IxMUB5b3BtYWlsLmNvbSJ9LCJpYXQiOjE2MTE1NzcyNzl9.7h49WgqmdgM-Dd9rTv0xVVpr_S6hECyBIPpdpxmtK8Y', 1611577279, 'lkjsadfahsdfkjashdfiasuhfiawuefh124124124asd', 0, 1611577279, 1611577279, '2021-01-25 12:21:18', '2021-01-25 12:21:18'),
(136, 103, 'eyJhbGciOiJIUzI1NiIsInR5cCI6IkpXVCJ9.eyJkYXRhIjp7ImlkIjoxMDMsImVtYWlsIjoidmVuZG9yMTJAeW9wbWFpbC5jb20ifSwiaWF0IjoxNjExOTQ1MTA3fQ.WEtgwP_QlEzWg1mq2RuZKOaP-w5eH_P4OAQ5WZE68dw', 1611945107, 'lkjsadfahsdfkjashdfiasuhfiawuefh124124124asd', 0, 1611945107, 1611945107, '2021-01-29 18:31:47', '2021-01-29 18:31:47'),
(142, 106, 'eyJhbGciOiJIUzI1NiIsInR5cCI6IkpXVCJ9.eyJkYXRhIjp7ImlkIjoxMDYsImVtYWlsIjoidXNlcjEyM0B5b3BtYWlsLmNvbSJ9LCJpYXQiOjE2MTIxODIzNjV9.Hf0ZLjyqO_dPA-u_MADNJq-Lw-lDNPrzPzYVkkxQZ_s', 1612182365, 'lkjsadfahsdfkjashdfiasuhfiawuefh124124124asd', 0, 1612182365, 1612182365, '2021-02-01 12:26:05', '2021-02-01 12:26:05'),
(143, 107, 'eyJhbGciOiJIUzI1NiIsInR5cCI6IkpXVCJ9.eyJkYXRhIjp7ImlkIjoxMDcsImVtYWlsIjoidmVuZG9yMTIzQHlvcG1haWwuY29tIn0sImlhdCI6MTYxMjE4MjQzNn0.MiaCOXMQGFtFhZ-jvavIq2f2p3Fu4n25YqT08Vr0zfw', 1612182436, 'lkjsadfahsdfkjashdfiasuhfiawuefh124124124asd', 0, 1612182436, 1612182436, '2021-02-01 12:27:16', '2021-02-01 12:27:16'),
(147, 101, 'eyJhbGciOiJIUzI1NiIsInR5cCI6IkpXVCJ9.eyJkYXRhIjp7ImlkIjoxMDEsImVtYWlsIjoidXNlcjEwQHlvcG1haWwuY29tIn0sImlhdCI6MTYxMjMzNTgyMH0.Lo66fFtLRwgFLiKLtFLuEfjn_F0SBU_LdMy16fYBLQs', 1612335820, 'eRgzZq9cTxO_gbdSUt7IEn:APA91bE0c4vA-JsEaG9j6n1NdH84xnIUjn-FGxXeCrKFJQrDf2-YLVABfEoLsQVc_Qz071SwY_E8kunOW-owQVQn6iSuLPhldIteXD8Vf_htrzAro2XlsomNzqPBfNMxl4IM1rLSDJWb', 0, 1612335821, 1612335821, '2021-02-03 07:03:40', '2021-02-03 07:03:40'),
(176, 101, 'eyJhbGciOiJIUzI1NiIsInR5cCI6IkpXVCJ9.eyJkYXRhIjp7ImlkIjoxMDEsImVtYWlsIjoidXNlcjEwQHlvcG1haWwuY29tIn0sImlhdCI6MTYxMjg2NTM2MH0.GBztlB45wP_73j-24gXuzy4dCkgBHnt5-R3JBwtsWrs', 1612865360, 'f6ELKWljRYWCl0HfzCaceL:APA91bFq77k_twBL4fJ7EErhQO9pEtJbA1wPr2P7IIxC4c2qYjvqjp6jq712XFhjq3rsk3U-PntWUHItqc9sJsbxUQccY9ew0Hip-CSgejTslgB0Qmn6olzCJmljLaM0k2EF_54l-XTv', 0, 1612865361, 1612865361, '2021-02-09 10:09:20', '2021-02-09 10:09:20'),
(178, 101, 'eyJhbGciOiJIUzI1NiIsInR5cCI6IkpXVCJ9.eyJkYXRhIjp7ImlkIjoxMDEsImVtYWlsIjoidXNlcjEwQHlvcG1haWwuY29tIn0sImlhdCI6MTYxMjg3NjM0Mn0.rNSWDP9yQ82yVSU-jcv_mk11iG_r-3pIAcol8DX1iTc', 1612876342, 'fC6lX4uvSIyxIzK1zK2Vb0:APA91bEHS6ZNGxEoLRbQgmITIVCWi8CTBaN_kTqdPVqqJLaYZhkQx-CbOw9QNKy8lmYtGSbNKH0Hh3-FlCCvXcpBJm9lb7cdNOnqkBsA3-hMXIbIguBFy5EV8r6NekYo0RVl8ylFwGOe', 0, 1612876342, 1612876342, '2021-02-09 13:12:22', '2021-02-09 13:12:22'),
(179, 101, 'eyJhbGciOiJIUzI1NiIsInR5cCI6IkpXVCJ9.eyJkYXRhIjp7ImlkIjoxMDEsImVtYWlsIjoidXNlcjEwQHlvcG1haWwuY29tIn0sImlhdCI6MTYxMjg3NzA5OH0.4IXNK4N_VEYc7IpKf7_zWe06kZgC_w_2czWZxqRSxg8', 1612877098, 'dpEQdxjhRw-2prbbBdrXbI:APA91bHmFFVBkR8nCMPu3I8DUMqR6oVeJNMxkelLqU2BHJcBEIcP7ax1jZDB7evWthkNrHmLWf7Jju8sUtH4-Ml4_i1WeHnqD53o5OGadWWVj4SApThQRX5G7SyEb7WFWE2SiC_y_RK_', 0, 1612877099, 1612877099, '2021-02-09 13:24:58', '2021-02-09 13:24:58'),
(182, 101, 'eyJhbGciOiJIUzI1NiIsInR5cCI6IkpXVCJ9.eyJkYXRhIjp7ImlkIjoxMDEsImVtYWlsIjoidXNlcjEwQHlvcG1haWwuY29tIn0sImlhdCI6MTYxMjk0MTAwOH0.ZWQb8bp8r4xL37CQOMpwlpeGT4IY-fjzpgkjSRsKmVM', 1612941008, 'eXUaUL7TTWybI7wn4Bo3nE:APA91bEVY8o4jIRDJBlb96YDWlLlrnFNHH7G21kq7uiLsy0HNaqKKXb8a6TO5VIab3YI2qctNn1hjALxe33OSddqLQrjDo70lJpkcN-H6pduMF6h-ww_sRjuxzdAZeE1uk89thrKbwS4', 0, 1612941009, 1612941009, '2021-02-10 07:10:08', '2021-02-10 07:10:08'),
(183, 101, 'eyJhbGciOiJIUzI1NiIsInR5cCI6IkpXVCJ9.eyJkYXRhIjp7ImlkIjoxMDEsImVtYWlsIjoidXNlcjEwQHlvcG1haWwuY29tIn0sImlhdCI6MTYxMjk0MTc0Nn0.3L1zRjcCqZmbK9sWHLq0V2rQmQIF6tnSt-ralrsSvAc', 1612941746, 'cCpXuMeMQJ-YdF1Gyc6v4G:APA91bF2R3_3hLeF7NTCcCNoswB8YubvQh6ebwkz34NnB_ATzYh50VfnbkWy_-pnAAZtoMhgJObq4MW9u9Kf_XWlQM1FwUT_1GJMnbvPqM-IjCTmbp7ti2M6ZbF9zDE46Ogy0UbJFZ2x', 0, 1612941747, 1612941747, '2021-02-10 07:22:26', '2021-02-10 07:22:26'),
(188, 108, 'eyJhbGciOiJIUzI1NiIsInR5cCI6IkpXVCJ9.eyJkYXRhIjp7ImlkIjoxMDgsImVtYWlsIjoiYW5hc0BnbWFpbC5jb20ifSwiaWF0IjoxNjEzMzc2NDUzfQ.ZIBsMgF-7xipqs1PwvoeWI5QTnrLSfSj9f2TmTqDfdI', 1613376453, '', 0, 1613376453, 1613376453, '2021-02-15 08:07:32', '2021-02-15 08:07:32'),
(189, 108, 'eyJhbGciOiJIUzI1NiIsInR5cCI6IkpXVCJ9.eyJkYXRhIjp7ImlkIjoxMDgsImVtYWlsIjoiYW5hc0BnbWFpbC5jb20ifSwiaWF0IjoxNjEzMzc2NDUzfQ.ZIBsMgF-7xipqs1PwvoeWI5QTnrLSfSj9f2TmTqDfdI', 1613376453, '', 0, 1613376563, 1613376563, '2021-02-15 08:09:23', '2021-02-15 08:09:23'),
(190, 109, 'eyJhbGciOiJIUzI1NiIsInR5cCI6IkpXVCJ9.eyJkYXRhIjp7ImlkIjoxMDksImVtYWlsIjoiYW5hc0BnbWFpbC5jb20ifSwiaWF0IjoxNjEzMzgwMTMwfQ.fJTAe9Xpv2AjxokWKiLvHB9oscOjLUY5DjaIYQuoM94', 1613380130, '', 0, 1613380130, 1613380130, '2021-02-15 09:08:50', '2021-02-15 09:08:50'),
(191, 96, 'eyJhbGciOiJIUzI1NiIsInR5cCI6IkpXVCJ9.eyJkYXRhIjp7ImlkIjo5NiwiZW1haWwiOiJ2ZW5kb3I4QHlvcG1haWwuY29tIn0sImlhdCI6MTYxMzM5NDA0N30.d_FjMMHJPdN8QaYXGl3FoT6spa6rp5OxSK02QAgIvRw', 1613394047, 'fe9gaX_5T0S3XYl9DtAyoq:APA91bFc1rCQ4i17k1RBigqagN2lJCN49rBMQ9Mxz5gU1E6QCzYMu5jKdpnEGOlp2gKGbad5Xp_4L7ulf_XG7rDeXj2RZQlD6qWjtt6PXB-uoBtDcSaQhVr97Gk_UR4H7LLCqYRzDlcy', 0, 1613394048, 1613394048, '2021-02-15 13:00:47', '2021-02-15 13:00:47'),
(192, 109, 'eyJhbGciOiJIUzI1NiIsInR5cCI6IkpXVCJ9.eyJkYXRhIjp7ImlkIjoxMDksImVtYWlsIjoiYW5hc0BnbWFpbC5jb20ifSwiaWF0IjoxNjEzMzgwMTMwfQ.fJTAe9Xpv2AjxokWKiLvHB9oscOjLUY5DjaIYQuoM94', 1613380130, '', 0, 1613452218, 1613452218, '2021-02-16 05:10:17', '2021-02-16 05:10:17'),
(193, 109, 'eyJhbGciOiJIUzI1NiIsInR5cCI6IkpXVCJ9.eyJkYXRhIjp7ImlkIjoxMDksImVtYWlsIjoiYW5hc0BnbWFpbC5jb20ifSwiaWF0IjoxNjEzMzgwMTMwfQ.fJTAe9Xpv2AjxokWKiLvHB9oscOjLUY5DjaIYQuoM94', 1613380130, '', 0, 1613452232, 1613452232, '2021-02-16 05:10:31', '2021-02-16 05:10:31'),
(194, 109, 'eyJhbGciOiJIUzI1NiIsInR5cCI6IkpXVCJ9.eyJkYXRhIjp7ImlkIjoxMDksImVtYWlsIjoiYW5hc0BnbWFpbC5jb20ifSwiaWF0IjoxNjEzMzgwMTMwfQ.fJTAe9Xpv2AjxokWKiLvHB9oscOjLUY5DjaIYQuoM94', 1613380130, '', 0, 1613452245, 1613452245, '2021-02-16 05:10:45', '2021-02-16 05:10:45'),
(195, 109, 'eyJhbGciOiJIUzI1NiIsInR5cCI6IkpXVCJ9.eyJkYXRhIjp7ImlkIjoxMDksImVtYWlsIjoiYW5hc0BnbWFpbC5jb20ifSwiaWF0IjoxNjEzMzgwMTMwfQ.fJTAe9Xpv2AjxokWKiLvHB9oscOjLUY5DjaIYQuoM94', 1613380130, '', 0, 1613455004, 1613455004, '2021-02-16 05:56:43', '2021-02-16 05:56:43'),
(248, 98, 'eyJhbGciOiJIUzI1NiIsInR5cCI6IkpXVCJ9.eyJkYXRhIjp7ImlkIjo5OCwiZW1haWwiOiJ2ZW5kb3I3QHlvcG1haWwuY29tIn0sImlhdCI6MTYxNDA3Mjc4MH0.9D1P_AJ3vIbxX5kdxy3YUTFsbiFP0zJTdhRzjEH2SXE', 1614072780, 'dpSSemLZQf6-QtHNcvMrjZ:APA91bGnuNOsPB0opUEJjaFc8VZ6WGBanhkpFDRRlCvTedNAop2nZ5_Oqtmzx0AltcZh9vKEzB-Q5ZCFqPEvF-I607DLWA_yVE5ebsRrr9LjK8zu8E4w-Oehv8Rv6GhkBclKf5GonRFC', 0, 1614072780, 1614072780, '2021-02-23 09:33:00', '2021-02-23 09:33:00'),
(258, 98, 'eyJhbGciOiJIUzI1NiIsInR5cCI6IkpXVCJ9.eyJkYXRhIjp7ImlkIjo5OCwiZW1haWwiOiJ2ZW5kb3I3QHlvcG1haWwuY29tIn0sImlhdCI6MTYxNDE1ODEyN30.4yvN5olx0L17KEiCWf4k-CZ1i86_fQ1KtDEJtgXzix0', 1614158127, 'edsyY0TYTxuf0F9EIAWgU9:APA91bHxoDObG8zRbjojXX-n4Dgr-7wzb-WarwB75-uqU-Iq_Q7iMLhzmARDn9-4UwmFZn99KbyxDBI4AygdJVHW0I8b03mwLcA5w_CVi3F554cspvVRfpMRG5RFIZJRCu4d567Y_p7V', 0, 1614158128, 1614158128, '2021-02-24 09:15:27', '2021-02-24 09:15:27'),
(259, 98, 'eyJhbGciOiJIUzI1NiIsInR5cCI6IkpXVCJ9.eyJkYXRhIjp7ImlkIjo5OCwiZW1haWwiOiJ2ZW5kb3I3QHlvcG1haWwuY29tIn0sImlhdCI6MTYxNDE1ODU3Nn0.h3PbNsrMaA9W8SSYm4w0hAXxsGuDxLgbtFcKXf_b96s', 1614158576, 'fQqkhlU4ROKD3b9dpluvu6:APA91bHXEx5HGkCHMgxHZs9lJM9HqPxNkBDsm-2KeNBUAqjCgPhlWWpvp_62XdFCQS1G3MHf7GTKB8hpbPWrSb2uquCcIFXpAu87sX-ZNmkPU7aVnh1oMl5b3NKbpBWWEbu3XG26Ibw1', 0, 1614158576, 1614158576, '2021-02-24 09:22:56', '2021-02-24 09:22:56'),
(335, 115, 'eyJhbGciOiJIUzI1NiIsInR5cCI6IkpXVCJ9.eyJkYXRhIjp7ImlkIjoxMTUsImVtYWlsIjoiZW1wbG95ZWVAZ21haWwuY29tIn0sImlhdCI6MTYxNDk0ODA5OH0.cwzFs-npJ8b7lZ8LnsS3ELLGbMzQkSoKqTmaSxkcE0s', 1614948098, 'dt1Y5Vd1Q-Orz__slAOSLq:APA91bHUx1zto4DkpsScHQOsZfW6G7q9VnDaZNUwiEw8CXIbZaB3GGeUq9lD68ul4CsWImkqEFFFLPmazUES4fIjdQGKNdfA-Yg2PIhkU1IeUxVNcfkMPvbzjx_HDPRvRFYlTSn98geL', 0, 1614948098, 1614948098, '2021-03-05 12:41:38', '2021-03-05 12:41:38'),
(387, 98, 'eyJhbGciOiJIUzI1NiIsInR5cCI6IkpXVCJ9.eyJkYXRhIjp7ImlkIjo5OCwiZW1haWwiOiJ2ZW5kb3I3QHlvcG1haWwuY29tIn0sImlhdCI6MTYxNTI3MjIyMX0.tm4uOUM3cBKH7QGtlRqnrueyUPtBPz30huHqT0NOvyE', 1615272221, 'dNmBam2vRmmvDMwi7sxOdJ:APA91bGcVkVyewqXeTNyp9nRcNK735HEm2ap0t-M4l50REBjP6gAerUFBpWQbdQMPpEnaKnO2Bv-bqGl5X_zGMFNr9yF8sxDW_19_LGWh45BcrcqKhjPCklM7JlfM6R9S3kh3HZfQaAR', 0, 1615272222, 1615272222, '2021-03-09 06:43:41', '2021-03-09 06:43:41'),
(422, 116, 'eyJhbGciOiJIUzI1NiIsInR5cCI6IkpXVCJ9.eyJkYXRhIjp7ImlkIjoxMTYsImVtYWlsIjoidmVuZG9yOEB5b3BtYWlsLmNvbSJ9LCJpYXQiOjE2MTU1NTQ3NDV9.pPWEcL6_x31l1DJanp2QvOvXeDDsvRHQr5wD9vDZ3Sk', 1615554745, 'dss5m6PEStynJH0t55Wksu:APA91bEyOCX23bSYUpVSm7avYmi8Yx73OFBhoaeXJloTZXEDN1w63INbp5tuYLNvY0Nt_vgTOUYELYTT-7lo2Wm8EfbjpMl4M7d87rInvxrp5rHpQTe7KMqvVrtlZrthdwN7Ol6DWYdR', 0, 1615554746, 1615554746, '2021-03-12 13:12:25', '2021-03-12 13:12:25'),
(426, 98, 'eyJhbGciOiJIUzI1NiIsInR5cCI6IkpXVCJ9.eyJkYXRhIjp7ImlkIjo5OCwiZW1haWwiOiJ2ZW5kb3I3QHlvcG1haWwuY29tIn0sImlhdCI6MTYxNjA2NTQzNH0.sdrrK9YveBTxqswLcyM5uPmTwcjc0va07F-65YjK8zw', 1616065434, 'eHunnP5lQM2h2ywi2b_e1e:APA91bHpwKk9P-41yVOhUEy38xwr5cHu8E4utIGiL1VytvxISmKg_pUgay8XwFl8-Io-woT9L_cBXRIsdBE-LG572p_pkCWbIXOc46WHww10bw9yWUE0k3qSqnUgVE9slJksHzCNDFmX', 0, 1616065434, 1616065434, '2021-03-18 11:03:54', '2021-03-18 11:03:54'),
(432, 116, 'eyJhbGciOiJIUzI1NiIsInR5cCI6IkpXVCJ9.eyJkYXRhIjp7ImlkIjoxMTYsImVtYWlsIjoidmVuZG9yOEB5b3BtYWlsLmNvbSJ9LCJpYXQiOjE2MTY0ODQzNjR9.MkuU6cEvioehabBqgy0PQCIl1PdWXUVjpjkhd_uO2WQ', 1616484364, 'fo9cGPOCRP68EoHKR0zqgw:APA91bEkho4dwEn8KR5OioEhm-QSXFxDSeGO9ov-gLifJ9FQFeZq1eNDxbxal3MCD4cNiOuqjjoKPbMemFwfYiIiCGU1o4JpjfJ35LcxJx8KQp09ohGEmF1ROqUNaPSJpMVZ0pCc-fhR', 0, 1616484365, 1616484365, '2021-03-23 07:26:04', '2021-03-23 07:26:04'),
(435, 119, 'eyJhbGciOiJIUzI1NiIsInR5cCI6IkpXVCJ9.eyJkYXRhIjp7ImlkIjoxMTksImVtYWlsIjoidnNlbXBAZ21haWwuY29tIn0sImlhdCI6MTYxNjQ4NTAwM30.9beChktSCoGdfE4PRvvcSbGYSbjkY7pCWQQE2rDLoZA', 1616485003, 'eQG1eZi_SQexeG9fiPQpPG:APA91bGrXacQMiCi-rw0V7kiOHYpgUoEu7NUkMonamzfvDPdY4EcYHW5PL6mFpSUlbrxeV0GMbBJtJtTkzlx75_CcMyfi0uvGB1DcG5f7VIvQawCLl2sge9wmt0xkbnqgLkQZxOXTXJR', 0, 1616485003, 1616485003, '2021-03-23 07:36:43', '2021-03-23 07:36:43'),
(444, 120, 'eyJhbGciOiJIUzI1NiIsInR5cCI6IkpXVCJ9.eyJkYXRhIjp7ImlkIjoxMjAsImVtYWlsIjoibWFudWJoYXRpYTIyQGdtYWlsLmNvbSJ9LCJpYXQiOjE2MjAyMDU2MTF9.ILDzfacTMlgyMHUvlCWeKGf0HjYxVKaVloYmM_w21Jk', 1620205611, 'fIfnjZYXShuWt9NBsXr1NQ:APA91bG_3e8diYZPDUoxtY_9vDnFy3_QcF0PwJ6BFG0hyLxnP76g1u6l7EanUc6z039KqUpl_ah02y23Lz-lsYDtzQHDhX8TYqgMiB40ys2GXIZUZDR_UFqaZY3MpQasfaVLRbPZmzvj', 0, 1620205611, 1620205611, '2021-05-05 09:06:51', '2021-05-05 09:06:51'),
(445, 120, 'eyJhbGciOiJIUzI1NiIsInR5cCI6IkpXVCJ9.eyJkYXRhIjp7ImlkIjoxMjAsImVtYWlsIjoibWFudWJoYXRpYTIyQGdtYWlsLmNvbSJ9LCJpYXQiOjE2MjAyMTM3NzN9.noYB9JIfJtO0AOWjyv1Ez8FgIi4QcfStAsz4s0024sA', 1620213773, 'dgtOItpKTea3YRQNwfJiUH:APA91bFfTP5Yol9hZKnYn1rI3vk2zyNRQ9DmsIdTRAy0Y4JFI1HsfIWtwXTIvoGVn80jeVsbu0U7pESVAtC2CcDuMkYhmgmI-Lfk5dMJ57aDy5cRnt7brZJCzC8FbHIb8VTRo8rO_asx', 0, 1620213774, 1620213774, '2021-05-05 11:22:53', '2021-05-05 11:22:53'),
(458, 121, 'eyJhbGciOiJIUzI1NiIsInR5cCI6IkpXVCJ9.eyJkYXRhIjp7ImlkIjoxMjEsImVtYWlsIjoiZW1wbG95ZWUxQG9uZ29zaG9wLmNvbSJ9LCJpYXQiOjE2MjEwNzQzMjJ9.Y-2EdusxNigub8L_KjsedxGroRzfNa8IINEImJbG6Q8', 1621074322, 'fHqOFxBXSRqRBzrjIocREJ:APA91bGNGWruRuWs7tFZou_fnBV2nRQ8bV6oIqBqUzM-5TKPVPSbfg1QXws_PefHC_I62IXv8nqL8jpdZgW1otWX2HKG6ppEAy5Pstw2GHXABFPsapFIktcXoM4Bsj0L4lqauI9VTlLH', 0, 1621074323, 1621074323, '2021-05-15 10:25:22', '2021-05-15 10:25:22'),
(469, 122, 'eyJhbGciOiJIUzI1NiIsInR5cCI6IkpXVCJ9.eyJkYXRhIjp7ImlkIjoxMjIsImVtYWlsIjoidnMxMEBnbWFpbC5jb20ifSwiaWF0IjoxNjIxNTg1NjA1fQ.Eb-z44osO9OCOxxs5BA2GFFHH4IJqey7uy7vZjF4IcI', 1621585605, '13131a32d123sa1', 0, 1621585605, 1621585605, '2021-05-21 08:26:44', '2021-05-21 08:26:44'),
(485, 126, 'eyJhbGciOiJIUzI1NiIsInR5cCI6IkpXVCJ9.eyJkYXRhIjp7ImlkIjoxMjYsImVtYWlsIjoiYXJ1bmdlbzAwOEB5YWhvby5jb20ifSwiaWF0IjoxNjIyODgxNjM0fQ.ISn_h2wJVUzYCEtOwQ-zGv2YfuttVFeCvbn58cWM7vo', 1622881634, 'fYTOpsrYQgux7KTdyr0wMj:APA91bENV5eLJeMciiwm-CrCrirS1XJhwvscFnqImyTfrdE4GeglRln5HiGHvMHxXuHWFdaj0uKQDpnH6sPcQRQHxy-8W6qhgx1kBriPJA4buvHpVzv5iAMTIUJAaikazlVXSQLhqlcy', 0, 1622881634, 1622881634, '2021-06-05 08:27:14', '2021-06-05 08:27:14'),
(487, 127, 'eyJhbGciOiJIUzI1NiIsInR5cCI6IkpXVCJ9.eyJkYXRhIjp7ImlkIjoxMjcsImVtYWlsIjoiYXJ1bmdlbzAwOEB5YWhvby5jb20ifSwiaWF0IjoxNjIyODgyNDExfQ.bdyMxUr7d65XH17hEoIvzmVgsFc4BDsn9ASWu_Mw-m0', 1622882411, 'fYTOpsrYQgux7KTdyr0wMj:APA91bENV5eLJeMciiwm-CrCrirS1XJhwvscFnqImyTfrdE4GeglRln5HiGHvMHxXuHWFdaj0uKQDpnH6sPcQRQHxy-8W6qhgx1kBriPJA4buvHpVzv5iAMTIUJAaikazlVXSQLhqlcy', 0, 1622882411, 1622882411, '2021-06-05 08:40:11', '2021-06-05 08:40:11'),
(510, 122, 'eyJhbGciOiJIUzI1NiIsInR5cCI6IkpXVCJ9.eyJkYXRhIjp7ImlkIjoxMjIsImVtYWlsIjoidnMxMEBnbWFpbC5jb20ifSwiaWF0IjoxNjI0MzYxNzg4fQ.z91rtoRApfS-VxtwhEEF8EWYUNJWLkpkutIcFIAWj-Y', 1624361788, 'fITDb1rQQEWAYzEtDmbmn-:APA91bFsy_SYxZoBv2kRTX1Qm6rU2mCjz3HNTcFE-Wr3OVBX8tgQeBlbhrpn3HYiZJVMSl2GIez8Hkdm0nSzjEACa5lDqIMCsuTxklXio95I0NypEBkIy4oTETJCGq4nIeiIieMGB2hS', 0, 1624361789, 1624361789, '2021-06-22 11:36:28', '2021-06-22 11:36:28'),
(512, 122, 'eyJhbGciOiJIUzI1NiIsInR5cCI6IkpXVCJ9.eyJkYXRhIjp7ImlkIjoxMjIsImVtYWlsIjoidnMxMEBnbWFpbC5jb20ifSwiaWF0IjoxNjI0MzY3Mjk3fQ.ZjaFvQKk9nsRUg8HTj3l4KoBCnE5So1-_STVfjA_m_o', 1624367297, 'cmLx1YxcRf-1QspHZPaOw2:APA91bHdzlCtD9nimZQrf0bYpJMzSYsuIMKeyXtquONHBnLY-u4XUXA8EV9GWOofbekHE30HixVEsfMCmnIjlCkTLwUwJnr5mnpf6j3Nfwjsr21vBvXpO1KvE_SvQonjz1cVJZ1Zp9Rg', 0, 1624367298, 1624367298, '2021-06-22 13:08:17', '2021-06-22 13:08:17'),
(524, 129, 'eyJhbGciOiJIUzI1NiIsInR5cCI6IkpXVCJ9.eyJkYXRhIjp7ImlkIjoxMjksImVtYWlsIjoibW9oaXRAeW9wbWFpbC5jb20ifSwiaWF0IjoxNjI0ODgzNjI1fQ.WUBI_4TASrHxDhfFqRrSiuh3uQ1veIhMVe3nmJagBM8', 1624883625, 'c7OV5nH3Q0--ZPmIHfmO8U:APA91bFw8Ad_FIr6c-fH8SYn1abFysyB8AhsTaLd1tlfsdc7GvfkcYrmr8_zP9M62HCIZxIoR3DgEuDlaF7yoSoJoApGGKCHBt0Y2UErzYI4BiQYxnI4bdsUe_IpKChUR1iKbSzTRR_Q', 0, 1624883626, 1624883626, '2021-06-28 12:33:45', '2021-06-28 12:33:45'),
(526, 122, 'eyJhbGciOiJIUzI1NiIsInR5cCI6IkpXVCJ9.eyJkYXRhIjp7ImlkIjoxMjIsImVtYWlsIjoidnMxMEBnbWFpbC5jb20ifSwiaWF0IjoxNjI0ODg2NDU4fQ.bmUHRad-nDjT9Up9T2nJV8KU4bz3vLGej3DM2b0uMcI', 1624886458, 'c1aQldlHRCi6W1YaUjFiqu:APA91bHslLe2UNzL3s4hLMo7hwpKHImJ6fSytj3se0kQK7-DPnYoAFqGknh6Szw2LZR1DpyTv2O7PlK2P-q8uHyxFNfrjv5HpkW-PmGPQeW2GJ6B1IrmLW42CFOqY4uT681Yp7JVpBmw', 0, 1624886459, 1624886459, '2021-06-28 13:20:58', '2021-06-28 13:20:58'),
(536, 122, 'eyJhbGciOiJIUzI1NiIsInR5cCI6IkpXVCJ9.eyJkYXRhIjp7ImlkIjoxMjIsImVtYWlsIjoidnMxMEBnbWFpbC5jb20ifSwiaWF0IjoxNjI0OTY2OTQyfQ.Fx8T6sJc8bVOk8u4UWbgyySA6my5vQIv8OrH3gzWelc', 1624966942, 'eJZ20l2qQkq_adJoe1imRG:APA91bGvY1PwM182GohjuaX8KsUxbwYFO8a8XOsd9tG730-uKaDPf28QuKDQZfPca8HVd5oCV63uy7ndU_B-h8C071_5gEi_CKSCHIoEGRF7RgNKESvyezBCkXHKBemBaRz0Ii-8OJn0', 0, 1624966942, 1624966942, '2021-06-29 11:42:22', '2021-06-29 11:42:22'),
(538, 122, 'eyJhbGciOiJIUzI1NiIsInR5cCI6IkpXVCJ9.eyJkYXRhIjp7ImlkIjoxMjIsImVtYWlsIjoidnMxMEBnbWFpbC5jb20ifSwiaWF0IjoxNjI0OTY4MjI4fQ.pUOQbZ4jRYYwyoKoCRBpgm2mShZ0Vg61wjDBBoydFKA', 1624968228, 'cVs4Cd2RRe2UExeDg3bHfv:APA91bHGPAwYhRu6ZIHyo74fUhJm-3bO2TCDUYs9S9Wyl67abwWEkXwNlhA33tCHaKfVJZWa95Lpv9gzOsdnDkmNm9JnKh_S7Ifi3WzReJFNMxBDW-hPpzzoZReoyjXThlfJVLkjy5wG', 0, 1624968229, 1624968229, '2021-06-29 12:03:48', '2021-06-29 12:03:48'),
(540, 132, 'eyJhbGciOiJIUzI1NiIsInR5cCI6IkpXVCJ9.eyJkYXRhIjp7ImlkIjoxMzIsImVtYWlsIjoid3d3QHlvcG1haWwuY29tIn0sImlhdCI6MTYyNTE0NTExNn0.GGMHal1RJjS_J9JoNTwYDynmFxveIdpX5fj-45vxWwQ', 1625145116, '13131a32d123sa1', 0, 1625145116, 1625145116, '2021-07-01 13:11:55', '2021-07-01 13:11:55'),
(541, 122, 'eyJhbGciOiJIUzI1NiIsInR5cCI6IkpXVCJ9.eyJkYXRhIjp7ImlkIjoxMjIsImVtYWlsIjoidnMxMEBnbWFpbC5jb20ifSwiaWF0IjoxNjI1MjAzMDA3fQ.f1JBwBdthj6lpCoMyTpx18iAhImOeIebYIxIV2DcN1o', 1625203007, 'fHclV4obRSCw5HYBVBk04X:APA91bFYjhDpgL4C78vE7pAqz6DItdloGsSSk4a7k-_tG0d3HQUHoZG-8WSnLfmPMbSUL6VcT-aNqRqqHtULhS_YlEkZMUr0NmSth2WCZ5LYlvD56DTOtj0FyMEMVu4AV5NxVg-rxe1C', 0, 1625203008, 1625203008, '2021-07-02 05:16:47', '2021-07-02 05:16:47'),
(543, 122, 'eyJhbGciOiJIUzI1NiIsInR5cCI6IkpXVCJ9.eyJkYXRhIjp7ImlkIjoxMjIsImVtYWlsIjoidnMxMEBnbWFpbC5jb20ifSwiaWF0IjoxNjI1MjI3Mzk1fQ.MV275pzrJohqQiSSS0eUcat8XRt-rw6VXRhq3hXaayU', 1625227395, 'dJY_JTbLSuyC2IIq2Tf1IL:APA91bEKCy9-veCDZT7_q-IkM-48NWhUu6_N74tIGJghGjkkdo9-G9i8gP6dxAWlty1bC8Gt4BBKs66S5teP2bwX4R5MmZRVX3_zrnENqwUtpR2KWH4WmTSTZzl_rQ3KWMx25I1_5nvN', 0, 1625227395, 1625227395, '2021-07-02 12:03:15', '2021-07-02 12:03:15'),
(547, 133, 'eyJhbGciOiJIUzI1NiIsInR5cCI6IkpXVCJ9.eyJkYXRhIjp7ImlkIjoxMzMsImVtYWlsIjoiYnVubnlAeW9wbWFpbC5jb20ifSwiaWF0IjoxNjI1NDkxMDc1fQ.WKx4PwLZMuJfaMpgf61-d1ijMsRg0ZoZmZH6mytMBTc', 1625491075, 'cNOz5U_sRXiOcrDv4UQd15:APA91bHa2HEk7em4eyHjclFQR6gVu1VA1MATdGyX85DwLgMJHTErObg4XoVorCNVd8-T9gBRvgI0KochPi4HOPXx8UzS24CV6khnvuBnJuH9BCGUTR6Z81RvjHLDzZ19Qa2v9XgOu-GZ', 0, 1625491075, 1625491075, '2021-07-05 13:17:55', '2021-07-05 13:17:55'),
(548, 129, 'eyJhbGciOiJIUzI1NiIsInR5cCI6IkpXVCJ9.eyJkYXRhIjp7ImlkIjoxMjksImVtYWlsIjoibW9oaXRAeW9wbWFpbC5jb20ifSwiaWF0IjoxNjI1NTUwNDA5fQ.TwIazi3RgQ-pZ38VmtEDyJJdBT98B8yvwFl1WVDpDMk', 1625550409, 'ehETWM2VT8aRW9iJ8XWNGL:APA91bGmcUI8rDYpJL9UPGi3tW5s0P3jS2lymizQaYD9m7n6ASnyAEEgJ8fxndT1STBIYXF7JDrtbgvov6hTbQPZXYR3HrawzHxVj6oV67fH_ADBgn4e9lowk8Nu0d97C63kbVa0KCg4', 0, 1625550410, 1625550410, '2021-07-06 05:46:49', '2021-07-06 05:46:49'),
(550, 134, 'eyJhbGciOiJIUzI1NiIsInR5cCI6IkpXVCJ9.eyJkYXRhIjp7ImlkIjoxMzQsImVtYWlsIjoiamF0aW5AeW9wbWFpbC5jb20ifSwiaWF0IjoxNjI1NTUzNDk0fQ.gOvJCNi9mSfxYgN1pQwH0fJTd2sENeY65OqdTPxsfCA', 1625553494, 'dW_4R63FTueWznHoizWiDF:APA91bGtP_VsBd-HmE653l1FWtWXyOIn3BWsoIe3gyN6MJ7gzwuGxLQIa8jpr4F3ygnDLIpc-KW_ouLgmdGt2m0GokFdQl1GSbSY8rmbUWsJjEr8ivStzFx4AV4chsB6CEjM-gr6aPMC', 0, 1625553495, 1625553495, '2021-07-06 06:38:14', '2021-07-06 06:38:14'),
(556, 135, 'eyJhbGciOiJIUzI1NiIsInR5cCI6IkpXVCJ9.eyJkYXRhIjp7ImlkIjoxMzUsImVtYWlsIjoiQmlybGFnQHlvcG1haWwuY29tIn0sImlhdCI6MTYyNTU3MDY2NH0.SSIpHXY6kXNTq_79GRfieplpfCCKbbws0tTFzsLoFXI', 1625570664, 'epcoCgZ8ROGmpdtj0o0276:APA91bE_KMqqQJkR0XK1R6-nE8lnipYA122hOlkdEKnJH5Z1kA3LVzHaQ3R3Dd94qzMl3hQQvyBQIkbizijMBMdcOOnhGF06jQ8PzQI_v-pi-PVLQ0bUyuoaRa_IRJxlve0PeUJ26B2R', 0, 1625570665, 1625570665, '2021-07-06 11:24:24', '2021-07-06 11:24:24'),
(558, 136, 'eyJhbGciOiJIUzI1NiIsInR5cCI6IkpXVCJ9.eyJkYXRhIjp7ImlkIjoxMzYsImVtYWlsIjoiYXJ1bmdlb3JnZTkxNkBnbWFpbC5jb20ifSwiaWF0IjoxNjI1OTI4OTAzfQ.XndTzBPJ3ehRUczek8eB83lHQk2gGayseuCJ8IHyiVU', 1625928903, 'eSqvtdrASnGlGCQmVga2x5:APA91bF09Di2HocQdJa2dW-to7lzZSOsqQTplwLa9S8ohbi1u-8g5hT-625MUmjmnD3Hq49Nfuf-5EmREZYdSkCykXCzQJ3yOrZGjCZscFOs7BSByZ_66JaRms9ifxy24PD-ZsyYFX4o', 0, 1625928903, 1625928903, '2021-07-10 14:55:03', '2021-07-10 14:55:03'),
(559, 137, 'eyJhbGciOiJIUzI1NiIsInR5cCI6IkpXVCJ9.eyJkYXRhIjp7ImlkIjoxMzcsImVtYWlsIjoiYWRtaW4xQGdtYWlsLmNvbSJ9LCJpYXQiOjE2MjU5MzIyMDN9.Qlw0jChDYfKA9Gg6EYWW-Sk5Z3HsRMu9x84Qr9LWhRE', 1625932203, 'dt6reAQTT72XMrmmcjRCVF:APA91bEjnZU7lz8p_76zkfNUmC2F-oLLX-n2RGQC4iL8ddbS24Bd-n5oTP1PVOIXGtQRdNqCggVmgC0nkH0irnKy9KTyC2jkJ7mKY3yMVugCS_eVH033K7hcsAxPBUzHhMqvcPt7UI1e', 0, 1625932203, 1625932203, '2021-07-10 15:50:03', '2021-07-10 15:50:03'),
(560, 138, 'eyJhbGciOiJIUzI1NiIsInR5cCI6IkpXVCJ9.eyJkYXRhIjp7ImlkIjoxMzgsImVtYWlsIjoiYXJ1bmdlb3JnZTkxMkBnbWFpbC5jb20ifSwiaWF0IjoxNjI1OTYwMTc5fQ.qpCNp7iruoKeiGRhQdslnEJt0e94PGzUYi9U9qH3HWM', 1625960179, 'cCgJHhczToytuR8EJhf2j-:APA91bFuIx3VYvYqthKjtOBI7cPmPQG63i7-Cavv44zyYbppZX5sgrCrKQbxKLsDFs29sXlxxdXxjQr7BH6S95o9UunH7stL73CgNuE5bl_Ku5aw-FgBDYwH9bg_pgt5dExsUwsh5ZZP', 0, 1625960179, 1625960179, '2021-07-10 23:36:19', '2021-07-10 23:36:19'),
(563, 128, 'eyJhbGciOiJIUzI1NiIsInR5cCI6IkpXVCJ9.eyJkYXRhIjp7ImlkIjoxMjgsImVtYWlsIjoiYXJ1bmdlb3JnZTkxMUBnbWFpbC5jb20ifSwiaWF0IjoxNjI1OTc4Mzg0fQ.tdqX6BGH7pWtNPFhNhaJgROnR2nQ_PENCtP0dz4DF-s', 1625978384, 'dRMEJnvYR7OTcEQMocY5Lr:APA91bFXD-8AdVyl7LCLRnDmnvCh3k4vDuG6iCnJr_S8XKGcnouB9swOfz6wll6Kw1GgkYybSYwTNLLbnVbI_pbNzWdJQ47XgNapt7OzAOmLZF24QxRXeIfEicUNVmHi9dQ9TuFjFfwA', 0, 1625978384, 1625978384, '2021-07-11 04:39:44', '2021-07-11 04:39:44'),
(566, 141, 'eyJhbGciOiJIUzI1NiIsInR5cCI6IkpXVCJ9.eyJkYXRhIjp7ImlkIjoxNDEsImVtYWlsIjoibW9oaXR2ZW5kb3JAeW9wbWFpbC5jb20ifSwiaWF0IjoxNjI2MTUyNzQyfQ.gdYTEqSubyVZo6YFjUu6fdrxa4QlKe_S_miRAmyDmdE', 1626152742, 'cg96GGPHTfCtFdAo3TFazk:APA91bEwlaA3_jCX-T-c4jVeY0eafTWqJTdL6hg9Ndqi-Ipvp3WFi5lzSB_UUhg1YZ4FJS8HyH6wgHwYCdXHA3lITmNDv3y8DoXUdcSIkJ3VnvkeNM7SQ11B-mLnyOSt_CsJM7OuU29J', 0, 1626152743, 1626152743, '2021-07-13 05:05:42', '2021-07-13 05:05:42'),
(587, 134, 'eyJhbGciOiJIUzI1NiIsInR5cCI6IkpXVCJ9.eyJkYXRhIjp7ImlkIjoxMzQsImVtYWlsIjoiamF0aW5AeW9wbWFpbC5jb20ifSwiaWF0IjoxNjI2MjQ4Mzk2fQ.7r-EPyd-ZIwduynjRNwfaVFI0oq7Yi7rTKD-fwavuV0', 1626248396, 'cA9v3c4xQ_qrJnU845I_DJ:APA91bHvCjTMzHUVYSKivneB6hM00iuwT5mKo3dEweVIoD07R7EjaFI4K-mKzwUdzyvIfxWhQIoisXjqf5QcXCnMfMHWBQG_Q5M-XSSRtpHirDEFJp9xUNgeqJf6xVvDnSpDRdG6K1qH', 0, 1626248396, 1626248396, '2021-07-14 07:39:56', '2021-07-14 07:39:56'),
(590, 144, 'eyJhbGciOiJIUzI1NiIsInR5cCI6IkpXVCJ9.eyJkYXRhIjp7ImlkIjoxNDQsImVtYWlsIjoidXNlcmFkbWluQHlvcG1haWwuY29tIn0sImlhdCI6MTYyNjI0ODU0MX0.jzSrN5Rh5DDoT8pNnk0Y0i-Bpg91dm5VBpwbmJcdGUk', 1626248541, 'c91zFGCLT3KF1cxcia8HcX:APA91bGSGnGX7OPs3ojGBV4wy1V-Bn2WHzidfHjR6fG_jym4AzrtudPEAxAaf7C8alfSGWBXj6zb5WCs0m27u4xRC3JpbGEC81O-0XBDdSvLNugvzI61IGJFFmY5wEDR5VcO6JtHnhqd', 0, 1626248542, 1626248542, '2021-07-14 07:42:21', '2021-07-14 07:42:21'),
(591, 133, 'eyJhbGciOiJIUzI1NiIsInR5cCI6IkpXVCJ9.eyJkYXRhIjp7ImlkIjoxMzMsImVtYWlsIjoiYnVubnlAeW9wbWFpbC5jb20ifSwiaWF0IjoxNjI2MjQ4OTE3fQ.xcoAKoTpDPWz0dt1wK1uQDEJRgQW0VnRaFVQOUiM2kg', 1626248917, 'dec11JT7TNS4_ZU7YGzYoQ:APA91bHF3XS_Bsh13Wzvk25T1UsQZRua6vLYghXGui6co2KhTiK0TszYVcSeIQlsD7Oprw0BolxMKvKC8ISw1ILxTRlSs6OZPCqsLK6DVXRK4fs_8HwG5kPB65xe9gV46fwHtWRdcdXq', 0, 1626248918, 1626248918, '2021-07-14 07:48:37', '2021-07-14 07:48:37'),
(592, 133, 'eyJhbGciOiJIUzI1NiIsInR5cCI6IkpXVCJ9.eyJkYXRhIjp7ImlkIjoxMzMsImVtYWlsIjoiYnVubnlAeW9wbWFpbC5jb20ifSwiaWF0IjoxNjI2MjQ5MTA3fQ.YstdOOgZ46cXD8un3yCQpTEjYHerwVx1wKO1IK8_rmY', 1626249107, 'dOUKkQfKRKSydtBAhtzQx6:APA91bGkdZFGFw5LhNmFpUoCQREOzEAvWojMJqanu47rTcM05KxWNeta0-SZANZgPgLsZeQ7ttLSr7PrV17wTYDy3yHXa43ndoupFDkV-zXXAwCbZcKvENDHMR8fluP4rxTYghF-qygV', 0, 1626249108, 1626249108, '2021-07-14 07:51:47', '2021-07-14 07:51:47'),
(629, 135, 'eyJhbGciOiJIUzI1NiIsInR5cCI6IkpXVCJ9.eyJkYXRhIjp7ImlkIjoxMzUsImVtYWlsIjoiQmlybGFnQHlvcG1haWwuY29tIn0sImlhdCI6MTYyNjQxNDA5N30.4FhigAMFT9CcBVIErnHTafQ_5rmAZOoJGgjlLzPkliI', 1626414097, 'e4kCW-IhRNaBwWR4cZ85NP:APA91bEfkJKznvJQpGFhB8_gqhPAg4KWilPzZJAAj9OqtVIzrf8Nm0w_7WSv7702gw2ikS1HhoqE-m7w9OGWDnUOAkWP_YqoIplVVnstWm_B5vdDL1YGQlrywJiRF2A0G1QfyjxHKplb', 0, 1626414097, 1626414097, '2021-07-16 05:41:37', '2021-07-16 05:41:37'),
(633, 152, 'eyJhbGciOiJIUzI1NiIsInR5cCI6IkpXVCJ9.eyJkYXRhIjp7ImlkIjoxNTIsImVtYWlsIjoiZGVudmVyQHlvcG1haWwuY29tIn0sImlhdCI6MTYyNjQxOTQ4M30.dxZ2tjlZs0t9OwzimqBrbu_ruO7iIJEWuNZRwAdDy8k', 1626419483, 'dAfznx6OSZqSmbmum0F_oW:APA91bEXcwsnAft9UIVCKROywCkGqWhmC2zyPhNHYjZrzQY_Esfl5wUH61usAGJk0JBrsDsp6Xp8vDYVv_iTtRrlf4GhQvBZJm0UkSFYJy17WCU5Lvz4Z-P172lgwKCSFYdjnmN8XoU0', 0, 1626419483, 1626419483, '2021-07-16 07:11:23', '2021-07-16 07:11:23'),
(635, 153, 'eyJhbGciOiJIUzI1NiIsInR5cCI6IkpXVCJ9.eyJkYXRhIjp7ImlkIjoxNTMsImVtYWlsIjoiamFjazAxQHlvcG1haWwuY29tIn0sImlhdCI6MTYyNjQyMDE1M30.JnTRp89qAui4eh8Nhbgs9YAQisxzF_X8fhbkNCvPrGY', 1626420153, 'eunWyoITS22YT80DenAqPG:APA91bEH_oqZiyayLcEWLkpHt_1OoZ_1ic_gk6EnbIr9rtq5gGNA3BSZHAiq7RTOIwhuCZ1NvI_qj_tR4gJH11LHvZxUuLCRlkT1UUKKH7xwhOkROJU5g7M_4KLq5w2xA00nkde3qOEc', 0, 1626420153, 1626420153, '2021-07-16 07:22:33', '2021-07-16 07:22:33'),
(653, 154, 'eyJhbGciOiJIUzI1NiIsInR5cCI6IkpXVCJ9.eyJkYXRhIjp7ImlkIjoxNTQsImVtYWlsIjoibW9oaXQxMjNAeW9wbWFpbC5jb20ifSwiaWF0IjoxNjI2NDQ0MjA5fQ.JGvaHSETJh41oMHeXK0xSbt0BWAQ2EvmtICAYHI9JXA', 1626444209, 'e-EZEFSoSWuc-7Cq0w6BYA:APA91bFqny1iU4NKpm-9CH3bhtSEjOXdwoyzcY8CQmdBumTReY11ccXe5QSbj5YStHJDvKucKznH9XcIxANVtyV6fmkhnUZwC6SfqH8884xEWC7S9dhEpzeuYQCp_RDOFjgZKAqRu0is', 0, 1626444209, 1626444209, '2021-07-16 14:03:29', '2021-07-16 14:03:29'),
(655, 155, 'eyJhbGciOiJIUzI1NiIsInR5cCI6IkpXVCJ9.eyJkYXRhIjp7ImlkIjoxNTUsImVtYWlsIjoiYXJ1bmdlb3JnZTkxeEBnbWFpbC5jb20ifSwiaWF0IjoxNjI2NjA5NjM1fQ.KutsZ1IGZyxSzMWMzvrnol5LrJwZslloQ2C61QCaO88', 1626609635, 'dlzfcz-RQ5eWNbypTUks7s:APA91bEJ0O8Tik4fuS7igEX-9IjQtMIQ7_4HzJzH1VGXQyQCxjetslXrkGAWPASs24oLHhngb-kkt37Rxupi4sKJzIp0PQLs4y4UtKfDaqdU-gvEAvw9s32dPynjNMswiWVHwEPao_wE', 0, 1626609636, 1626609636, '2021-07-18 12:00:35', '2021-07-18 12:00:35'),
(656, 156, 'eyJhbGciOiJIUzI1NiIsInR5cCI6IkpXVCJ9.eyJkYXRhIjp7ImlkIjoxNTYsImVtYWlsIjoiYXJ1bmdlb3JnZTkxeUBnbWFpbC5jb20ifSwiaWF0IjoxNjI2NjEwMTc3fQ.mG6geSAnYIRm1Szf2KNhUVI_DG_Um2Vn1Cc3WFXWg4Q', 1626610177, '13131a32d123sa1', 0, 1626610177, 1626610177, '2021-07-18 12:09:37', '2021-07-18 12:09:37'),
(661, 157, 'eyJhbGciOiJIUzI1NiIsInR5cCI6IkpXVCJ9.eyJkYXRhIjp7ImlkIjoxNTcsImVtYWlsIjoibXMxMEBnbWFpbC5jb20ifSwiaWF0IjoxNjI2NzY3OTMwfQ.lmTJOfO8jzPSL8eHtPSmTPpjXq-RlO5UD6cV1UPnMtI', 1626767930, 'dXcsXA68QFifb1O6OW2Chn:APA91bGiWbCN5Q0Mn7poPSxRd1CCprM4vd3oh72vRELeSB8m4AkugzZFgdN-z4brvykkUavKIFDwAHCDCLSV8gAL0RE-MYidClIcnF1N94KnOiJs4YMRHZSCD_TZudRICDVY_XIjltKL', 0, 1626767931, 1626767931, '2021-07-20 07:58:50', '2021-07-20 07:58:50'),
(667, 143, 'eyJhbGciOiJIUzI1NiIsInR5cCI6IkpXVCJ9.eyJkYXRhIjp7ImlkIjoxNDMsImVtYWlsIjoiaGFyc2hAeW9wbWFpbC5jb20ifSwiaWF0IjoxNjI3MjkxNDMzfQ.wAz_BAqhCkixiAnu4hsUqiGRyJJRr9K9MMGK-XRkBg8', 1627291433, 'dLzFYIYDRAueBY4UgUNYpT:APA91bGHwnFNn_ErLpAzU2aZaSw9hJRNsVMaZc2qqQ1kgUu1CdcIfRilnvZlGjQ2U_zaUWbU6MyiY3wx8Ap2qNe8u3xBMCIl-_uMUUGR-_RK_yVm11oND5qYkFMYOldqb-NOKyQFBHM8', 0, 1627291433, 1627291433, '2021-07-26 09:23:53', '2021-07-26 09:23:53'),
(670, 143, 'eyJhbGciOiJIUzI1NiIsInR5cCI6IkpXVCJ9.eyJkYXRhIjp7ImlkIjoxNDMsImVtYWlsIjoiaGFyc2hAeW9wbWFpbC5jb20ifSwiaWF0IjoxNjI3Mjk3NTc4fQ.eqR7VL3O0RQedyYxIgIALfcgiWv2RUOaeJg8gqCL_2c', 1627297578, 'dneFDBvXSEKCUQhXlV7nkL:APA91bE4RB9QE0BrPJsF7c3UYHQVH_ImN9smTaFcMP79NEyVatHOjEB6IAC32fnS0t_wLKawGrRZcwjIkuloLXfXEVs4IKXQXqjJ_4rS7kFDijRjT5lVDIvAAuBBZ2VkeZUERXEqkIVb', 0, 1627297579, 1627297579, '2021-07-26 11:06:18', '2021-07-26 11:06:18'),
(686, 143, 'eyJhbGciOiJIUzI1NiIsInR5cCI6IkpXVCJ9.eyJkYXRhIjp7ImlkIjoxNDMsImVtYWlsIjoiaGFyc2hAeW9wbWFpbC5jb20ifSwiaWF0IjoxNjI3Mjk5MjY2fQ.ZlGeDMHep8ugZe8Bd7rbVYLEJeum_MDagAVS11bwJu0', 1627299266, 'eN2JEaulT9K3nUADZQi1bK:APA91bFdYjOADotiL-KNGFyPJyMoNTXlxqhyavysddgZzJ-TWy6vLvZ_BNW0EB-DG4sI_rnv4lr8VHdpAxwWFC3TDjuUevpyDVlHPedh8eoICxPK3qF77FMz6iO6oFbZ87RR6TyB5Iux', 0, 1627299266, 1627299266, '2021-07-26 11:34:26', '2021-07-26 11:34:26'),
(697, 143, 'eyJhbGciOiJIUzI1NiIsInR5cCI6IkpXVCJ9.eyJkYXRhIjp7ImlkIjoxNDMsImVtYWlsIjoiaGFyc2hAeW9wbWFpbC5jb20ifSwiaWF0IjoxNjI3Mzc4MzAyfQ.CGGvQIhToBPENTZZC5Za63fg3_9M-nxkVB2TKwYRtR8', 1627378302, 'dxg-mybNRuOM29nslVMSWH:APA91bHiH3CsefmAzSYBXKwHSh6qqRsjHQTkLprqwdLlFSlbyiyj9PF06k7NPT-AW9PtpLqwMFga7MC6G4Yy-2eDc1oFdAwQweZYlCYKHgQ-ouy9tmeWM_Vg0BVAnkic8yySg_aTzSvU', 0, 1627378302, 1627378302, '2021-07-27 09:31:42', '2021-07-27 09:31:42'),
(773, 159, 'eyJhbGciOiJIUzI1NiIsInR5cCI6IkpXVCJ9.eyJkYXRhIjp7ImlkIjoxNTksImVtYWlsIjoiYXNoaW1hMUB5b3BtYWlsLmNvbSJ9LCJpYXQiOjE2Mjc2NTYwMTB9.gnbiJ-RWaUE52rpcGqvQPrLQXwcEqa3lJFjfgJqtvN8', 1627656010, 'cQ52-LHiT7-64_HdH9OqMw:APA91bGMtDdfQ4POsjgCZD4BtHawf9WvdPCkfFbJ5V4jHHJh8QNe3SM7RruxoFylZ2FluI4HcAmxWDjQimBcTMJVsfcR2MacYweNpKOu6YNYK9jpVcTBtnDAqn54P4_pTiDVvyeFwQqw', 0, 1627656010, 1627656010, '2021-07-30 14:40:10', '2021-07-30 14:40:10'),
(774, 161, 'eyJhbGciOiJIUzI1NiIsInR5cCI6IkpXVCJ9.eyJkYXRhIjp7ImlkIjoxNjEsImVtYWlsIjoia2FuaWthNTFAZ21haWwuY29tIn0sImlhdCI6MTYyNzkwNzg5M30.IQDa93TbZtzVTOxs5tdmKHxvIu26OVfijGw-5fFMTUE', 1627907893, 'c27hI_1AQ_agYz0k8CTi2f:APA91bGuTi5drZIgvtJAHxrz_TUKDBIT_c9vV_dTmeYqi9h53FiSmouQsOe9hCSPbE9Sr6XntSWgAnjxsXQhQQ0EuYe3j8A5bZYuNqP3AkN8bh_-rugJTjqu9Zjv_XAB6BGhalcPgK4B', 0, 1627907893, 1627907893, '2021-08-02 12:38:13', '2021-08-02 12:38:13'),
(775, 162, 'eyJhbGciOiJIUzI1NiIsInR5cCI6IkpXVCJ9.eyJkYXRhIjp7ImlkIjoxNjIsImVtYWlsIjoicG9vbmFtQGdtYWlsLmNvbSJ9LCJpYXQiOjE2Mjc5NjY2NjZ9.uv1sZSp2iaU4sBxLrHycByFtKNUcsnVGFkUBxM32zDU', 1627966666, '13131a32d123sa1', 0, 1627966666, 1627966666, '2021-08-03 04:57:45', '2021-08-03 04:57:45'),
(783, 164, 'eyJhbGciOiJIUzI1NiIsInR5cCI6IkpXVCJ9.eyJkYXRhIjp7ImlkIjoxNjQsImVtYWlsIjoiamFja0BtYWlsLmNvbSJ9LCJpYXQiOjE2MjgxNTUxODl9.TgenO2rqsWxCqzaDwvDqXskYqd-nGE_N7KK3QYnbDJw', 1628155189, 'dfQzl4QbRIS-aMEkHA57mz:APA91bEdfzJ0a3sACAX1AjS2klyaHThoLHfmFiIO8G2_Qu9Una3SUzs_0itQzMLLX784lgoyYAqpRBn0MUVmY_TpwAV-KMKXQHLjob8jcz2gJZx5iSS6JSLpNWxst7ycmsSse5mHU7rN', 0, 1628155189, 1628155189, '2021-08-05 09:19:49', '2021-08-05 09:19:49'),
(785, 162, 'eyJhbGciOiJIUzI1NiIsInR5cCI6IkpXVCJ9.eyJkYXRhIjp7ImlkIjoxNjIsImVtYWlsIjoicG9vbmFtQGdtYWlsLmNvbSJ9LCJpYXQiOjE2MjgxNTg0NDJ9.9K3AIcs6sPvghfizA_XuvOgeJle599YUEMNbS-RukOs', 1628158442, 'dQe0m6CxRCaSEcXlniSd41:APA91bHNeP_6mHeTfOwCfwDIuKTiJQ9GlwVMM1_3oqTJbug23IRPejxLIWcl3KL-qcsRpN0gzxWz-qRu8djqfWTLZvTp1CCj-Zy5IYL5R8HaBE9umFrYu2jFR8vM_BjYQTAMaT3yrlL5', 0, 1628158443, 1628158443, '2021-08-05 10:14:02', '2021-08-05 10:14:02'),
(786, 163, 'eyJhbGciOiJIUzI1NiIsInR5cCI6IkpXVCJ9.eyJkYXRhIjp7ImlkIjoxNjMsImVtYWlsIjoiZ2FnYW5AZ21haWwuY29tIn0sImlhdCI6MTYyODE2MDc1MH0.urL9Rivj0c1yQ4ypwT0MDFZydOx-wULuA7ga5KhdFZs', 1628160750, 'fI80_gpQQOav3Hzu__ws0D:APA91bFDusACkwuFEx-UxYYD6Xj3WcKwpVgJfF3MrXSrZqCGIj2NuYak3esfIYV1fjgEkCjE7MnUrt1-AEuM9SQ9jc2LcEo7UPt7LrzznL2Sx7nNFsISRNx2xcnRPLcWXHFCZM63Q6jH', 0, 1628160750, 1628160750, '2021-08-05 10:52:30', '2021-08-05 10:52:30'),
(787, 159, 'eyJhbGciOiJIUzI1NiIsInR5cCI6IkpXVCJ9.eyJkYXRhIjp7ImlkIjoxNTksImVtYWlsIjoiYXNoaW1hMUB5b3BtYWlsLmNvbSJ9LCJpYXQiOjE2MjgxNjI1NjB9.Zq5xScbPgN_Cx3a4d-zwRpvDDvwG3Z-fpA8pcGhcLhU', 1628162560, 'flV2RwfIQiuAG_QMm6GudM:APA91bFIkNlcf-lNwNb6pSBTIdMuZWMgGkKX-yvBMrQ9xDGY_qgtTx1PxsXxX8Y-sv0B4B1Q6dPDxeUfl11534tacx6I7xJAH79ThDFVrr8hKy3sIXUOLQiQ05vZHOIizEfpWyh4WeBn', 0, 1628162560, 1628162560, '2021-08-05 11:22:40', '2021-08-05 11:22:40'),
(788, 165, 'eyJhbGciOiJIUzI1NiIsInR5cCI6IkpXVCJ9.eyJkYXRhIjp7ImlkIjoxNjUsImVtYWlsIjoicGFtQGdtYWlsLmNvbSJ9LCJpYXQiOjE2MjgxNjQ0NzV9.D8lBc0H0QXP_owi6kK9r0WlkTAtKTYtsbQjfl6kb-kY', 1628164475, '13131a32d123sa1', 0, 1628164475, 1628164475, '2021-08-05 11:54:35', '2021-08-05 11:54:35'),
(789, 164, 'eyJhbGciOiJIUzI1NiIsInR5cCI6IkpXVCJ9.eyJkYXRhIjp7ImlkIjoxNjQsImVtYWlsIjoiamFja0BtYWlsLmNvbSJ9LCJpYXQiOjE2MjgxNjgwMTV9.HDSt154lDocRmpiDyovF-URf0FyV35zJ5L4ar27NXhk', 1628168015, 'cbBfwxr3SFu-dQB1l976Qf:APA91bF0SZuYBsUBGd6vAuJeTG1vDMlbIcKWgoz49k0uz-2VLKo_WSVZA05j4tT1mBSQtqdLyZNqG8pMwWzPW6hPpGSIlDfMuW-FLI8y_AQaJh3L6dd6Zy8reTiXiZApzWdCQtQtN6q_', 0, 1628168015, 1628168015, '2021-08-05 12:53:35', '2021-08-05 12:53:35'),
(794, 167, 'eyJhbGciOiJIUzI1NiIsInR5cCI6IkpXVCJ9.eyJkYXRhIjp7ImlkIjoxNjcsImVtYWlsIjoibW9oaXQxQHlvcG1haWwuY29tIn0sImlhdCI6MTYyODU3Nzc2NH0.MUFrKCL3Nq0wLMd6oX4HVKHwe4gbHtmeq-DdmM6BKYA', 1628577764, '13131a32d123sa1', 0, 1628577764, 1628577764, '2021-08-10 06:42:43', '2021-08-10 06:42:43'),
(796, 168, 'eyJhbGciOiJIUzI1NiIsInR5cCI6IkpXVCJ9.eyJkYXRhIjp7ImlkIjoxNjgsImVtYWlsIjoia3Jpc2hAeW9wbWFpbC5jb20ifSwiaWF0IjoxNjI4NTk0NTUzfQ.pCBnBnf60Hn0ysBbuCEZIKLvKz-hGGl2IRP5jkwPqXg', 1628594553, '13131a32d123sa1', 0, 1628594553, 1628594553, '2021-08-10 11:22:32', '2021-08-10 11:22:32'),
(797, 169, 'eyJhbGciOiJIUzI1NiIsInR5cCI6IkpXVCJ9.eyJkYXRhIjp7ImlkIjoxNjksImVtYWlsIjoiakBqLmNvbSJ9LCJpYXQiOjE2Mjg1OTU4NTB9.ZlKcmg9ZgYKvYOSr-onRrb4FO1xl_vT06pXUf4Ly-Ow', 1628595850, '13131a32d123sa1', 0, 1628595850, 1628595850, '2021-08-10 11:44:09', '2021-08-10 11:44:09'),
(798, 170, 'eyJhbGciOiJIUzI1NiIsInR5cCI6IkpXVCJ9.eyJkYXRhIjp7ImlkIjoxNzAsImVtYWlsIjoiamFja3lAbWFpbC5jb20ifSwiaWF0IjoxNjI4NTk2NDY4fQ.ZCfeouIveTFVQgEqU3OkwMHJ60j0Q_ceinqW5BM8Xoc', 1628596468, '13131a32d123sa1', 0, 1628596468, 1628596468, '2021-08-10 11:54:27', '2021-08-10 11:54:27'),
(799, 171, 'eyJhbGciOiJIUzI1NiIsInR5cCI6IkpXVCJ9.eyJkYXRhIjp7ImlkIjoxNzEsImVtYWlsIjoic2FtQG1haWwuY29tIn0sImlhdCI6MTYyODU5NjU2MX0.15AN_dhFFTREq8ROR8xOxsP_febr7iuOGCZPJw5ijZs', 1628596561, '13131a32d123sa1', 0, 1628596561, 1628596561, '2021-08-10 11:56:01', '2021-08-10 11:56:01'),
(800, 172, 'eyJhbGciOiJIUzI1NiIsInR5cCI6IkpXVCJ9.eyJkYXRhIjp7ImlkIjoxNzIsImVtYWlsIjoiYWxAbWFpbC5jb20ifSwiaWF0IjoxNjI4NTk2NzA3fQ.eqvUuOVDflY2UiM23vS24lejViLTz1hgw6QVO9cdyaE', 1628596707, '13131a32d123sa1', 0, 1628596707, 1628596707, '2021-08-10 11:58:26', '2021-08-10 11:58:26'),
(801, 173, 'eyJhbGciOiJIUzI1NiIsInR5cCI6IkpXVCJ9.eyJkYXRhIjp7ImlkIjoxNzMsImVtYWlsIjoiaGV5QG1haWwuY29tIn0sImlhdCI6MTYyODU5NjkwMX0.wWpqMlAxnrD73NM58b8sdMDFF0ej7hNUHaWKBgd-1H8', 1628596901, '13131a32d123sa1', 0, 1628596901, 1628596901, '2021-08-10 12:01:40', '2021-08-10 12:01:40'),
(802, 174, 'eyJhbGciOiJIUzI1NiIsInR5cCI6IkpXVCJ9.eyJkYXRhIjp7ImlkIjoxNzQsImVtYWlsIjoiaEBobWFpbC5jb20ifSwiaWF0IjoxNjI4NTk3Mjk5fQ.IuQJvQPbuwte3FklgvhnpeFjlT8zP2vrtmKpBflRto4', 1628597299, '13131a32d123sa1', 0, 1628597299, 1628597299, '2021-08-10 12:08:18', '2021-08-10 12:08:18'),
(803, 175, 'eyJhbGciOiJIUzI1NiIsInR5cCI6IkpXVCJ9.eyJkYXRhIjp7ImlkIjoxNzUsImVtYWlsIjoiaEBhYi5jb20ifSwiaWF0IjoxNjI4NTk3NTE0fQ.lzLT77aBEjrkHmBrFu3vqIm6HF6uCFhDAiMymR5_UIg', 1628597514, '13131a32d123sa1', 0, 1628597514, 1628597514, '2021-08-10 12:11:53', '2021-08-10 12:11:53'),
(804, 176, 'eyJhbGciOiJIUzI1NiIsInR5cCI6IkpXVCJ9.eyJkYXRhIjp7ImlkIjoxNzYsImVtYWlsIjoiYkBtYWlsLmNvbSJ9LCJpYXQiOjE2Mjg1OTc3NDJ9.fnwZnIxYPOGW1vg8MtMJRJyv8-Uj8-h79oXFt1wnGyw', 1628597742, '13131a32d123sa1', 0, 1628597742, 1628597742, '2021-08-10 12:15:42', '2021-08-10 12:15:42'),
(805, 177, 'eyJhbGciOiJIUzI1NiIsInR5cCI6IkpXVCJ9.eyJkYXRhIjp7ImlkIjoxNzcsImVtYWlsIjoieUBtYWlsLmNvbSJ9LCJpYXQiOjE2Mjg1OTc4NzB9.Wp0_RQZs_mLdriM3yOo9TR2SzayhiMzd1hQDm6sqfps', 1628597870, '13131a32d123sa1', 0, 1628597870, 1628597870, '2021-08-10 12:17:50', '2021-08-10 12:17:50'),
(807, 178, 'eyJhbGciOiJIUzI1NiIsInR5cCI6IkpXVCJ9.eyJkYXRhIjp7ImlkIjoxNzgsImVtYWlsIjoiYXJ1bkB5b3BtYWlsLmNvbSJ9LCJpYXQiOjE2Mjg2NjIyNzd9.JMlY8yASDfEXrp_4cHls9tt68Dv8Zml2SlXQirzhsss', 1628662277, '13131a32d123sa1', 0, 1628662277, 1628662277, '2021-08-11 06:11:17', '2021-08-11 06:11:17'),
(812, 166, 'eyJhbGciOiJIUzI1NiIsInR5cCI6IkpXVCJ9.eyJkYXRhIjp7ImlkIjoxNjYsImVtYWlsIjoicHJkcEBtYWlsLmNvbSJ9LCJpYXQiOjE2Mjg3NTA2NTB9.L6EhxZ_LK53MiGf6i9iXypX4zTmK50BA93PfBTkJxUE', 1628750650, 'dC0cU3upQ46cTHOLWaGHPw:APA91bFEXz1vfQWbgouQXSdGJ6Qr8MX-g5GPMpanW4O0wSbuxeQoSSzaBqzlDvV07AnxuzRxU-8otG0fGLTeDsE4sCo42MNLrLCER77RcAFYvTa5f9Nm7QsQbR62qFEQUmj-QTCPqinw', 0, 1628750651, 1628750651, '2021-08-12 06:44:10', '2021-08-12 06:44:10'),
(824, 182, 'eyJhbGciOiJIUzI1NiIsInR5cCI6IkpXVCJ9.eyJkYXRhIjp7ImlkIjoxODIsImVtYWlsIjoiam9obkB5b3BtYWlsLmNvbSJ9LCJpYXQiOjE2Mjg4NTMxNjN9.bOz5Qsj60IYsOPkiOqxpxlGIv2KlAn85hfwfVPJLOQI', 1628853163, '13131a32d123sa1', 0, 1628853163, 1628853163, '2021-08-13 11:12:43', '2021-08-13 11:12:43'),
(828, 166, 'eyJhbGciOiJIUzI1NiIsInR5cCI6IkpXVCJ9.eyJkYXRhIjp7ImlkIjoxNjYsImVtYWlsIjoicHJkcEBtYWlsLmNvbSJ9LCJpYXQiOjE2MjkxMDU0OTB9.vm4cK2yFWQI165yhOBfLrAgHUl4cYrUOXXbh26be5KA', 1629105490, 'c42_EuPBQcSzQTiWCC4jGe:APA91bGj5bP-TcmDupF9thMi0IMaf3CfuTRwRnNzVEZuSMneQoxVTJBzG1W3AVlpTrroVZHq0clQy3tlt076ZoHogakU7MSz-Rc3Nq3h3YQ36LfBsM5Uvh8c4tFzeh43pkDQSg2dvw5U', 0, 1629105491, 1629105491, '2021-08-16 09:18:10', '2021-08-16 09:18:10'),
(841, 129, 'eyJhbGciOiJIUzI1NiIsInR5cCI6IkpXVCJ9.eyJkYXRhIjp7ImlkIjoxMjksImVtYWlsIjoibW9oaXRAeW9wbWFpbC5jb20ifSwiaWF0IjoxNjI5MzUyNzI0fQ.TaHMt6TeZGiURUluvh0RMbY84ovghsE7up_VRaJdpU0', 1629352724, 'cgUHepHZSlaUActKqBWhpI:APA91bExnmhbzINaByYARBgBa3LLls6ayk0TkIDH-KzrKTn1zsTa6aBFWR5VPeBErvZhWaArXfv6_NshOUu80hpy6gcL9hZnWyQYRmaMs7AdxmGN_gFN2wSeHpUptn_nE9kp2Wu_VK6h', 0, 1629352724, 1629352724, '2021-08-19 05:58:44', '2021-08-19 05:58:44'),
(844, 183, 'eyJhbGciOiJIUzI1NiIsInR5cCI6IkpXVCJ9.eyJkYXRhIjp7ImlkIjoxODMsImVtYWlsIjoicmF2bmVldEB5b3BtYWlsLmNvbSJ9LCJpYXQiOjE2MjkzNTQ2MTF9.WeTsucgh0hkS1FIlbpReHwAFmf7T-RtTl9HLTN114SE', 1629354611, 'cSRb3iQmTnK-0QcDziIgFq:APA91bHP9UJoFfuK5Oq9CPwxbgSQvQ9grcb8HoUCjHsAOuIre2Bv4fsK234YNnLV8QVfxeuPPCgL3XufNLbQnQ0pJ8LVirM3avUz-VZlLNaLp8z-NdGRjbaTHnqWLUFGzRFiZJR7rVc5', 0, 1629354612, 1629354612, '2021-08-19 06:30:11', '2021-08-19 06:30:11'),
(908, 129, 'eyJhbGciOiJIUzI1NiIsInR5cCI6IkpXVCJ9.eyJkYXRhIjp7ImlkIjoxMjksImVtYWlsIjoibW9oaXRAeW9wbWFpbC5jb20ifSwiaWF0IjoxNjI5ODA4ODA1fQ.2pajX573GnmL8QDKKfB0RTrKaXLaLoAFNXy1g5hO5ZU', 1629808805, 'fc0_gPXvQ8KNipiNnb42fB:APA91bHkpZftHUyfD3EQkWhDVR7PhgfUdwZNdDIWwwRZCUQEMjxOIVh5kRL2FwlUpWS95HZdbcoYpgj-fYhlJywzoNHTGFwN-Ad2-9FOauzJIEjoA7ZJ_KcRoXrXDqXWdLFHsG4YnpA-', 0, 1629808806, 1629808806, '2021-08-24 12:40:05', '2021-08-24 12:40:05'),
(909, 186, 'eyJhbGciOiJIUzI1NiIsInR5cCI6IkpXVCJ9.eyJkYXRhIjp7ImlkIjoxODYsImVtYWlsIjoiYXNoaW1hMDFAeW9wbWFpbC5jb20ifSwiaWF0IjoxNjI5ODY2NTIwfQ.FXAm8P4elQDt4AccMYCuEU6vC6mRaS5AjPVPkkeAkp8', 1629866520, 'drw9nbQBQtWcDySlXh1ydH:APA91bGe0K5cxiTUrdhyVCXDFKeB-nBIrSoJs08oqNtGU7CEPMwqYkYRQfOnwTluI63CZBsybgIaYkBuNSlPnOXFxzKFzgQgQ8h-KmO5spNyv5d3JdvIW3Vlxnq00h9mRMoj2WlbOC86', 0, 1629866520, 1629866520, '2021-08-25 04:41:59', '2021-08-25 04:41:59'),
(911, 187, 'eyJhbGciOiJIUzI1NiIsInR5cCI6IkpXVCJ9.eyJkYXRhIjp7ImlkIjoxODcsImVtYWlsIjoiZ2F1cmF2QHlvcG1haWwuY29tIn0sImlhdCI6MTYyOTg4NDMzMX0.PLf3vzYX9alRAxfMCmqFAYuQeBY0eVhRfl7Sb17-MWo', 1629884331, '13131a32d123sa1', 0, 1629884331, 1629884331, '2021-08-25 09:38:51', '2021-08-25 09:38:51'),
(912, 129, 'eyJhbGciOiJIUzI1NiIsInR5cCI6IkpXVCJ9.eyJkYXRhIjp7ImlkIjoxMjksImVtYWlsIjoibW9oaXRAeW9wbWFpbC5jb20ifSwiaWF0IjoxNjI5ODg2MDMyfQ.CKbzU6oxjqSkwePFNCkglyJwkL0kuWu38pWwfm8QXYQ', 1629886032, 'dBWpzKgkSVupAtRlGXRyaY:APA91bETYrWeWCiQrDolEfbheNDc_0_YQhsY0B3gYJ6zxP54hekbjJgCKNkWqRkPHOvn1O-hMXmtxWgGfbnpA2uYF_qvVHTsqEcVDJVJ9ECjy8as9HXtrlITD_GAvK48YBenQoQnyLtQ', 0, 1629886032, 1629886032, '2021-08-25 10:07:12', '2021-08-25 10:07:12'),
(917, 129, 'eyJhbGciOiJIUzI1NiIsInR5cCI6IkpXVCJ9.eyJkYXRhIjp7ImlkIjoxMjksImVtYWlsIjoibW9oaXRAeW9wbWFpbC5jb20ifSwiaWF0IjoxNjI5OTcxMjgxfQ.gjplR1VCM4coZqeYHUyDBpG4JgZRg3hE7vO1Hv4_tQk', 1629971281, 'dEZ_17YsRCuisINqJxtAbr:APA91bF6OgHAJ16_UtbTacEdo0kGrhvbe73A_GofNXm84mAj0zN_05qe_WkDTrdb4K720iqp8ZbxxSCDdByPyao-ovEZxOlA-2qja24mqwGeLW_XxS17VNiHvOjWyhsrioRbkk2pWkGe', 0, 1629971281, 1629971281, '2021-08-26 09:48:01', '2021-08-26 09:48:01'),
(921, 189, 'eyJhbGciOiJIUzI1NiIsInR5cCI6IkpXVCJ9.eyJkYXRhIjp7ImlkIjoxODksImVtYWlsIjoic3VraGkwMUB5b3BtYWlsLmNvbSJ9LCJpYXQiOjE2Mjk5ODQxOTd9.5KC0XHlr7m_egNkpQs-2w-eqxgSkUwBxdBcI2bN1IM0', 1629984197, 'fPr-a0DzTVaSg9f5ZkwKPu:APA91bGlBik3eLAUC2sFO3gNiVHqm0j-WgzC4aaK4xjvy79wW0x3gNkvc96crTMD6v-dAEBfNOTJlShQ6GRf213CXWdbnpc58LWIeNNlhla6aTIzNfTB5nZMWNQyqSD5guTMx5KzWxOI', 0, 1629984197, 1629984197, '2021-08-26 13:23:17', '2021-08-26 13:23:17'),
(923, 183, 'eyJhbGciOiJIUzI1NiIsInR5cCI6IkpXVCJ9.eyJkYXRhIjp7ImlkIjoxODMsImVtYWlsIjoicmF2bmVldEB5b3BtYWlsLmNvbSJ9LCJpYXQiOjE2MzAzMjE4MjN9._5T9etDv0zqS_dNZBjybkye76GtOBYwmb50TaMIQosE', 1630321823, 'fTGkK5ICQpKkLud-cKTtva:APA91bGvcCQU53rDCPekntQF3CvdfpmNStgzqarL9qVurbtj9opahYlnrIgF9v5zMS0dkxz1dAa2ftKolP3RQnhRH6l1_twnT1m4D1w29jA7dkTB7lYIIR1YtjB7ulkBC-hw2-atYZuw', 0, 1630321824, 1630321824, '2021-08-30 11:10:23', '2021-08-30 11:10:23'),
(930, 166, 'eyJhbGciOiJIUzI1NiIsInR5cCI6IkpXVCJ9.eyJkYXRhIjp7ImlkIjoxNjYsImVtYWlsIjoicHJkcEBtYWlsLmNvbSJ9LCJpYXQiOjE2MzA0MDYyNTN9.y7HhiRVB3T0JiAnTaSDYmRtK5W1OsWuzCBNPK1g0R78', 1630406253, 'fs7NKki5TyKyohA6AXw1Hd:APA91bFJEB8d5JW2re52YBB9yFGcd7WdReA_l2gMNyNydUKiWoC13zVQZ27NQ0bdZ4aE_YQyHECTL7iIRBijw6jjgdi3nKTf8pGkmwWtRp-_-MAlSS7cxdPv-r3rnwxfsB6wPVsYlBB4', 0, 1630406254, 1630406254, '2021-08-31 10:37:33', '2021-08-31 10:37:33'),
(942, 198, 'eyJhbGciOiJIUzI1NiIsInR5cCI6IkpXVCJ9.eyJkYXRhIjp7ImlkIjoxOTgsImVtYWlsIjoicHJkcEB5YWhvby5jb20ifSwiaWF0IjoxNjMwNTY2OTcwfQ.LF0_RaRW1W-54MA47EXnfJRvSwraN37-6xTa0L0YT8w', 1630566970, '12456', 0, 1630566970, 1630566970, '2021-09-02 07:16:10', '2021-09-02 07:16:10'),
(946, 199, 'eyJhbGciOiJIUzI1NiIsInR5cCI6IkpXVCJ9.eyJkYXRhIjp7ImlkIjoxOTksImVtYWlsIjoibWpAZ21haWwuY29tIn0sImlhdCI6MTYzMDY0NTYzMH0.EyDaKAGQZOkOYXDwR0Az8qnPrDSPOfrVtx0_LdcupS8', 1630645630, '13131a32d123sa1', 0, 1630645630, 1630645630, '2021-09-03 05:07:10', '2021-09-03 05:07:10'),
(947, 183, 'eyJhbGciOiJIUzI1NiIsInR5cCI6IkpXVCJ9.eyJkYXRhIjp7ImlkIjoxODMsImVtYWlsIjoicmF2bmVldEB5b3BtYWlsLmNvbSJ9LCJpYXQiOjE2MzA2NzU1Nzl9.TagENH_Lb806v8obJ4ZQGKH9WQ9EgYMjZutRWW6ZWEo', 1630675579, 'fuLTXO_HScyVkDySGRS7ob:APA91bFamR3BIeh_CjpC8PbFipQuguiZh_DV1BQCDNjXox_s9kIhdATMX3mkCKK0xZ_iCJ4XOgc942ScfQ1tJPiprzddYnoRhQm8PmsZaU4sgRzalt8C_0H7iXJa0w6diUoCMdb_JKcq', 0, 1630675580, 1630675580, '2021-09-03 13:26:19', '2021-09-03 13:26:19'),
(949, 200, 'eyJhbGciOiJIUzI1NiIsInR5cCI6IkpXVCJ9.eyJkYXRhIjp7ImlkIjoyMDAsImVtYWlsIjoidGVzdEB5b3BtYWlsLmNvbSJ9LCJpYXQiOjE2MzA5OTEwMjB9.5jKN-4PnfbpYJO5tPzMtiI9Q_ywVvNvYAE5sIqXUEKk', 1630991020, 'djouvMZPSEqW5R8BRLKRnL:APA91bHE6s1tideH25D_Wi4FpCZIxgj5Wtb8o4Bl7eCzoO8MzjeA7ZuFs7r0iLcIz006zvfiqEZ6ngq-o0j4FyH-eXvKxUi1ybWrL2UqteMG-IYWIufkif8pHGq0xUOyRPN6u4wVkKul', 0, 1630991020, 1630991020, '2021-09-07 05:03:40', '2021-09-07 05:03:40'),
(950, 201, 'eyJhbGciOiJIUzI1NiIsInR5cCI6IkpXVCJ9.eyJkYXRhIjp7ImlkIjoyMDEsImVtYWlsIjoibW1qakBnbWFpbC5jb20ifSwiaWF0IjoxNjMwOTk2ODE5fQ.f9u7zfXMwkhTbHcpfFUtUQYb_Bq-B-Gvsj_JmX94Bsc', 1630996819, '13131a32d123sa1', 0, 1630996819, 1630996819, '2021-09-07 06:40:18', '2021-09-07 06:40:18'),
(953, 200, 'eyJhbGciOiJIUzI1NiIsInR5cCI6IkpXVCJ9.eyJkYXRhIjp7ImlkIjoyMDAsImVtYWlsIjoidGVzdEB5b3BtYWlsLmNvbSJ9LCJpYXQiOjE2MzEwMDUzOTJ9.yp0arXZKdOGnC3wL2s98C1Hs30dVnDJ-WxxAOSanmO0', 1631005392, 'f2RbgaddR-CdOkxOwiE-W3:APA91bFeNiraPi-u2B5z54nivF7CKGHRzn2IJVII0JG2eYEKMpdzl4luYdlUAUYA1JqPBZJRMPec3YG45m7fmif69XtIVdZMBl99vAgKWXG2BMnMr9sqbSRO0szNjrV2xOOzgsbCqX-f', 0, 1631005392, 1631005392, '2021-09-07 09:03:12', '2021-09-07 09:03:12'),
(955, 200, 'eyJhbGciOiJIUzI1NiIsInR5cCI6IkpXVCJ9.eyJkYXRhIjp7ImlkIjoyMDAsImVtYWlsIjoidGVzdEB5b3BtYWlsLmNvbSJ9LCJpYXQiOjE2MzEwMjA0MTF9.alfduS8yLxgQa_jCmzMNiv3nLpDj-hqscEf4rMSN6mM', 1631020411, 'dqK6XdL1QuyQbhixAAPfyo:APA91bEnk6xJzYq2UgsbzBgIiRoaFqXSFTVcntXzMrtLabMz6rKCEeKiwnb9DCP_moBki6HtehVttYo4mleIY7vv5EAuLTKbe7thkY0bo258nMExUqsVbxsO--CFBZ2nhC-mYxVEs0Cy', 0, 1631020411, 1631020411, '2021-09-07 13:13:31', '2021-09-07 13:13:31'),
(958, 185, 'eyJhbGciOiJIUzI1NiIsInR5cCI6IkpXVCJ9.eyJkYXRhIjp7ImlkIjoxODUsImVtYWlsIjoicHJkcEBnbWFpbC5jb20ifSwiaWF0IjoxNjMxMDgxMTUwfQ.VeSO43S4gFhqoYXS02sn7o83oSw0HHmeVCfpV_YzPLY', 1631081150, 'fjzFAA9OQYiKrV0LlW-2TD:APA91bFwbeLuMw7bDA3cPTi2jijkhOmjH_5CIufYnrdAAcbVRPRXWGSFUk53Wf4vhH1kEPyBjg9P-BP46rC8wzutvRVlYQCTYJT3TVo1-Awf_7orKGrg2x8L0wZxyI_sEmBwwS-WRMSx', 0, 1631081150, 1631081150, '2021-09-08 06:05:50', '2021-09-08 06:05:50'),
(962, 166, 'eyJhbGciOiJIUzI1NiIsInR5cCI6IkpXVCJ9.eyJkYXRhIjp7ImlkIjoxNjYsImVtYWlsIjoicHJkcEBtYWlsLmNvbSJ9LCJpYXQiOjE2MzExNjgxNTl9.b4O-Bl7gYrEWovn1K8JhsQQ0oEQnDq8D1npCVit3AtM', 1631168159, 'dzcSnt70Tg6SnMiXrDh3ci:APA91bFY4A_FTumv6UF6ee05slE9sL5mzXtcl8WA_5qvOWljtI8b4XsnK6ACYF6uCFl0jK3SjgDp8I9iFTLyEecsuPVfA3iMTfCuprg_nOJLaoNP4JDcbS5uFQsqiZ1Hkj9-U-mew5Qn', 0, 1631168159, 1631168159, '2021-09-09 06:15:59', '2021-09-09 06:15:59'),
(967, 166, 'eyJhbGciOiJIUzI1NiIsInR5cCI6IkpXVCJ9.eyJkYXRhIjp7ImlkIjoxNjYsImVtYWlsIjoicHJkcEBtYWlsLmNvbSJ9LCJpYXQiOjE2MzEyNzY2MzF9.Y6Vm6bD728AWePQgEUYaVHHzUJYA07bDhKNdglKa4cw', 1631276631, 'f83N-j8vt13Mvn6RfZ2j-k:APA91bGwXaCMyWcz4cWlmHQxvztvS89qVw771r8e_m8qjItGc8RZElPFHZBcOpv97PJviYIwS2kSkbaTXMcdu2JHJWhgadAq0a6-bOZquT7FRmACtFzLNfzlj_qJpyRhaftK4S15P0oR', 0, 1631276631, 1631276631, '2021-09-10 12:23:51', '2021-09-10 12:23:51'),
(968, 204, 'eyJhbGciOiJIUzI1NiIsInR5cCI6IkpXVCJ9.eyJkYXRhIjp7ImlkIjoyMDQsImVtYWlsIjoiYXJ1bmdlb3JnZTgxMUBnbWFpbC5jb20ifSwiaWF0IjoxNjMzMDk0MjQ1fQ.dlbPVDnMYeTCzZZs14u0QQq3CNdSoJmD6J8Kw4NTwEg', 1633094245, '13131a32d123sa1', 0, 1633094245, 1633094245, '2021-10-01 13:17:24', '2021-10-01 13:17:24'),
(970, 205, 'eyJhbGciOiJIUzI1NiIsInR5cCI6IkpXVCJ9.eyJkYXRhIjp7ImlkIjoyMDUsImVtYWlsIjoiY3Fsc3lzNjBAZ21haWwuY29tIn0sImlhdCI6MTYzMzM0NzIzMn0.j0NLaYk6yTJ6goTK8gOqoEOuYtlQ-H6H2iiLf3zWCno', 1633347232, '', 0, 1633347232, 1633347232, '2021-10-04 11:33:51', '2021-10-04 11:33:51'),
(971, 205, 'eyJhbGciOiJIUzI1NiIsInR5cCI6IkpXVCJ9.eyJkYXRhIjp7ImlkIjoyMDUsImVtYWlsIjoiY3Fsc3lzNjBAZ21haWwuY29tIn0sImlhdCI6MTYzMzM0NzIzMn0.j0NLaYk6yTJ6goTK8gOqoEOuYtlQ-H6H2iiLf3zWCno', 1633347232, '', 0, 1633347835, 1633347835, '2021-10-04 11:43:55', '2021-10-04 11:43:55'),
(972, 206, 'eyJhbGciOiJIUzI1NiIsInR5cCI6IkpXVCJ9.eyJkYXRhIjp7ImlkIjoyMDYsImVtYWlsIjoiY3Fsc3lzNjBAZ21haWwuY29tIn0sImlhdCI6MTYzMzM0ODA3MX0.qLH0nHJ-8Hl-mmSTGRG-QTXRvJXzMiBdV1lPgE44HNI', 1633348071, '', 0, 1633348071, 1633348071, '2021-10-04 11:47:51', '2021-10-04 11:47:51'),
(973, 206, 'eyJhbGciOiJIUzI1NiIsInR5cCI6IkpXVCJ9.eyJkYXRhIjp7ImlkIjoyMDYsImVtYWlsIjoiY3Fsc3lzNjBAZ21haWwuY29tIn0sImlhdCI6MTYzMzM0ODA3MX0.qLH0nHJ-8Hl-mmSTGRG-QTXRvJXzMiBdV1lPgE44HNI', 1633348071, '', 0, 1633348094, 1633348094, '2021-10-04 11:48:14', '2021-10-04 11:48:14'),
(974, 206, 'eyJhbGciOiJIUzI1NiIsInR5cCI6IkpXVCJ9.eyJkYXRhIjp7ImlkIjoyMDYsImVtYWlsIjoiY3Fsc3lzNjBAZ21haWwuY29tIn0sImlhdCI6MTYzMzM0ODA3MX0.qLH0nHJ-8Hl-mmSTGRG-QTXRvJXzMiBdV1lPgE44HNI', 1633348071, '', 0, 1633348124, 1633348124, '2021-10-04 11:48:44', '2021-10-04 11:48:44'),
(975, 206, 'eyJhbGciOiJIUzI1NiIsInR5cCI6IkpXVCJ9.eyJkYXRhIjp7ImlkIjoyMDYsImVtYWlsIjoiY3Fsc3lzNjBAZ21haWwuY29tIn0sImlhdCI6MTYzMzM0ODA3MX0.qLH0nHJ-8Hl-mmSTGRG-QTXRvJXzMiBdV1lPgE44HNI', 1633348071, '', 0, 1633348210, 1633348210, '2021-10-04 11:50:10', '2021-10-04 11:50:10'),
(976, 206, 'eyJhbGciOiJIUzI1NiIsInR5cCI6IkpXVCJ9.eyJkYXRhIjp7ImlkIjoyMDYsImVtYWlsIjoiY3Fsc3lzNjBAZ21haWwuY29tIn0sImlhdCI6MTYzMzM0ODA3MX0.qLH0nHJ-8Hl-mmSTGRG-QTXRvJXzMiBdV1lPgE44HNI', 1633348071, '', 0, 1633348484, 1633348484, '2021-10-04 11:54:44', '2021-10-04 11:54:44'),
(977, 206, 'eyJhbGciOiJIUzI1NiIsInR5cCI6IkpXVCJ9.eyJkYXRhIjp7ImlkIjoyMDYsImVtYWlsIjoiY3Fsc3lzNjBAZ21haWwuY29tIn0sImlhdCI6MTYzMzM0ODA3MX0.qLH0nHJ-8Hl-mmSTGRG-QTXRvJXzMiBdV1lPgE44HNI', 1633348071, '', 0, 1633348511, 1633348511, '2021-10-04 11:55:11', '2021-10-04 11:55:11'),
(978, 206, 'eyJhbGciOiJIUzI1NiIsInR5cCI6IkpXVCJ9.eyJkYXRhIjp7ImlkIjoyMDYsImVtYWlsIjoiY3Fsc3lzNjBAZ21haWwuY29tIn0sImlhdCI6MTYzMzM0ODA3MX0.qLH0nHJ-8Hl-mmSTGRG-QTXRvJXzMiBdV1lPgE44HNI', 1633348071, '', 0, 1633349702, 1633349702, '2021-10-04 12:15:01', '2021-10-04 12:15:01'),
(979, 206, 'eyJhbGciOiJIUzI1NiIsInR5cCI6IkpXVCJ9.eyJkYXRhIjp7ImlkIjoyMDYsImVtYWlsIjoiY3Fsc3lzNjBAZ21haWwuY29tIn0sImlhdCI6MTYzMzM0ODA3MX0.qLH0nHJ-8Hl-mmSTGRG-QTXRvJXzMiBdV1lPgE44HNI', 1633348071, '', 0, 1633349771, 1633349771, '2021-10-04 12:16:11', '2021-10-04 12:16:11');
INSERT INTO `userToken` (`id`, `userId`, `token`, `iat`, `deviceToken`, `deviceType`, `created`, `updated`, `createdAt`, `updatedAt`) VALUES
(980, 206, 'eyJhbGciOiJIUzI1NiIsInR5cCI6IkpXVCJ9.eyJkYXRhIjp7ImlkIjoyMDYsImVtYWlsIjoiY3Fsc3lzNjBAZ21haWwuY29tIn0sImlhdCI6MTYzMzM0ODA3MX0.qLH0nHJ-8Hl-mmSTGRG-QTXRvJXzMiBdV1lPgE44HNI', 1633348071, '', 0, 1633349829, 1633349829, '2021-10-04 12:17:08', '2021-10-04 12:17:08'),
(981, 206, 'eyJhbGciOiJIUzI1NiIsInR5cCI6IkpXVCJ9.eyJkYXRhIjp7ImlkIjoyMDYsImVtYWlsIjoiY3Fsc3lzNjBAZ21haWwuY29tIn0sImlhdCI6MTYzMzM0ODA3MX0.qLH0nHJ-8Hl-mmSTGRG-QTXRvJXzMiBdV1lPgE44HNI', 1633348071, '', 0, 1633349889, 1633349889, '2021-10-04 12:18:08', '2021-10-04 12:18:08'),
(982, 207, 'eyJhbGciOiJIUzI1NiIsInR5cCI6IkpXVCJ9.eyJkYXRhIjp7ImlkIjoyMDcsImVtYWlsIjoicGFydmVlbi5jcWxAZ21haWwuY29tIn0sImlhdCI6MTYzMzM1MTc1OH0.l_BoFhqto5PW2SbeOyAZ3cXoLMTvBx9yr0jCovQF_ws', 1633351758, '', 0, 1633351758, 1633351758, '2021-10-04 12:49:18', '2021-10-04 12:49:18'),
(983, 207, 'eyJhbGciOiJIUzI1NiIsInR5cCI6IkpXVCJ9.eyJkYXRhIjp7ImlkIjoyMDcsImVtYWlsIjoicGFydmVlbi5jcWxAZ21haWwuY29tIn0sImlhdCI6MTYzMzM1MTc1OH0.l_BoFhqto5PW2SbeOyAZ3cXoLMTvBx9yr0jCovQF_ws', 1633351758, '', 0, 1633352473, 1633352473, '2021-10-04 13:01:12', '2021-10-04 13:01:12'),
(988, 208, 'eyJhbGciOiJIUzI1NiIsInR5cCI6IkpXVCJ9.eyJkYXRhIjp7ImlkIjoyMDgsImVtYWlsIjoibW9oaXRhcm9yYTc4NjZAZ21haWwuY29tIn0sImlhdCI6MTYzMzQzNDgzOH0.NadUje5EHeWw3GBDIJvysP--efDp7X9WzBSfk4vKelo', 1633434838, '', 0, 1633434838, 1633434838, '2021-10-05 11:53:57', '2021-10-05 11:53:57'),
(990, 209, 'eyJhbGciOiJIUzI1NiIsInR5cCI6IkpXVCJ9.eyJkYXRhIjp7ImlkIjoyMDksImVtYWlsIjoicmlja3lfc2hhcm1hMjAxMUB5YWhvby5jb20ifSwiaWF0IjoxNjMzNDM4MDAxfQ.RbmQbgNpz_Bq2c73T4K7gwmhF5nirJYY1-goIq4XdyQ', 1633438001, '', 0, 1633438001, 1633438001, '2021-10-05 12:46:40', '2021-10-05 12:46:40'),
(992, 209, 'eyJhbGciOiJIUzI1NiIsInR5cCI6IkpXVCJ9.eyJkYXRhIjp7ImlkIjoyMDksImVtYWlsIjoicmlja3lfc2hhcm1hMjAxMUB5YWhvby5jb20ifSwiaWF0IjoxNjMzNDM4MDAxfQ.RbmQbgNpz_Bq2c73T4K7gwmhF5nirJYY1-goIq4XdyQ', 1633438001, '', 0, 1633438210, 1633438210, '2021-10-05 12:50:09', '2021-10-05 12:50:09'),
(994, 210, 'eyJhbGciOiJIUzI1NiIsInR5cCI6IkpXVCJ9.eyJkYXRhIjp7ImlkIjoyMTAsImVtYWlsIjoibW9oaXRjcWxzeXMxMjNAZ21haWwuY29tIn0sImlhdCI6MTYzMzUxODc0N30.8MtNS1Y2Qbj_hXfZCrKe7vehyJli9_lSm6DyC0vHTVY', 1633518747, '', 0, 1633518747, 1633518747, '2021-10-06 11:12:26', '2021-10-06 11:12:26'),
(997, 208, 'eyJhbGciOiJIUzI1NiIsInR5cCI6IkpXVCJ9.eyJkYXRhIjp7ImlkIjoyMDgsImVtYWlsIjoibW9oaXRhcm9yYTc4NjZAZ21haWwuY29tIn0sImlhdCI6MTYzMzQzNDgzOH0.NadUje5EHeWw3GBDIJvysP--efDp7X9WzBSfk4vKelo', 1633434838, '', 0, 1633527275, 1633527275, '2021-10-06 13:34:34', '2021-10-06 13:34:34'),
(999, 211, 'eyJhbGciOiJIUzI1NiIsInR5cCI6IkpXVCJ9.eyJkYXRhIjp7ImlkIjoyMTEsImVtYWlsIjoiYUBhLmNvbSJ9LCJpYXQiOjE2MzM1MjgyODF9.41T6bsvqe1jbBpIelXjjW8zY3S5AG5iXjMr0N-eTSJY', 1633528281, '13131a32d123sa1', 0, 1633528281, 1633528281, '2021-10-06 13:51:21', '2021-10-06 13:51:21'),
(1000, 212, 'eyJhbGciOiJIUzI1NiIsInR5cCI6IkpXVCJ9.eyJkYXRhIjp7ImlkIjoyMTIsImVtYWlsIjoidmVuZG9yM0B5b3BtYWlsLmNvbW0ifSwiaWF0IjoxNjMzNTI4NTk0fQ._BlRwqRSFiej3RjCuHnLm0WPtC5F2KLqZptvpX4bNn0', 1633528594, 'lkjsadfahsdfkjashdfiasuhfiawuefh124124124asd', 0, 1633528594, 1633528594, '2021-10-06 13:56:34', '2021-10-06 13:56:34'),
(1001, 129, 'eyJhbGciOiJIUzI1NiIsInR5cCI6IkpXVCJ9.eyJkYXRhIjp7ImlkIjoxMjksImVtYWlsIjoibW9oaXRAeW9wbWFpbC5jb20ifSwiaWF0IjoxNjMzNTI4NzQ3fQ.n2OmoLM9pVSpQ6FvuR5aSJVhQ9-SCWhysFcOfdgPtZ0', 1633528747, 'dEZ_17YsRCuisINqJxtAbr:APA91bGkw7h-3homZ5y3qvujrf9c66oYRxsN9OXQp2v_qBx9myQ1eFIiy9sWN0o9njRP8d_nd7zROwwlzXryLp6JuM3VZN8Li64HDT2W21fAVcPx7ZS0mrhvRqBJLAbWqzfAOmHZfw8J', 0, 1633528747, 1633528747, '2021-10-06 13:59:07', '2021-10-06 13:59:07'),
(1002, 213, 'eyJhbGciOiJIUzI1NiIsInR5cCI6IkpXVCJ9.eyJkYXRhIjp7ImlkIjoyMTMsImVtYWlsIjoicEBwLmNvbSJ9LCJpYXQiOjE2MzM1Mjg5NzJ9.CdbFUIaOYBCK1Tnn8XspK3itcUGs_w9Lp3NHQd09LEk', 1633528972, '13131a32d123sa1', 0, 1633528972, 1633528972, '2021-10-06 14:02:52', '2021-10-06 14:02:52'),
(1003, 214, 'eyJhbGciOiJIUzI1NiIsInR5cCI6IkpXVCJ9.eyJkYXRhIjp7ImlkIjoyMTQsImVtYWlsIjoiakBqLmNvbW0ifSwiaWF0IjoxNjMzNTI5MjI5fQ.eDN3KaVXMFitOiZkfgrm9VbpIXnFsvxN_o5XqjByxBg', 1633529229, '13131a32d123sa1', 0, 1633529229, 1633529229, '2021-10-06 14:07:08', '2021-10-06 14:07:08'),
(1004, 215, 'eyJhbGciOiJIUzI1NiIsInR5cCI6IkpXVCJ9.eyJkYXRhIjp7ImlkIjoyMTUsImVtYWlsIjoicmlzaGFiQHlvcG1haWwuY29tIn0sImlhdCI6MTYzMzUyOTQ0MH0.-WSXM48ozidP5Wt6GzWLFZJ3BThdbJS9_ZKi8tZpGlk', 1633529440, '13131a32d123sa1', 0, 1633529440, 1633529440, '2021-10-06 14:10:40', '2021-10-06 14:10:40'),
(1005, 210, 'eyJhbGciOiJIUzI1NiIsInR5cCI6IkpXVCJ9.eyJkYXRhIjp7ImlkIjoyMTAsImVtYWlsIjoibW9oaXRjcWxzeXMxMjNAZ21haWwuY29tIn0sImlhdCI6MTYzMzUxODc0N30.8MtNS1Y2Qbj_hXfZCrKe7vehyJli9_lSm6DyC0vHTVY', 1633518747, '', 0, 1633529510, 1633529510, '2021-10-06 14:11:50', '2021-10-06 14:11:50'),
(1006, 216, 'eyJhbGciOiJIUzI1NiIsInR5cCI6IkpXVCJ9.eyJkYXRhIjp7ImlkIjoyMTYsImVtYWlsIjoidmFydW5AeW9wbWFpbC5jb20ifSwiaWF0IjoxNjMzNTI5NTQ2fQ.x_C1yEATs2aJxd98T8yvz_udhILUGv2P-LFSPajBXQY', 1633529546, '13131a32d123sa1', 0, 1633529546, 1633529546, '2021-10-06 14:12:25', '2021-10-06 14:12:25'),
(1008, 129, 'eyJhbGciOiJIUzI1NiIsInR5cCI6IkpXVCJ9.eyJkYXRhIjp7ImlkIjoxMjksImVtYWlsIjoibW9oaXRAeW9wbWFpbC5jb20ifSwiaWF0IjoxNjM0MTk3NTY2fQ.EHh4uUmuwEEhQjmGWfEqsACaTVSq6e5i1KAtsszeAeU', 1634197566, 'chPDGiusQ7uIPCPfi1n0Cs:APA91bFmj2uDSAhzLkLWIhg2-LCC3Ch-2vNqMrWx6yDa8vZT6gZipIQ2DUWLgUIP_AbpL18-tstb5m60KAG7xjottxi9P2SEO-FYHrMmse5eqQfY9ri4awOiqTA7B9-46prcjRcnhEA8', 0, 1634197567, 1634197567, '2021-10-14 07:46:06', '2021-10-14 07:46:06'),
(1011, 217, 'eyJhbGciOiJIUzI1NiIsInR5cCI6IkpXVCJ9.eyJkYXRhIjp7ImlkIjoyMTcsImVtYWlsIjoiYXJ1bmdlb3JnZTkxMUBtZS5jb20ifSwiaWF0IjoxNjM0NDgxODIwfQ.Wh8y-6K2K0pic-PFMmTuocKIl_m5UOjQ1qIcM9Ci6BQ', 1634481820, 'cY4uSMwERDqVSpjs6B_8Dm:APA91bF04mnJfIoZAfPuzvtY_McResrcvusnU-KCkMIPTib9uKNl-3_FxJm3uHYUb5rHIbJRlGgIM0nyHmuS4o79G_GiMWThILuqjXM8B952LDGhE6VH7BsL_2GSQ1Fb0fxs8rreT7YH', 0, 1634481821, 1634481821, '2021-10-17 14:43:40', '2021-10-17 14:43:40'),
(1012, 219, 'eyJhbGciOiJIUzI1NiIsInR5cCI6IkpXVCJ9.eyJkYXRhIjp7ImlkIjoyMTksImVtYWlsIjoiamFja3lAZ21haWwuY29tIn0sImlhdCI6MTYzNDUzMTk5MX0.G5KcEUJ0JCkJnP0EoEB--0eEKFvD-oFYayinaYIuvy4', 1634531991, '13131a32d123sa1', 0, 1634531991, 1634531991, '2021-10-18 04:39:50', '2021-10-18 04:39:50'),
(1013, 220, 'eyJhbGciOiJIUzI1NiIsInR5cCI6IkpXVCJ9.eyJkYXRhIjp7ImlkIjoyMjAsImVtYWlsIjoidGVzdEBnbWFpbC5jb20ifSwiaWF0IjoxNjM0NTMzMjY0fQ.6gZM1VS1LfG_ajUVJW7eBD-sDhG4ck5Gb2D1HWxYByg', 1634533264, '13131a32d123sa1', 0, 1634533264, 1634533264, '2021-10-18 05:01:04', '2021-10-18 05:01:04'),
(1014, 221, 'eyJhbGciOiJIUzI1NiIsInR5cCI6IkpXVCJ9.eyJkYXRhIjp7ImlkIjoyMjEsImVtYWlsIjoibmV3QGdtYWlsLmNvbSJ9LCJpYXQiOjE2MzQ1MzM2MzB9.HSvPK1biiJ6MVxmR0IxUPh89xg1dJQFGT8uAisPriMg', 1634533630, '13131a32d123sa1', 0, 1634533630, 1634533630, '2021-10-18 05:07:09', '2021-10-18 05:07:09'),
(1017, 129, 'eyJhbGciOiJIUzI1NiIsInR5cCI6IkpXVCJ9.eyJkYXRhIjp7ImlkIjoxMjksImVtYWlsIjoibW9oaXRAeW9wbWFpbC5jb20ifSwiaWF0IjoxNjM0NTM4NzUzfQ.-HGYf8zbJ1BRGfUiTIPdWtcZh4PwUTNZ7E_cPjGFpjo', 1634538753, 'feR2pML1RNCQlweGpFD8R2:APA91bG9JvTz9wzXov_zYVFQ_EaSq8VM9f3fZJaooqEkFovKOPiDb_YykDgW1UmunAr_wtfjzN0rxNhXPQ2oOVpNq3QPBOfBOd8S37GTlh_S-mWLvjr_s7jHGZZnWEaGZcOXkzAyE9ju', 0, 1634538754, 1634538754, '2021-10-18 06:32:33', '2021-10-18 06:32:33'),
(1018, 185, 'eyJhbGciOiJIUzI1NiIsInR5cCI6IkpXVCJ9.eyJkYXRhIjp7ImlkIjoxODUsImVtYWlsIjoicHJkcEBnbWFpbC5jb20ifSwiaWF0IjoxNjM0NTQzNDY4fQ.cZjvcLeEFQB0w3o_RDxFZ0490ZJEjn7oeI0myz_npBA', 1634543468, 'ei5MVB_aR_yCb5Q9Y09zmw:APA91bH0IBY4W5GS25dBZZpekhDuiemkmYaiKoCuJeQ8zDaiHw1Q-bapYaIcZ3tJJn772uMVonWrttV_-7TiTxYcT_NxsjQa95xjIwGPH3OPfpUDyz4iAkoonvOuVKFuQ2LIoXaifvsT', 0, 1634543468, 1634543468, '2021-10-18 07:51:08', '2021-10-18 07:51:08'),
(1020, 166, 'eyJhbGciOiJIUzI1NiIsInR5cCI6IkpXVCJ9.eyJkYXRhIjp7ImlkIjoxNjYsImVtYWlsIjoicHJkcEBtYWlsLmNvbSJ9LCJpYXQiOjE2MzQ3MjMwMjh9.6F9NmxrXkukNWdzQb19YGn2MWB8S0cwrg8WovAtoXps', 1634723028, 'cIXlrQFzR862AaIO3nadYm:APA91bFKQSKGwe3Ew8CuZtAg_Df2SxpJK6xHsXxiBKBnSy42GUHOeG_9hVLhlKrcW3yol1IfIUqEteLrKk5Pz26-oUMftuvH0egFT_4GZOAxLcGCjs7UXR-8Cf6H6uqREwwLiMSMSz4b', 0, 1634723028, 1634723028, '2021-10-20 09:43:48', '2021-10-20 09:43:48'),
(1024, 42, 'eyJhbGciOiJIUzI1NiIsInR5cCI6IkpXVCJ9.eyJkYXRhIjp7ImlkIjo0MiwiZW1haWwiOiJzZWxsZXJhZG1pbkBnbWFpbC5jb20ifSwiaWF0IjoxNjM0NzI3NTE0fQ.ax52dRldbFmq7WN63i7nibOi3lo3JqUiKrsrlyM6Gkk', 1634727514, 'eG9ByF5nukW_r7PWy4iyAl:APA91bEIXuRPzZUxW4LzQHx_hWGHufnTRvWnYOxawnUcL0X12LyCnqN14MWEumwWn8bRRvAwQD-mwEvJJJT9yZW8W04TD61XQG4m7z6cUHZK0c374avgKQwkg0ceDRJ9H8AfEevQpYV7', 0, 1634727514, 1634727514, '2021-10-20 10:58:34', '2021-10-20 10:58:34'),
(1025, 42, 'eyJhbGciOiJIUzI1NiIsInR5cCI6IkpXVCJ9.eyJkYXRhIjp7ImlkIjo0MiwiZW1haWwiOiJzZWxsZXJhZG1pbkBnbWFpbC5jb20ifSwiaWF0IjoxNjM0NzI3NjQ5fQ.yBJur-KFlcZUC1aF0nF4eA_Osjzf_qMkONI5E1Sdob0', 1634727649, 'cwuMHnnQTiaptq4Fyse1xL:APA91bEjfyXzGFEgsPDLseWLOFUz2j7o_0bn41geJZzN8dSsJG7MszafP-WYxZNMBK7dJ78kT54yGaC_6YUB_o4YKk69slWvAQlKUSs3MkfY3nhPrrznKr2hyOYnGtQ4pLSX5Kkkaajx', 0, 1634727649, 1634727649, '2021-10-20 11:00:49', '2021-10-20 11:00:49'),
(1026, 222, 'eyJhbGciOiJIUzI1NiIsInR5cCI6IkpXVCJ9.eyJkYXRhIjp7ImlkIjoyMjIsImVtYWlsIjoiZ2F1cmF2MUB5b3BtYWlsLmNvbSJ9LCJpYXQiOjE2MzQ3Mjc5MDN9.RHyAVBjO9DsX5MCsZmgbIOU7rF74QcoRNdZOc0dZUTQ', 1634727903, '13131a32d123sa1', 0, 1634727903, 1634727903, '2021-10-20 11:05:03', '2021-10-20 11:05:03'),
(1028, 42, 'eyJhbGciOiJIUzI1NiIsInR5cCI6IkpXVCJ9.eyJkYXRhIjp7ImlkIjo0MiwiZW1haWwiOiJzZWxsZXJhZG1pbkBnbWFpbC5jb20ifSwiaWF0IjoxNjM0NzI3OTY5fQ.xnu6HMkBH0bfhmmgof4dcvzrWPlzkR9IdNNZ6eYBrAk', 1634727969, 'dD3jR2g7SmKYrcVRGnV-yl:APA91bGP4DBbqrZXpkT6QOQYT1JxgqJL4hK3bNaNEvcOIr0_aklomKU_Dfl1xpz5nfcOC3s0UtnF8HZUr1SkpRl4u6_mlC72dOKU7QvXIW9pvDRF_WYoEpsUmTc0y556ByJPOWoZxDlU', 0, 1634727970, 1634727970, '2021-10-20 11:06:09', '2021-10-20 11:06:09'),
(1029, 166, 'eyJhbGciOiJIUzI1NiIsInR5cCI6IkpXVCJ9.eyJkYXRhIjp7ImlkIjoxNjYsImVtYWlsIjoicHJkcEBtYWlsLmNvbSJ9LCJpYXQiOjE2MzQ3MjgwMTB9.rxOVmDMYUgFQ2HrffeKSWKRj0lQXCwkE56YU7Tan3rQ', 1634728010, 'fta7YT9CSdWi2p3zhvvKO5:APA91bHv2TR9wCyfEtYodDZuTH4f6UWhubcQ5kgMUF3ME65cQ6fNPzo81Ui1wn6VG0t_ZZpgtF7wInEip-_gkzMx2P1LsTo_E419htN8lMqHkZDJtbomQ8GO9ZWfnAxbLydmlXZOvmJs', 0, 1634728010, 1634728010, '2021-10-20 11:06:50', '2021-10-20 11:06:50'),
(1030, 166, 'eyJhbGciOiJIUzI1NiIsInR5cCI6IkpXVCJ9.eyJkYXRhIjp7ImlkIjoxNjYsImVtYWlsIjoicHJkcEBtYWlsLmNvbSJ9LCJpYXQiOjE2MzQ4OTUzOTh9.cp9j8JqUKiiM4w26KTT3WVoN2ShyUbAVufXBIP9FvO0', 1634895398, 'cgC8Kmt8Rn246hcpiEJTJ4:APA91bEDS2kWxQzxP05owJIPoo5Cj0bC1J_Wm-Uv3fXcJJjURLPILGCjVihXNC9eueR1lvxDxemi3e9Yxrz0kgSlrsB9PiHpClJUUwGt_9MP_wVyW-ctttMS5MRK6eUVH9KC95sV7sd9', 0, 1634895398, 1634895398, '2021-10-22 09:36:38', '2021-10-22 09:36:38'),
(1034, 204, 'eyJhbGciOiJIUzI1NiIsInR5cCI6IkpXVCJ9.eyJkYXRhIjp7ImlkIjoyMDQsImVtYWlsIjoiYXJ1bmdlb3JnZTgxMUBnbWFpbC5jb20ifSwiaWF0IjoxNjM1MDAwNTE5fQ.aqZ7Q1gyjbig8kb09szzTsafGrpEIc9l4dGn7Q3klmo', 1635000519, 'fSDr6qOmQSyWnZNn4wxzgK:APA91bEYA7MBsuFzKJKMVSTnszBUNoDrL6vOaLvbAJSpJdWhZKIIEBMx3JvuGDfgYcn4bm_VKiEw_lZFQ_XniLXzegom2cPVVsAQP5YhuESVbeuhczgTLM9e8wwJK9QWodKyfCfpjreH', 0, 1635000519, 1635000519, '2021-10-23 14:48:39', '2021-10-23 14:48:39'),
(1036, 224, 'eyJhbGciOiJIUzI1NiIsInR5cCI6IkpXVCJ9.eyJkYXRhIjp7ImlkIjoyMjQsImVtYWlsIjoiYXJ1bmdlb3JnZTcxMUBnbWFpbC5jb20ifSwiaWF0IjoxNjM1MTIyMDg5fQ.VSAkpS2JinqpCsP2fUl_zfxL8FQAKjnFE7Ku32qB3-Q', 1635122089, 'c9xx1HX4QdSWgCgfJ0qZFn:APA91bE7c4vy3DKhpMwHvoDlZKvMyssxBxPOv2spSvmMJNcDCtLJ9YN9Vd1reFeXMHpicSRScRY-mV6ZUqKLoXI01sZgQzutRKlUphnpukHrv6_gJ_ypUE2iph8zI5qhTKWnMOwoo8om', 0, 1635122090, 1635122090, '2021-10-25 00:34:49', '2021-10-25 00:34:49'),
(1040, 227, 'eyJhbGciOiJIUzI1NiIsInR5cCI6IkpXVCJ9.eyJkYXRhIjp7ImlkIjoyMjcsImVtYWlsIjoicmlib3pvbWl0aWMzQGdtYWlsLmNvbSJ9LCJpYXQiOjE2MzUxNTQ2OTN9.t0xSUWDyZElef3kYSo4wC-q3WPIxeMcTL_Xb8zIZry4', 1635154693, 'f1ncIwOvQaCUBWxLMSrD-h:APA91bEbYkMOW8k7sSoVF1wmZEOaizChWA6sJXsM9wEfrUHSjEOrrPE7TUu5yzgvDQADoQ4r6FKmL7p4bxUMNyi_RlFMVRVl88j0XivasgZJyUvTtFuJ27eJ_gLqbRCGXEfftHO9jt2i', 0, 1635154694, 1635154694, '2021-10-25 09:38:13', '2021-10-25 09:38:13'),
(1046, 129, 'eyJhbGciOiJIUzI1NiIsInR5cCI6IkpXVCJ9.eyJkYXRhIjp7ImlkIjoxMjksImVtYWlsIjoibW9oaXRAeW9wbWFpbC5jb20ifSwiaWF0IjoxNjM1NTA2Njg0fQ.Yp-8eiM8uVqKvgiWbNeXS6F4aJ4glcjE-pNbwsKu3hU', 1635506684, 'f563Xe32QqqzuAxRht0Tf2:APA91bGUX2jK7CvadcDd1WJaX8FOS-sISd-GSZs6LKKKT7_t-psI0g60TcAuxsoo11AMTDwADtitjh690aqih017mL2EoqfACxlak8DGsR6Fmg1oxK02PE6C4meL4__fr5Zry2p1AsaO', 0, 1635506684, 1635506684, '2021-10-29 11:24:44', '2021-10-29 11:24:44'),
(1051, 129, 'eyJhbGciOiJIUzI1NiIsInR5cCI6IkpXVCJ9.eyJkYXRhIjp7ImlkIjoxMjksImVtYWlsIjoibW9oaXRAeW9wbWFpbC5jb20ifSwiaWF0IjoxNjM1NTExODY2fQ.1tNlBRbbQx7DIDMwuZIiRx4iFnwrRO_vDy-2d9E9YcY', 1635511866, 'eefBqelsRoClQToADrtDJ9:APA91bFqUmIo8iyfgitGqMZdr70wOtn1-CzPTtbXHHcs_la3Bhpdb5pqtEC4XmMLwKAtizbJidhiw6q4ixV5_-fT57jfJWUXnrjsDx8xVw6r2i4kvcM1Lw8MqtlBfM6MYjMbw1oWys3z', 0, 1635511866, 1635511866, '2021-10-29 12:51:06', '2021-10-29 12:51:06'),
(1052, 129, 'eyJhbGciOiJIUzI1NiIsInR5cCI6IkpXVCJ9.eyJkYXRhIjp7ImlkIjoxMjksImVtYWlsIjoibW9oaXRAeW9wbWFpbC5jb20ifSwiaWF0IjoxNjM1NTEyMDg0fQ.Ns9KXsWcgCE55LYxQKsSBCL5xrWV2fDOGHTx05r7Ies', 1635512084, 'eHZT-_JNQG2qIIkHPy8N2t:APA91bHi7KPnYMdvVn7fvT_cO6zXbf0O8cEx4WQPITjCZvJuH-HcRdPK28Kwg4IMMeE83ne-mrdfp06sXC3fwL-7QMXmBDuae060o56L323dWkL4uHrHQcaCG44HybJGMI3RdtAa1R2p', 0, 1635512084, 1635512084, '2021-10-29 12:54:44', '2021-10-29 12:54:44'),
(1053, 129, 'eyJhbGciOiJIUzI1NiIsInR5cCI6IkpXVCJ9.eyJkYXRhIjp7ImlkIjoxMjksImVtYWlsIjoibW9oaXRAeW9wbWFpbC5jb20ifSwiaWF0IjoxNjM1NTEzODE1fQ.KtG2mG1_UCNB_LAv2Pa7nalrqlZJUc4nZhM42ohuWGo', 1635513815, 'cSfcgV8vT2iToNXskCgCM6:APA91bEmApf0N2gRXnV5jRwLCn9Dn-Sci1-R6ABlKA0yihZHWor-7WJnk96PfxEIWeaYPQJd_OX4nBD9YG7tlxbQnozQWr-Rzjlau9_FcB6x8VZust-nu0uPNDe57GuCDaNEL5pINKp8', 0, 1635513816, 1635513816, '2021-10-29 13:23:35', '2021-10-29 13:23:35'),
(1056, 228, 'eyJhbGciOiJIUzI1NiIsInR5cCI6IkpXVCJ9.eyJkYXRhIjp7ImlkIjoyMjgsImVtYWlsIjoidmVuMUB5b3BtYWlsLmNvbSJ9LCJpYXQiOjE2MzU1NzIyMDR9.1x37GlkhPDFwK7sqo-XYeNZc69OeVIMqrn1FiIeuDKc', 1635572204, 'dLgVhU82Sh6y8UdIvQiOxz:APA91bHv7-37zb9tUcSpeTJRmpENcmeCLcARGa1xj3PCY89X5dkGzb14v-_rl2S0sLLpij_i6-mrO2sTKB6GaV66y65I7KrHJsmMfiaBgqRfCebUgw26rbsNlyolZCOobWvgxzQStO62', 0, 1635572204, 1635572204, '2021-10-30 05:36:43', '2021-10-30 05:36:43'),
(1075, 237, 'eyJhbGciOiJIUzI1NiIsInR5cCI6IkpXVCJ9.eyJkYXRhIjp7ImlkIjoyMzcsImVtYWlsIjoicm9oaXRAeW9wbWFpbC5jb20ifSwiaWF0IjoxNjM1NTkxNjA0fQ.5XSP3dhwdsuAh8rRF3jw7P-yMgzmv7k18ITpoZWXb-A', 1635591604, 'dizxCUa2QY-8a0iJUpRuTM:APA91bFwUqCA3AL-65bUU4ASisuT4VS3jVZiQY8igK-pAE4GHR6DcJ7hzkYy1FJL57KN0gQc4VQP0BqsxJ6p81Q3IW_SgMtGrchndz8Luzkg4NLlAdrRJiVLUdJWcrGKURQB7I1iLtPU', 0, 1635591604, 1635591604, '2021-10-30 11:00:04', '2021-10-30 11:00:04'),
(1076, 131, 'eyJhbGciOiJIUzI1NiIsInR5cCI6IkpXVCJ9.eyJkYXRhIjp7ImlkIjoxMzEsImVtYWlsIjoiY3Fsc2VsbGVyMDFAeW9wbWFpbC5jb20ifSwiaWF0IjoxNjM1ODM2NDcwfQ.2JGRSzoZHEi-N8i0U0ZlGKWGzNVxmecfPFIuXYDkuYQ', 1635836470, 'etZwFtHcTjm3jwmJ3MbbHL:APA91bHl9YBQNKXl86JH46d4vwYaSdC8GBJuVvpo8JIUtdtzzpE2NcRye57h25wlCcpCa-oclfRjV5-9AfsUooR9Qu8Ib1RcyJMGcPcNjEJUHbS917yVTVyRApW3c5SliDd2Rf3pnBy0', 0, 1635836471, 1635836471, '2021-11-02 07:01:10', '2021-11-02 07:01:10'),
(1080, 128, 'eyJhbGciOiJIUzI1NiIsInR5cCI6IkpXVCJ9.eyJkYXRhIjp7ImlkIjoxMjgsImVtYWlsIjoiYXJ1bmdlb3JnZTkxMUBnbWFpbC5jb20ifSwiaWF0IjoxNjM2MjgxMjg4fQ.TsYzMQl4PlnwXkBWoqYQFKZrJlQvhfYaRDfUNhblOsw', 1636281288, 'f1cS3JyaTCexgZhWc7eKS3:APA91bHNk7vvcocsZxpqmPzkamLUU_symq-i_fRYnIvTlD4qAI9ip2CBIoRUdPfq_SA7lDVF1_a2Urwq4jWDOulj2aNCfpxHjaXyCYOfGO1XD8CteoKAOCBhOFX0GMqSd2xPFUhwzIr7', 0, 1636281289, 1636281289, '2021-11-07 10:34:48', '2021-11-07 10:34:48'),
(1081, 239, 'eyJhbGciOiJIUzI1NiIsInR5cCI6IkpXVCJ9.eyJkYXRhIjp7ImlkIjoyMzksImVtYWlsIjoibWFja0BtYWlsLmNvbSJ9LCJpYXQiOjE2MzY0NTgyOTR9.hC1SG_Js46BAl8eKuPQ7avbqi1GdNDf7fAwciAHguCQ', 1636458294, 'dsEqQNYGTaiVZLHuYdrGvi:APA91bHUqSu0SVGZLTaKemGUHQfJWFKcgYccQbbr-v60zkkcYfn0M7lBtY3ktVBXJ-Q-zFOMnDMaIWnyAIXyIwEgl2APxlzjMSIEr2F0xTgWV1_H8Vz9-HOVyVgqLSfK-hIgvq0K4zoY', 0, 1636458294, 1636458294, '2021-11-09 11:44:53', '2021-11-09 11:44:53'),
(1082, 240, 'eyJhbGciOiJIUzI1NiIsInR5cCI6IkpXVCJ9.eyJkYXRhIjp7ImlkIjoyNDAsImVtYWlsIjoidG9tbXlAbWFpbC5jb20ifSwiaWF0IjoxNjM2NDU5NDY1fQ.odCLomISk3nCOtWz-YVbB2JN6oHaP5JRNQv4Kumw2uw', 1636459465, 'dsEqQNYGTaiVZLHuYdrGvi:APA91bHUqSu0SVGZLTaKemGUHQfJWFKcgYccQbbr-v60zkkcYfn0M7lBtY3ktVBXJ-Q-zFOMnDMaIWnyAIXyIwEgl2APxlzjMSIEr2F0xTgWV1_H8Vz9-HOVyVgqLSfK-hIgvq0K4zoY', 0, 1636459465, 1636459465, '2021-11-09 12:04:25', '2021-11-09 12:04:25'),
(1083, 241, 'eyJhbGciOiJIUzI1NiIsInR5cCI6IkpXVCJ9.eyJkYXRhIjp7ImlkIjoyNDEsImVtYWlsIjoiamFja3NvbkBnbWFpbC5jb20ifSwiaWF0IjoxNjM2NDYwNDk0fQ.we8NR61P9yt-UYZdy0mm_-mE9mrjpNg2N6qwOb77GCY', 1636460494, 'dsEqQNYGTaiVZLHuYdrGvi:APA91bHUqSu0SVGZLTaKemGUHQfJWFKcgYccQbbr-v60zkkcYfn0M7lBtY3ktVBXJ-Q-zFOMnDMaIWnyAIXyIwEgl2APxlzjMSIEr2F0xTgWV1_H8Vz9-HOVyVgqLSfK-hIgvq0K4zoY', 0, 1636460494, 1636460494, '2021-11-09 12:21:34', '2021-11-09 12:21:34'),
(1085, 242, 'eyJhbGciOiJIUzI1NiIsInR5cCI6IkpXVCJ9.eyJkYXRhIjp7ImlkIjoyNDIsImVtYWlsIjoic3R1ZGlvY3JlYXRpdmU5MjVAZ21haWwuY29tIn0sImlhdCI6MTYzNjQ2NDQzMX0.dfY42CYKpPZPRZ2NA6oaO6WOsAyQ42mw0K9hEu8Xp8c', 1636464431, 'emPGQk--T2i74Bzsr3FHBE:APA91bFAvqrCYWl8CB4W_awTMHWVEjK17Uh88Vw9GIrUjv4ijcd-2q0v6F92rYTLHx8pbUs-ZKUPD6E04sS-q0Xz3AhTRQdHHCIL8BL346DDAWQ12UYzO9e2ErvcXLnRv7VoZRcqTxfW', 0, 1636464431, 1636464431, '2021-11-09 13:27:11', '2021-11-09 13:27:11'),
(1087, 185, 'eyJhbGciOiJIUzI1NiIsInR5cCI6IkpXVCJ9.eyJkYXRhIjp7ImlkIjoxODUsImVtYWlsIjoicHJkcEBnbWFpbC5jb20ifSwiaWF0IjoxNjM2NDY0NDYwfQ.SONADWtQpz8kVKcqjFXGSbIucdCNP21ygiM05ITCCfM', 1636464460, 'dh0A-Ge5Q7O1JFN-CF6SfL:APA91bFlt_EoDuUTS-9gjpveqsklq-4UQP8Rra_ncDWQTn1-87z4Lr3eNk3O4kJEg-hr1n86XHHOkBRwND2Z5VgVhRK24p1wYy4Aq-NreXVMtbVZi_-c3dXkeiuaTnsSUNvKbae29pBD', 0, 1636464460, 1636464460, '2021-11-09 13:27:40', '2021-11-09 13:27:40'),
(1088, 129, 'eyJhbGciOiJIUzI1NiIsInR5cCI6IkpXVCJ9.eyJkYXRhIjp7ImlkIjoxMjksImVtYWlsIjoibW9oaXRAeW9wbWFpbC5jb20ifSwiaWF0IjoxNjM2NjI4NzEyfQ.-GMgMZPq-tm_5u82R_F8yaN_V2kNyAFp_sBCJUVbwZM', 1636628712, 'cBHquTIEQGCXsB4QeUoIZW:APA91bET4EZbcetCa4RM-mFo17OQQTjuUvPYtYHN5ElGrNezyD8OdDVZVSx-eTDC2hDzb9M_JhxF2-eRLJNpLJ_DvQyGwFuWGgi7EdbY9oSAPMf5QRPED3xXOHyYCqsl2afT-jEgE950', 0, 1636628713, 1636628713, '2021-11-11 11:05:12', '2021-11-11 11:05:12'),
(1089, 166, 'eyJhbGciOiJIUzI1NiIsInR5cCI6IkpXVCJ9.eyJkYXRhIjp7ImlkIjoxNjYsImVtYWlsIjoicHJkcEBtYWlsLmNvbSJ9LCJpYXQiOjE2MzgxNjUxOTF9.OE496APr-HdB6SGQOfXVZb1jZo_6D5qza80AAS-fnvU', 1638165191, 'eGEO9dUWR4KwnOhF8N31P_:APA91bGQrA6CmF0RpynavWMsg9w3RfS3kUw7zkicff11mBCRgfgCv_YwTKyQiEJvtDxFNOgQlehcobASSMu9Ka0lWPlstkIPUmUxIj9bhzPf69DZUiWSMPVTNXdpJIyoish828B-ntR8', 0, 1638165192, 1638165192, '2021-11-29 05:53:12', '2021-11-29 05:53:12'),
(1090, 243, 'eyJhbGciOiJIUzI1NiIsInR5cCI6IkpXVCJ9.eyJkYXRhIjp7ImlkIjoyNDMsImVtYWlsIjoicGFyZGVlcDUzODY1M0BnbWFpbC5jb20ifSwiaWF0IjoxNjQzNjEwNTYzfQ.IHNEJfq4m_8b0xk4KjhnPXn73WwsXNsVjUKuahrkRJg', 1643610563, '', 0, 1643610563, 1643610563, '2022-01-31 06:29:22', '2022-01-31 06:29:22'),
(1091, 243, 'eyJhbGciOiJIUzI1NiIsInR5cCI6IkpXVCJ9.eyJkYXRhIjp7ImlkIjoyNDMsImVtYWlsIjoicGFyZGVlcDUzODY1M0BnbWFpbC5jb20ifSwiaWF0IjoxNjQzNjEwNTYzfQ.IHNEJfq4m_8b0xk4KjhnPXn73WwsXNsVjUKuahrkRJg', 1643610563, '', 0, 1643702058, 1643702058, '2022-02-01 07:54:17', '2022-02-01 07:54:17'),
(1095, 245, 'eyJhbGciOiJIUzI1NiIsInR5cCI6IkpXVCJ9.eyJkYXRhIjp7ImlkIjoyNDUsImVtYWlsIjoiamFja0B5b3BtYWlsLmNvbSJ9LCJpYXQiOjE2NDM3MDkwNDl9.LO-p0cmQTp-dOTUwAD7pOwnn9DZmYPDmPQ7IGHQ7LGI', 1643709049, 'c6FppLB6R56VmafZdBZ903:APA91bHvgJc2B0FphtDVI0wiySYZ4OTyjmND_8QaEpvvxQj6m-T33xcS-4p_g43uplVl2Gmwin0vleZDsFx6RXN8aLN-qqaXJwhLtWhzlYOOYdwXLXraEACLxaoSnmV9NM2pW5KZxcTX', 0, 1643709050, 1643709050, '2022-02-01 09:50:49', '2022-02-01 09:50:49'),
(1103, 129, 'eyJhbGciOiJIUzI1NiIsInR5cCI6IkpXVCJ9.eyJkYXRhIjp7ImlkIjoxMjksImVtYWlsIjoibW9oaXRAeW9wbWFpbC5jb20ifSwiaWF0IjoxNjQ0NTc0NDY0fQ.5XMDu9Yo7kaeO_imBR-tt0qZG1NUeP0Tj-QZKWlryuw', 1644574464, 'dExHmeKqTUOhZTdGbXvwVT:APA91bFGQxg2craCiiTLDcMG9rEvOlYn_Uvu21LWTtopqjMDgg9mhJfzjXtsos-kCQLdESXBsKw1LStvx08VHL8ZY6Pj08MxF9iy_7SuDEdTAUQFwdg_APBkbQA_TI2CpttLMKUtG8ll', 0, 1644574465, 1644574465, '2022-02-11 10:14:24', '2022-02-11 10:14:24'),
(1104, 246, 'eyJhbGciOiJIUzI1NiIsInR5cCI6IkpXVCJ9.eyJkYXRhIjp7ImlkIjoyNDYsImVtYWlsIjoicGFyZGVlcEBnbWFpbC5jb20ifSwiaWF0IjoxNjQ0NTc0NTM2fQ.8Y2fpibMmCA8XqXfcBBM9CJJJ6WPaaoxurwj54MJIMo', 1644574536, 'caOcagKETguy6kJ4aP_H7P:APA91bGbCxVZ8jAsSFdXJwTjZy_8340h-ByoV912XmFzghxN5aBzLUGhW9aMk_80QVjhdYpIcbpgKcIEx7VnqI0u7fMLsW_nunN6lPXk8thOCtO5PnemZE7xf3jN_W7L9lkTQLDb3Qgr', 0, 1644574537, 1644574537, '2022-02-11 10:15:36', '2022-02-11 10:15:36'),
(1105, 166, 'eyJhbGciOiJIUzI1NiIsInR5cCI6IkpXVCJ9.eyJkYXRhIjp7ImlkIjoxNjYsImVtYWlsIjoicHJkcEBtYWlsLmNvbSJ9LCJpYXQiOjE2NDQ4MTc4MzR9.FJo7AM6hp-BRvQRZVKp3J-rDGY3f1SNbcwd2TYJzzmY', 1644817834, 'dk7u9I4yQZunRHocTJLARa:APA91bFN2uUP2JjW1pM_ozgsSqeBy7pziYoqWmCtIenspgmLBeGnuorntwxKqOcirN44ePBV1rS1OdjoD_ID4VxE6UwE4EPtRmBMl4Nx7WAudC4SkWNMd4Rc4rvWhYKCJKoBfQ_XUj1c', 0, 1644817834, 1644817834, '2022-02-14 05:50:34', '2022-02-14 05:50:34'),
(1109, 248, 'eyJhbGciOiJIUzI1NiIsInR5cCI6IkpXVCJ9.eyJkYXRhIjp7ImlkIjoyNDgsImVtYWlsIjoicmFqdGVzdEB5b3BtYWlsLmNvbSJ9LCJpYXQiOjE2NDQ4MTg4NDZ9.w0fpEUx2tG0dbKfFy0854gc-zuTAMfBr_EQT4h8hj9I', 1644818846, 'ebfHSEM3ToKBR-rh0vMByc:APA91bGc1mDwhuZUYMxqXoc1oNZFTIqRlYWzsLBd3FcDgXz3FjXm-Q57WGGHe4stJZez9zdDyK29q7PXVHWlHLGWaku7y3BoHvX-QFviSqgrA-nGEVDH9QESBF_2QK6YqXEuAox0SM0e', 0, 1644818847, 1644818847, '2022-02-14 06:07:26', '2022-02-14 06:07:26'),
(1110, 248, 'eyJhbGciOiJIUzI1NiIsInR5cCI6IkpXVCJ9.eyJkYXRhIjp7ImlkIjoyNDgsImVtYWlsIjoicmFqdGVzdEB5b3BtYWlsLmNvbSJ9LCJpYXQiOjE2NDQ4MTkwNzB9.4MbedUg9jzf1m7g9a6NBlLfyVqEA-hEvGpnclUUtHKs', 1644819070, 'dFVArEymSX2Jtm3sAbJ4Pj:APA91bE0Mp6j3Apc79TgxvLHbtybBDeASQ0oifxhQytI23AfTx1ySZtg7SPFrHrEh8BQVu1kUggplb-HimmM1vCQNMVh5GzOmLyan7yAcbaHEXPmfpaWWJSUetVwsMAR4Jyhc6YBDG67', 0, 1644819070, 1644819070, '2022-02-14 06:11:10', '2022-02-14 06:11:10'),
(1113, 249, 'eyJhbGciOiJIUzI1NiIsInR5cCI6IkpXVCJ9.eyJkYXRhIjp7ImlkIjoyNDksImVtYWlsIjoiYXJ1bmdlb3JnZTl4MUBnbWFpbC5jb20ifSwiaWF0IjoxNjQ1Mjc0NDk1fQ.1XCEO4CxPXDiuuAF_pwjwUnXXKZ29CGN8WDrfRWZM80', 1645274495, 'cbcSMVvcTOOyWKIJWZiwab:APA91bEequyjkJ2t0RrjJFb4DBmvbSFhGzMnNLFez1AvjYmjOQrS5wrHdUV4f-OhQgLBFhuxAh1H8V0iT8Jdq44cMJVRIi9uOdJ7ks5AZVj-n1Zlpov0Vz1R8PyNCI2bRLu-V8XJMLs6', 0, 1645274495, 1645274495, '2022-02-19 12:41:35', '2022-02-19 12:41:35'),
(1114, 250, 'eyJhbGciOiJIUzI1NiIsInR5cCI6IkpXVCJ9.eyJkYXRhIjp7ImlkIjoyNTAsImVtYWlsIjoiYW5uYW1tYXZtMUBnbWFpbC5jb20ifSwiaWF0IjoxNjQ1Mjc3MzE0fQ.loqCTMm-EUt3Vs3xEoJR_Gvr657FarMEDGMf8E_35GM', 1645277314, '', 0, 1645277314, 1645277314, '2022-02-19 13:28:34', '2022-02-19 13:28:34'),
(1117, 250, 'eyJhbGciOiJIUzI1NiIsInR5cCI6IkpXVCJ9.eyJkYXRhIjp7ImlkIjoyNTAsImVtYWlsIjoiYW5uYW1tYXZtMUBnbWFpbC5jb20ifSwiaWF0IjoxNjQ1Mjc3MzE0fQ.loqCTMm-EUt3Vs3xEoJR_Gvr657FarMEDGMf8E_35GM', 1645277314, '', 0, 1645658528, 1645658528, '2022-02-23 23:22:07', '2022-02-23 23:22:07'),
(1122, 252, 'eyJhbGciOiJIUzI1NiIsInR5cCI6IkpXVCJ9.eyJkYXRhIjp7ImlkIjoyNTIsImVtYWlsIjoiYXJ1bmdlb3JnZTkxeEBnbWFpbC5jb20ifSwiaWF0IjoxNjQ1NjY0MjAxfQ.vsWk9mLklHyQgnY23uPuH_x7ZTQfsAy1QknuWWlVTyw', 1645664201, 'feIaWTFVSgKfafR3GkY7TI:APA91bFQ8bFGug9c0OSNyhPXiHJP6TDLDplKxbvLslgYqTNojXB06r1_QSWusjC6VKUkgbC-TDAK9bBFETcDXmqcRdebH8Z1VnkhQokt9MKuosldq_KRonZlSNe8_WDaahzXrq1N0w7S', 0, 1645664201, 1645664201, '2022-02-24 00:56:41', '2022-02-24 00:56:41'),
(1123, 255, 'eyJhbGciOiJIUzI1NiIsInR5cCI6IkpXVCJ9.eyJkYXRhIjp7ImlkIjoyNTUsImVtYWlsIjoiYW5uYW1tYXZtMUBnbWFpbC5jb20ifSwiaWF0IjoxNjQ1NjY2MjYxfQ.eq-9A7vbEpM2ITF2coJKXwX9JzIeKbLm4nDix5Jmqb0', 1645666261, '', 0, 1645666261, 1645666261, '2022-02-24 01:31:00', '2022-02-24 01:31:00'),
(1124, 256, 'eyJhbGciOiJIUzI1NiIsInR5cCI6IkpXVCJ9.eyJkYXRhIjp7ImlkIjoyNTYsImVtYWlsIjoibmVoYWxAeW9wbWFpbC5jb20ifSwiaWF0IjoxNjQ1Njk4MTY4fQ.ACFNvWo_rZZxQ6OLcTEfiDsNvv8TA5OCGlDSiYQvMjs', 1645698168, '13131a32d123sa1', 0, 1645698168, 1645698168, '2022-02-24 10:22:48', '2022-02-24 10:22:48'),
(1126, 257, 'eyJhbGciOiJIUzI1NiIsInR5cCI6IkpXVCJ9.eyJkYXRhIjp7ImlkIjoyNTcsImVtYWlsIjoic2FqYW5AeW9wbWFpbC5jb20ifSwiaWF0IjoxNjQ1Njk4ODczfQ.fJrpAoFtDwOdUxdtEokU0A2fcTcHE7VpdWPJXz5nx0c', 1645698873, 'cJQGdBzGRBmrBDwnZtPhYq:APA91bGEkLfGOi3wnRTNspheZ7ZMkiwW4i372BjudCdL63i5Z2iOsT050-3px6_xVCKYr3oB9lsw1mQpy-8HM43x5Zvj_5YVF-IE1EzTbFmlKtljUluA2CSImDCmvdr08TJG55I8qdSn', 0, 1645698873, 1645698873, '2022-02-24 10:34:33', '2022-02-24 10:34:33'),
(1128, 245, 'eyJhbGciOiJIUzI1NiIsInR5cCI6IkpXVCJ9.eyJkYXRhIjp7ImlkIjoyNDUsImVtYWlsIjoiamFja0B5b3BtYWlsLmNvbSJ9LCJpYXQiOjE2NDU3NzYxODN9.GbVVNaZyVAQd4PLJhWBpcktOfCNjKpmkMISFmyefPhs', 1645776183, 'lsdakfjalsdjf', 0, 1645776184, 1645776184, '2022-02-25 08:03:03', '2022-02-25 08:03:03'),
(1129, 259, 'eyJhbGciOiJIUzI1NiIsInR5cCI6IkpXVCJ9.eyJkYXRhIjp7ImlkIjoyNTksImVtYWlsIjoic21pdGhAbWFpbC5jb20ifSwiaWF0IjoxNjQ1NzgxNzE0fQ.jwfGCHuBHHpP-Xs1m8oLfNewNqW3aEwnAFmpqCzo4O8', 1645781714, '13131a32d123sa1', 0, 1645781714, 1645781714, '2022-02-25 09:35:14', '2022-02-25 09:35:14'),
(1137, 258, 'eyJhbGciOiJIUzI1NiIsInR5cCI6IkpXVCJ9.eyJkYXRhIjp7ImlkIjoyNTgsImVtYWlsIjoibWFja0B5b3BtYWlsLmNvbSJ9LCJpYXQiOjE2NDU3OTAyOTR9.bsGL2AFAMdltXFY5X3Fu7CYbkFBlJFR1KgwyPYw32xQ', 1645790294, 'co1HZdXyQ8qsOrMuMzNjse:APA91bH7b_ahXFEh0CUKWCeC5kz_YIkNGP27Qst6e25IbcFb9Wl5FPuNdyrpnjPcUbzGNuhXbqnlcYewus-l6ENpHWpuqqz-A7S-oZ9O64pf8K4GEYXioIUENE6E4xUyc6XaycI48U_c', 0, 1645790294, 1645790294, '2022-02-25 11:58:14', '2022-02-25 11:58:14'),
(1138, 261, 'eyJhbGciOiJIUzI1NiIsInR5cCI6IkpXVCJ9.eyJkYXRhIjp7ImlkIjoyNjEsImVtYWlsIjoiZGF2QG1haWwuY29tIn0sImlhdCI6MTY0NTc5MDkwN30.GwIAOlXjV03NVp2-4Zlu1auhiLllTbATxeq76Tf5XXo', 1645790907, '13131a32d123sa1', 0, 1645790907, 1645790907, '2022-02-25 12:08:26', '2022-02-25 12:08:26'),
(1139, 262, 'eyJhbGciOiJIUzI1NiIsInR5cCI6IkpXVCJ9.eyJkYXRhIjp7ImlkIjoyNjIsImVtYWlsIjoiZGV2QG1haWwuY29tIn0sImlhdCI6MTY0NTc5MDk2NX0.Wj_urqtsuKC9EW_P2OcuicnqCRX_ADm3z2QC03EScC0', 1645790965, '13131a32d123sa1', 0, 1645790965, 1645790965, '2022-02-25 12:09:25', '2022-02-25 12:09:25'),
(1140, 262, 'eyJhbGciOiJIUzI1NiIsInR5cCI6IkpXVCJ9.eyJkYXRhIjp7ImlkIjoyNjIsImVtYWlsIjoiZGV2QG1haWwuY29tIn0sImlhdCI6MTY0NTc5MDk4NX0.DY3bmlTwdGgiJU8Sz6sH6722aOldG4MqA-_Zz_F4yIs', 1645790985, 'cTTSNY2iTnmVvs5o5cAEQ9:APA91bFJ1SdtoZGqk8FlPlPKpAk_Sd3Z9d06K-jSJ4qS4Jvt_LMIZFB2YL-x-m_7hgIPldKJFWcJoGO40sWckTjQcQ5MRul_Sk11S9Ht0jct5y1P4KWdZfOVC1MInBCh4PdeX0GANW0M', 0, 1645790985, 1645790985, '2022-02-25 12:09:45', '2022-02-25 12:09:45'),
(1141, 263, 'eyJhbGciOiJIUzI1NiIsInR5cCI6IkpXVCJ9.eyJkYXRhIjp7ImlkIjoyNjMsImVtYWlsIjoibmV3QG1haWwuY29tIn0sImlhdCI6MTY0NjAyOTAyMX0.j1FyRGFrnSH1svrGyNDsReh34EB_PoAyZmcwLa9YbJA', 1646029021, '13131a32d123sa1', 0, 1646029021, 1646029021, '2022-02-28 06:17:00', '2022-02-28 06:17:00'),
(1144, 265, 'eyJhbGciOiJIUzI1NiIsInR5cCI6IkpXVCJ9.eyJkYXRhIjp7ImlkIjoyNjUsImVtYWlsIjoicmF0dGFuQHlvcG1haWwuY29tIn0sImlhdCI6MTY0NjExNjU0OX0.Bh0MODMUxTFFhqMprQnwIBiB4lRMiV3ZzQ6oth7Gf-I', 1646116549, '13131a32d123sa1', 0, 1646116549, 1646116549, '2022-03-01 06:35:48', '2022-03-01 06:35:48'),
(1151, 265, 'eyJhbGciOiJIUzI1NiIsInR5cCI6IkpXVCJ9.eyJkYXRhIjp7ImlkIjoyNjUsImVtYWlsIjoicmF0dGFuQHlvcG1haWwuY29tIn0sImlhdCI6MTY0NjExODU1OH0.Lcofrdi2vn2HKbbuUsp5R39deYyW3UBCJTvzZpAl2lQ', 1646118558, 'c1iK-jrxSgaspo6A0WJ_yb:APA91bFhT7dA7GTKMUuZRuwyi7jKbVF3GPuS8SOukaeQcfJVHgji0P8uxs6gUWDOQCIZBq-7RXrDnruluhpblN-aIP18Liw53vxDA-qx_8I1mDxGzX6Ok7V-9Qt3Z1mC7cKTcrocgbov', 0, 1646118559, 1646118559, '2022-03-01 07:09:18', '2022-03-01 07:09:18'),
(1156, 268, 'eyJhbGciOiJIUzI1NiIsInR5cCI6IkpXVCJ9.eyJkYXRhIjp7ImlkIjoyNjgsImVtYWlsIjoicHVuZWV0QHlvcG1haWwuY29tIn0sImlhdCI6MTY0NjI5MjU0Mn0.D94S4pSABdolLgb_Ahyv7aztgrFc1_9st-w9djr215I', 1646292542, 'daXql_AzQNSqXofJH9ultv:APA91bH_BKImPz9DmxE3OA95d8IKmolH46s84xYWXzO3Wk__XSQ9CLtysBYTZUFuFIE7zJnRCLn9_NW8HzQxGaobWmOHYxDrLjIrKC0e-8Iumj-T2rWRopHOcPVyR_ckbURNw_O1WP87', 0, 1646292542, 1646292542, '2022-03-03 07:29:02', '2022-03-03 07:29:02'),
(1157, 265, 'eyJhbGciOiJIUzI1NiIsInR5cCI6IkpXVCJ9.eyJkYXRhIjp7ImlkIjoyNjUsImVtYWlsIjoicmF0dGFuQHlvcG1haWwuY29tIn0sImlhdCI6MTY0NjM3MTE1NH0.jN9w9VWYiszr9Yi2pp7xfjy3H9qbexbxcnCJSoriVY0', 1646371154, 'c5Oie6rxRPaRAk-lRh4Szu:APA91bGQUsD-sav41gybZpSEzhNyX60e6RKlExp5haSKlgOvDMkCBSAtJNrIs3MGPnNGQ--4KpiRkjWfUVgiRFWy43KPFKcmnrd0usWvxwm_eft9TDtTViLIT1pstCuWLEsJ9vhPUpLL', 0, 1646371154, 1646371154, '2022-03-04 05:19:14', '2022-03-04 05:19:14'),
(1158, 265, 'eyJhbGciOiJIUzI1NiIsInR5cCI6IkpXVCJ9.eyJkYXRhIjp7ImlkIjoyNjUsImVtYWlsIjoicmF0dGFuQHlvcG1haWwuY29tIn0sImlhdCI6MTY0NjM3NDI5Mn0.r1PlMyXk7M9Hkn7zeSehm-SAyAOiDIGOYq7LT3CL78g', 1646374292, 'dwHalkOpTWOvROMR_AiNBY:APA91bEE1XrTn2-jDv6zBai4JiaBFau0BlPy7nObEBH1r-onkps3I20Rc6S3RCQKrFtYAPdJYF-K2lrjKyYHU1TankOx4WXzfqKUUhQjobmLAekhOAH_s5Hn59c_kctMuXANL6XEcUnr', 0, 1646374292, 1646374292, '2022-03-04 06:11:32', '2022-03-04 06:11:32'),
(1160, 265, 'eyJhbGciOiJIUzI1NiIsInR5cCI6IkpXVCJ9.eyJkYXRhIjp7ImlkIjoyNjUsImVtYWlsIjoicmF0dGFuQHlvcG1haWwuY29tIn0sImlhdCI6MTY0NjM3NTI3OH0.Y93s2vgju2wlmyQeB6CdQppmlPaan7SFVAgvchEuCU8', 1646375278, 'cXtliE6QQGyXALluvO3UgL:APA91bE9AayGKkZ0olGucal1e43zwdFKo6NneF1baXGDljrwav71idG5lU3l9qdTG3gkrxRBr05TUPBDlbWRkve5SZmfGSJ8_PB8kXi2ZbRNZVzWH0PIgUYasZFxNuK7UIOQMyi1X5Ou', 0, 1646375279, 1646375279, '2022-03-04 06:27:58', '2022-03-04 06:27:58'),
(1173, 270, 'eyJhbGciOiJIUzI1NiIsInR5cCI6IkpXVCJ9.eyJkYXRhIjp7ImlkIjoyNzAsImVtYWlsIjoicm9oaXRAeW9wbWFpbC5jb20ifSwiaWF0IjoxNjQ2Mzg1Mzc3fQ._3hHoeMxh0SuGtpKW8d3teFsDkQGZ962qgWX-5v250Y', 1646385377, 'dxmxID-eRqOl7_kzoLdN_D:APA91bHlSlC6Lx5gMJOb_X1rufMO-M-7kDu9siEirydndXcHsxwPeoTX55xNNb3qHnjoBzHRLz_cl82hufNSX7noZTogIa9qFdisutBNrqIQYlC_zcWwzHDIADz5Z0_RO-tUZFib0e2V', 0, 1646385378, 1646385378, '2022-03-04 09:16:17', '2022-03-04 09:16:17'),
(1174, 266, 'eyJhbGciOiJIUzI1NiIsInR5cCI6IkpXVCJ9.eyJkYXRhIjp7ImlkIjoyNjYsImVtYWlsIjoidmlja3lAeW9wbWFpbC5jb20ifSwiaWF0IjoxNjQ2Mzg1MzkzfQ.HRtYIACrPuH-49fhcyHfGOaszxJBWGSvy9ttzgK53EU', 1646385393, 'ep7OGrCEQKeYdnFcNL5IBs:APA91bHQDNMlVXDXJWSZn1pB3-kWP_FT_iyGsPKgPak2i1niHUiN7zBgqeBOnfyDuKr_5mDi9llfACKAAXml2RWagAvFLYZwwwZR7KhVpfFT7bHQDU0hgq9qXqqj6PAYYSIfoEysrP79', 0, 1646385393, 1646385393, '2022-03-04 09:16:33', '2022-03-04 09:16:33'),
(1175, 32, 'eyJhbGciOiJIUzI1NiIsInR5cCI6IkpXVCJ9.eyJkYXRhIjp7ImlkIjozMiwiZW1haWwiOiJsYWxAeW9wbWFpbC5jb20ifSwiaWF0IjoxNjU0NTkyODE3fQ.1PHVaePHZ5jk37PStGZOnqL-88q3Kobr5DPRnhgyGcU', 1654592817, 'lkjsadfahsdfkjashdfiasuhfiawuefh124124124asd', 0, 1654592817, 1654592817, '2022-06-07 09:06:56', '2022-06-07 09:06:56');

-- --------------------------------------------------------

--
-- Table structure for table `utilityProvider`
--

CREATE TABLE `utilityProvider` (
  `id` int(11) NOT NULL,
  `status` tinyint(4) NOT NULL COMMENT '0=>inactive 1=>active',
  `title` varchar(100) COLLATE utf8mb4_unicode_ci NOT NULL,
  `image` varchar(100) COLLATE utf8mb4_unicode_ci NOT NULL,
  `electricRate` decimal(5,2) NOT NULL,
  `EPC` decimal(5,1) NOT NULL,
  `created` int(11) NOT NULL,
  `updated` int(11) NOT NULL,
  `createdAt` timestamp NOT NULL DEFAULT CURRENT_TIMESTAMP,
  `updatedAt` timestamp NOT NULL DEFAULT CURRENT_TIMESTAMP ON UPDATE CURRENT_TIMESTAMP
) ENGINE=InnoDB DEFAULT CHARSET=utf8mb4 COLLATE=utf8mb4_unicode_ci;

--
-- Dumping data for table `utilityProvider`
--

INSERT INTO `utilityProvider` (`id`, `status`, `title`, `image`, `electricRate`, `EPC`, `created`, `updated`, `createdAt`, `updatedAt`) VALUES
(1, 1, 'PSEG', '7b93c98d-192a-42a0-a9da-1486e8c84220.jpeg', '0.23', '2.8', 1656225880, 1656225880, '2022-06-26 06:44:40', '2022-06-30 14:40:38'),
(3, 1, 'CONED', '7b93c98d-192a-42a0-a9da-1486e8c84220.jpeg', '0.28', '3.6', 1656225880, 1656225880, '2022-06-26 06:44:40', '2022-06-30 14:39:03');

-- --------------------------------------------------------

--
-- Table structure for table `vendorBannerImages`
--

CREATE TABLE `vendorBannerImages` (
  `id` int(11) NOT NULL,
  `vendorId` int(11) NOT NULL,
  `image` varchar(100) COLLATE utf8mb4_unicode_ci NOT NULL,
  `created` int(11) NOT NULL,
  `updated` int(11) NOT NULL,
  `createdAt` timestamp NOT NULL DEFAULT CURRENT_TIMESTAMP,
  `updatedAt` timestamp NOT NULL DEFAULT CURRENT_TIMESTAMP ON UPDATE CURRENT_TIMESTAMP
) ENGINE=InnoDB DEFAULT CHARSET=utf8mb4 COLLATE=utf8mb4_unicode_ci;

--
-- Dumping data for table `vendorBannerImages`
--

INSERT INTO `vendorBannerImages` (`id`, `vendorId`, `image`, `created`, `updated`, `createdAt`, `updatedAt`) VALUES
(3, 42, 'e2efd901-8741-4350-9079-d2871ff4e891.png', 1619536874, 1619536874, '2021-04-27 15:21:13', '2021-04-27 15:21:13'),
(4, 42, '4b1c30a9-e27f-41c2-ba9f-5504cf0c03b1.png', 1619536874, 1619536874, '2021-04-27 15:21:13', '2021-04-27 15:21:13');

-- --------------------------------------------------------

--
-- Table structure for table `vendorDeliveryCharges`
--

CREATE TABLE `vendorDeliveryCharges` (
  `id` int(11) NOT NULL,
  `vendorId` int(11) NOT NULL,
  `minDistance` smallint(6) NOT NULL,
  `maxDistance` smallint(6) NOT NULL,
  `price` decimal(9,2) NOT NULL,
  `noDelivery` tinyint(4) NOT NULL COMMENT '0=>no 1=>yes',
  `freeDelivery` tinyint(4) NOT NULL COMMENT '0=>no 1=>yes',
  `created` int(11) NOT NULL,
  `updated` int(11) NOT NULL,
  `createdAt` timestamp NOT NULL DEFAULT CURRENT_TIMESTAMP,
  `updatedAt` timestamp NOT NULL DEFAULT CURRENT_TIMESTAMP ON UPDATE CURRENT_TIMESTAMP
) ENGINE=InnoDB DEFAULT CHARSET=utf8mb4 COLLATE=utf8mb4_unicode_ci;

--
-- Dumping data for table `vendorDeliveryCharges`
--

INSERT INTO `vendorDeliveryCharges` (`id`, `vendorId`, `minDistance`, `maxDistance`, `price`, `noDelivery`, `freeDelivery`, `created`, `updated`, `createdAt`, `updatedAt`) VALUES
(111, 95, 0, 5, '0.00', 0, 0, 1611724102, 1611724102, '2021-01-27 05:08:21', '2021-01-27 05:08:21'),
(112, 95, 5, 10, '0.00', 0, 0, 1611724102, 1611724102, '2021-01-27 05:08:21', '2021-01-27 05:08:21'),
(113, 95, 10, 15, '0.00', 0, 0, 1611724102, 1611724102, '2021-01-27 05:08:21', '2021-01-27 05:08:21'),
(114, 95, 15, 20, '0.00', 0, 0, 1611724102, 1611724102, '2021-01-27 05:08:21', '2021-01-27 05:08:21'),
(115, 95, 20, 25, '0.00', 0, 0, 1611724102, 1611724102, '2021-01-27 05:08:21', '2021-01-27 05:08:21'),
(116, 95, 25, 30, '0.00', 0, 0, 1611724102, 1611724102, '2021-01-27 05:08:21', '2021-01-27 05:08:21'),
(117, 95, 30, 35, '0.00', 0, 0, 1611724102, 1611724102, '2021-01-27 05:08:21', '2021-01-27 05:08:21'),
(118, 95, 35, 40, '0.00', 0, 0, 1611724102, 1611724102, '2021-01-27 05:08:21', '2021-01-27 05:08:21'),
(119, 95, 40, 45, '0.00', 0, 0, 1611724102, 1611724102, '2021-01-27 05:08:21', '2021-01-27 05:08:21'),
(120, 95, 45, 50, '0.00', 0, 0, 1611724102, 1611724102, '2021-01-27 05:08:21', '2021-01-27 05:08:21'),
(131, 97, 0, 5, '0.00', 0, 0, 1611830070, 1611830070, '2021-01-28 10:34:30', '2021-01-28 10:34:30'),
(132, 97, 5, 10, '0.00', 0, 0, 1611830070, 1611830070, '2021-01-28 10:34:30', '2021-01-28 10:34:30'),
(133, 97, 10, 15, '0.00', 0, 0, 1611830070, 1611830070, '2021-01-28 10:34:30', '2021-01-28 10:34:30'),
(134, 97, 15, 20, '0.00', 0, 0, 1611830070, 1611830070, '2021-01-28 10:34:30', '2021-01-28 10:34:30'),
(135, 97, 20, 25, '0.00', 0, 0, 1611830070, 1611830070, '2021-01-28 10:34:30', '2021-01-28 10:34:30'),
(136, 97, 25, 30, '0.00', 0, 0, 1611830070, 1611830070, '2021-01-28 10:34:30', '2021-01-28 10:34:30'),
(137, 97, 30, 35, '0.00', 0, 0, 1611830070, 1611830070, '2021-01-28 10:34:30', '2021-01-28 10:34:30'),
(138, 97, 35, 40, '0.00', 0, 0, 1611830070, 1611830070, '2021-01-28 10:34:30', '2021-01-28 10:34:30'),
(139, 97, 40, 45, '0.00', 0, 0, 1611830070, 1611830070, '2021-01-28 10:34:30', '2021-01-28 10:34:30'),
(140, 97, 45, 50, '0.00', 0, 0, 1611830070, 1611830070, '2021-01-28 10:34:30', '2021-01-28 10:34:30'),
(141, 98, 0, 5, '0.00', 0, 0, 1611841400, 1611841400, '2021-01-28 13:43:19', '2021-01-28 13:43:19'),
(142, 98, 5, 10, '0.00', 0, 0, 1611841400, 1611841400, '2021-01-28 13:43:19', '2021-01-28 13:43:19'),
(143, 98, 10, 15, '0.00', 0, 0, 1611841400, 1611841400, '2021-01-28 13:43:19', '2021-01-28 13:43:19'),
(144, 98, 15, 20, '0.00', 0, 0, 1611841400, 1611841400, '2021-01-28 13:43:19', '2021-01-28 13:43:19'),
(145, 98, 20, 25, '0.00', 0, 0, 1611841400, 1611841400, '2021-01-28 13:43:19', '2021-01-28 13:43:19'),
(146, 98, 25, 30, '0.00', 0, 0, 1611841400, 1611841400, '2021-01-28 13:43:19', '2021-01-28 13:43:19'),
(147, 98, 30, 35, '0.00', 0, 0, 1611841400, 1611841400, '2021-01-28 13:43:19', '2021-01-28 13:43:19'),
(148, 98, 35, 40, '0.00', 0, 0, 1611841400, 1611841400, '2021-01-28 13:43:19', '2021-01-28 13:43:19'),
(149, 98, 40, 45, '0.00', 0, 0, 1611841400, 1611841400, '2021-01-28 13:43:19', '2021-01-28 13:43:19'),
(150, 98, 45, 50, '0.00', 0, 0, 1611841400, 1611841400, '2021-01-28 13:43:19', '2021-01-28 13:43:19'),
(151, 99, 0, 5, '0.00', 0, 0, 1611942173, 1611942173, '2021-01-29 17:42:52', '2021-01-29 17:42:52'),
(152, 99, 5, 10, '0.00', 0, 0, 1611942173, 1611942173, '2021-01-29 17:42:52', '2021-01-29 17:42:52'),
(153, 99, 10, 15, '0.00', 0, 0, 1611942173, 1611942173, '2021-01-29 17:42:52', '2021-01-29 17:42:52'),
(154, 99, 15, 20, '0.00', 0, 0, 1611942173, 1611942173, '2021-01-29 17:42:52', '2021-01-29 17:42:52'),
(155, 99, 20, 25, '0.00', 0, 0, 1611942173, 1611942173, '2021-01-29 17:42:52', '2021-01-29 17:42:52'),
(156, 99, 25, 30, '0.00', 0, 0, 1611942173, 1611942173, '2021-01-29 17:42:52', '2021-01-29 17:42:52'),
(157, 99, 30, 35, '0.00', 0, 0, 1611942173, 1611942173, '2021-01-29 17:42:52', '2021-01-29 17:42:52'),
(158, 99, 35, 40, '0.00', 0, 0, 1611942173, 1611942173, '2021-01-29 17:42:52', '2021-01-29 17:42:52'),
(159, 99, 40, 45, '0.00', 0, 0, 1611942173, 1611942173, '2021-01-29 17:42:52', '2021-01-29 17:42:52'),
(160, 99, 45, 50, '0.00', 0, 0, 1611942173, 1611942173, '2021-01-29 17:42:52', '2021-01-29 17:42:52'),
(161, 103, 0, 5, '0.00', 0, 0, 1611945107, 1611945107, '2021-01-29 18:31:47', '2021-01-29 18:31:47'),
(162, 103, 5, 10, '0.00', 0, 0, 1611945107, 1611945107, '2021-01-29 18:31:47', '2021-01-29 18:31:47'),
(163, 103, 10, 15, '0.00', 0, 0, 1611945107, 1611945107, '2021-01-29 18:31:47', '2021-01-29 18:31:47'),
(164, 103, 15, 20, '0.00', 0, 0, 1611945107, 1611945107, '2021-01-29 18:31:47', '2021-01-29 18:31:47'),
(165, 103, 20, 25, '0.00', 0, 0, 1611945107, 1611945107, '2021-01-29 18:31:47', '2021-01-29 18:31:47'),
(166, 103, 25, 30, '0.00', 0, 0, 1611945107, 1611945107, '2021-01-29 18:31:47', '2021-01-29 18:31:47'),
(167, 103, 30, 35, '0.00', 0, 0, 1611945107, 1611945107, '2021-01-29 18:31:47', '2021-01-29 18:31:47'),
(168, 103, 35, 40, '0.00', 0, 0, 1611945107, 1611945107, '2021-01-29 18:31:47', '2021-01-29 18:31:47'),
(169, 103, 40, 45, '0.00', 0, 0, 1611945107, 1611945107, '2021-01-29 18:31:47', '2021-01-29 18:31:47'),
(170, 103, 45, 50, '0.00', 0, 0, 1611945107, 1611945107, '2021-01-29 18:31:47', '2021-01-29 18:31:47'),
(171, 107, 0, 5, '0.00', 0, 0, 1612182436, 1612182436, '2021-02-01 12:27:16', '2021-02-01 12:27:16'),
(172, 107, 5, 10, '0.00', 0, 0, 1612182436, 1612182436, '2021-02-01 12:27:16', '2021-02-01 12:27:16'),
(173, 107, 10, 15, '0.00', 0, 0, 1612182436, 1612182436, '2021-02-01 12:27:16', '2021-02-01 12:27:16'),
(174, 107, 15, 20, '0.00', 0, 0, 1612182436, 1612182436, '2021-02-01 12:27:16', '2021-02-01 12:27:16'),
(175, 107, 20, 25, '0.00', 0, 0, 1612182436, 1612182436, '2021-02-01 12:27:16', '2021-02-01 12:27:16'),
(176, 107, 25, 30, '0.00', 0, 0, 1612182436, 1612182436, '2021-02-01 12:27:16', '2021-02-01 12:27:16'),
(177, 107, 30, 35, '0.00', 0, 0, 1612182436, 1612182436, '2021-02-01 12:27:16', '2021-02-01 12:27:16'),
(178, 107, 35, 40, '0.00', 0, 0, 1612182436, 1612182436, '2021-02-01 12:27:16', '2021-02-01 12:27:16'),
(179, 107, 40, 45, '0.00', 0, 0, 1612182436, 1612182436, '2021-02-01 12:27:16', '2021-02-01 12:27:16'),
(180, 107, 45, 50, '0.00', 0, 0, 1612182436, 1612182436, '2021-02-01 12:27:16', '2021-02-01 12:27:16'),
(211, 111, 0, 5, '0.00', 0, 0, 1614580990, 1614580990, '2021-03-01 06:43:10', '2021-03-01 06:43:10'),
(212, 111, 5, 10, '0.00', 0, 0, 1614580990, 1614580990, '2021-03-01 06:43:10', '2021-03-01 06:43:10'),
(213, 111, 10, 15, '0.00', 0, 0, 1614580990, 1614580990, '2021-03-01 06:43:10', '2021-03-01 06:43:10'),
(214, 111, 15, 20, '0.00', 0, 0, 1614580990, 1614580990, '2021-03-01 06:43:10', '2021-03-01 06:43:10'),
(215, 111, 20, 25, '0.00', 0, 0, 1614580990, 1614580990, '2021-03-01 06:43:10', '2021-03-01 06:43:10'),
(216, 111, 25, 30, '0.00', 0, 0, 1614580990, 1614580990, '2021-03-01 06:43:10', '2021-03-01 06:43:10'),
(217, 111, 30, 35, '0.00', 0, 0, 1614580990, 1614580990, '2021-03-01 06:43:10', '2021-03-01 06:43:10'),
(218, 111, 35, 40, '0.00', 0, 0, 1614580990, 1614580990, '2021-03-01 06:43:10', '2021-03-01 06:43:10'),
(219, 111, 40, 45, '0.00', 0, 0, 1614580990, 1614580990, '2021-03-01 06:43:10', '2021-03-01 06:43:10'),
(220, 111, 45, 50, '0.00', 0, 0, 1614580990, 1614580990, '2021-03-01 06:43:10', '2021-03-01 06:43:10'),
(221, 112, 0, 5, '0.00', 0, 0, 1614583607, 1614583607, '2021-03-01 07:26:46', '2021-03-01 07:26:46'),
(222, 112, 5, 10, '0.00', 0, 0, 1614583607, 1614583607, '2021-03-01 07:26:46', '2021-03-01 07:26:46'),
(223, 112, 10, 15, '0.00', 0, 0, 1614583607, 1614583607, '2021-03-01 07:26:46', '2021-03-01 07:26:46'),
(224, 112, 15, 20, '0.00', 0, 0, 1614583607, 1614583607, '2021-03-01 07:26:46', '2021-03-01 07:26:46'),
(225, 112, 20, 25, '0.00', 0, 0, 1614583607, 1614583607, '2021-03-01 07:26:46', '2021-03-01 07:26:46'),
(226, 112, 25, 30, '0.00', 0, 0, 1614583607, 1614583607, '2021-03-01 07:26:46', '2021-03-01 07:26:46'),
(227, 112, 30, 35, '0.00', 0, 0, 1614583607, 1614583607, '2021-03-01 07:26:46', '2021-03-01 07:26:46'),
(228, 112, 35, 40, '0.00', 0, 0, 1614583607, 1614583607, '2021-03-01 07:26:46', '2021-03-01 07:26:46'),
(229, 112, 40, 45, '0.00', 0, 0, 1614583607, 1614583607, '2021-03-01 07:26:46', '2021-03-01 07:26:46'),
(230, 112, 45, 50, '0.00', 0, 0, 1614583607, 1614583607, '2021-03-01 07:26:46', '2021-03-01 07:26:46'),
(231, 113, 0, 5, '0.00', 0, 0, 1614584896, 1614584896, '2021-03-01 07:48:16', '2021-03-01 07:48:16'),
(232, 113, 5, 10, '0.00', 0, 0, 1614584896, 1614584896, '2021-03-01 07:48:16', '2021-03-01 07:48:16'),
(233, 113, 10, 15, '0.00', 0, 0, 1614584896, 1614584896, '2021-03-01 07:48:16', '2021-03-01 07:48:16'),
(234, 113, 15, 20, '0.00', 0, 0, 1614584896, 1614584896, '2021-03-01 07:48:16', '2021-03-01 07:48:16'),
(235, 113, 20, 25, '0.00', 0, 0, 1614584896, 1614584896, '2021-03-01 07:48:16', '2021-03-01 07:48:16'),
(236, 113, 25, 30, '0.00', 0, 0, 1614584896, 1614584896, '2021-03-01 07:48:16', '2021-03-01 07:48:16'),
(237, 113, 30, 35, '0.00', 0, 0, 1614584896, 1614584896, '2021-03-01 07:48:16', '2021-03-01 07:48:16'),
(238, 113, 35, 40, '0.00', 0, 0, 1614584896, 1614584896, '2021-03-01 07:48:16', '2021-03-01 07:48:16'),
(239, 113, 40, 45, '0.00', 0, 0, 1614584896, 1614584896, '2021-03-01 07:48:16', '2021-03-01 07:48:16'),
(240, 113, 45, 50, '0.00', 0, 0, 1614584896, 1614584896, '2021-03-01 07:48:16', '2021-03-01 07:48:16'),
(241, 114, 0, 5, '10.00', 0, 0, 1614585829, 1614599488, '2021-03-01 08:03:48', '2021-03-01 11:51:28'),
(242, 114, 5, 10, '25.00', 0, 0, 1614585829, 1614599488, '2021-03-01 08:03:48', '2021-03-01 11:51:28'),
(243, 114, 10, 15, '0.00', 0, 0, 1614585829, 1614599488, '2021-03-01 08:03:48', '2021-03-01 11:51:28'),
(244, 114, 15, 20, '0.00', 0, 0, 1614585829, 1614599488, '2021-03-01 08:03:48', '2021-03-01 11:51:28'),
(245, 114, 20, 25, '0.00', 0, 0, 1614585829, 1614599488, '2021-03-01 08:03:48', '2021-03-01 11:51:28'),
(246, 114, 25, 30, '0.00', 0, 0, 1614585829, 1614599488, '2021-03-01 08:03:48', '2021-03-01 11:51:28'),
(247, 114, 30, 35, '0.00', 0, 0, 1614585829, 1614599488, '2021-03-01 08:03:48', '2021-03-01 11:51:28'),
(248, 114, 35, 40, '0.00', 0, 0, 1614585829, 1614599488, '2021-03-01 08:03:48', '2021-03-01 11:51:28'),
(249, 114, 40, 45, '0.00', 0, 0, 1614585829, 1614599488, '2021-03-01 08:03:48', '2021-03-01 11:51:28'),
(250, 114, 45, 50, '10.00', 0, 0, 1614585829, 1614599488, '2021-03-01 08:03:48', '2021-03-01 11:51:28'),
(271, 115, 0, 5, '20.00', 10, 10, 1614758456, 1614758456, '2021-01-25 11:21:23', '2021-01-25 11:21:23'),
(272, 115, 5, 10, '20.00', 10, 10, 1614758456, 1614758456, '2021-01-25 11:21:23', '2021-01-25 11:21:23'),
(273, 115, 10, 15, '20.00', 10, 10, 1614758456, 1614758456, '2021-01-25 11:21:23', '2021-01-25 11:21:23'),
(274, 115, 15, 20, '20.00', 10, 10, 1614758456, 1614758456, '2021-01-25 11:21:23', '2021-01-25 11:21:23'),
(275, 115, 20, 25, '20.00', 10, 10, 1614758456, 1614758456, '2021-01-25 11:21:23', '2021-01-25 11:21:23'),
(276, 115, 25, 30, '20.00', 10, 10, 1614758456, 1614758456, '2021-01-25 11:21:23', '2021-01-25 11:21:23'),
(277, 115, 30, 35, '20.00', 10, 10, 1614758456, 1614758456, '2021-01-25 11:21:23', '2021-01-25 11:21:23'),
(278, 115, 35, 40, '20.00', 10, 10, 1614758456, 1614758456, '2021-01-25 11:21:23', '2021-01-25 11:21:23'),
(279, 115, 40, 45, '20.00', 10, 10, 1614758456, 1614758456, '2021-01-25 11:21:23', '2021-01-25 11:21:23'),
(280, 115, 45, 50, '20.00', 10, 10, 1614758456, 1614758456, '2021-01-25 11:21:23', '2021-01-25 11:21:23'),
(281, 42, 0, 5, '20.00', 10, 10, 1615210670, 1615210670, '2021-01-25 11:21:23', '2021-01-25 11:21:23'),
(282, 42, 5, 10, '20.00', 10, 10, 1615210670, 1615210670, '2021-01-25 11:21:23', '2021-01-25 11:21:23'),
(283, 42, 10, 15, '20.00', 10, 10, 1615210670, 1615210670, '2021-01-25 11:21:23', '2021-01-25 11:21:23'),
(284, 42, 15, 20, '20.00', 10, 10, 1615210670, 1615210670, '2021-01-25 11:21:23', '2021-01-25 11:21:23'),
(285, 42, 20, 25, '20.00', 10, 10, 1615210670, 1615210670, '2021-01-25 11:21:23', '2021-01-25 11:21:23'),
(286, 42, 25, 30, '20.00', 10, 10, 1615210670, 1615210670, '2021-01-25 11:21:23', '2021-01-25 11:21:23'),
(287, 42, 30, 35, '20.00', 10, 10, 1615210670, 1615210670, '2021-01-25 11:21:23', '2021-01-25 11:21:23'),
(288, 42, 35, 40, '20.00', 10, 10, 1615210670, 1615210670, '2021-01-25 11:21:23', '2021-01-25 11:21:23'),
(289, 42, 40, 45, '20.00', 10, 10, 1615210670, 1615210670, '2021-01-25 11:21:23', '2021-01-25 11:21:23'),
(290, 42, 45, 50, '20.00', 10, 10, 1615210670, 1615210670, '2021-01-25 11:21:23', '2021-01-25 11:21:23'),
(301, 116, 0, 5, '20.00', 10, 1, 1615282543, 1615282543, '2021-01-25 11:21:23', '2021-01-25 11:21:23'),
(302, 116, 5, 10, '0.00', 10, 1, 1615282543, 1615282543, '2021-01-25 11:21:23', '2021-01-25 11:21:23'),
(303, 116, 10, 15, '0.00', 10, 1, 1615282543, 1615282543, '2021-01-25 11:21:23', '2021-01-25 11:21:23'),
(304, 116, 15, 20, '0.00', 10, 1, 1615282543, 1615282543, '2021-01-25 11:21:23', '2021-01-25 11:21:23'),
(305, 116, 20, 25, '0.00', 10, 1, 1615282543, 1615282543, '2021-01-25 11:21:23', '2021-01-25 11:21:23'),
(306, 116, 25, 30, '0.00', 10, 1, 1615282543, 1615282543, '2021-01-25 11:21:23', '2021-01-25 11:21:23'),
(307, 116, 30, 35, '10.00', 10, 0, 1615282543, 1615282543, '2021-01-25 11:21:23', '2021-01-25 11:21:23'),
(308, 116, 35, 40, '15.00', 10, 0, 1615282543, 1615282543, '2021-01-25 11:21:23', '2021-01-25 11:21:23'),
(309, 116, 40, 45, '18.00', 10, 0, 1615282543, 1615282543, '2021-01-25 11:21:23', '2021-01-25 11:21:23'),
(310, 116, 45, 50, '20.00', 10, 0, 1615282543, 1615282543, '2021-01-25 11:21:23', '2021-01-25 11:21:23'),
(311, 120, 0, 5, '3.00', 0, 1, 1620205611, 1620205611, '2021-05-04 06:58:56', '2021-05-04 06:58:56'),
(312, 120, 5, 10, '2.00', 0, 1, 1620205611, 1620205611, '2021-05-04 06:58:56', '2021-05-04 06:58:56'),
(313, 120, 10, 15, '3.00', 0, 1, 1620205611, 1620205611, '2021-05-04 06:58:56', '2021-05-04 06:58:56'),
(314, 120, 15, 20, '4.00', 0, 1, 1620205611, 1620205611, '2021-05-04 06:58:56', '2021-05-04 06:58:56'),
(315, 120, 20, 25, '5.00', 0, 1, 1620205611, 1620205611, '2021-05-04 06:58:56', '2021-05-04 06:58:56'),
(316, 120, 25, 30, '6.00', 0, 0, 1620205611, 1620205611, '2021-05-04 06:58:56', '2021-05-04 06:58:56'),
(317, 120, 30, 35, '7.00', 0, 1, 1620205611, 1620205611, '2021-05-04 06:58:56', '2021-05-04 06:58:56'),
(318, 120, 35, 40, '2.00', 0, 1, 1620205611, 1620205611, '2021-05-04 06:58:56', '2021-05-04 06:58:56'),
(319, 120, 40, 45, '1.00', 0, 1, 1620205611, 1620205611, '2021-05-04 06:58:56', '2021-05-04 06:58:56'),
(320, 120, 45, 50, '9.00', 0, 1, 1620205611, 1620205611, '2021-05-04 06:58:56', '2021-05-04 06:58:56'),
(321, 123, 0, 5, '0.00', 0, 0, 1622877725, 1622877725, '2021-06-05 07:22:04', '2021-06-05 07:22:04'),
(322, 123, 5, 10, '0.00', 0, 0, 1622877725, 1622877725, '2021-06-05 07:22:04', '2021-06-05 07:22:04'),
(323, 123, 10, 15, '0.00', 0, 0, 1622877725, 1622877725, '2021-06-05 07:22:04', '2021-06-05 07:22:04'),
(324, 123, 15, 20, '0.00', 0, 0, 1622877725, 1622877725, '2021-06-05 07:22:04', '2021-06-05 07:22:04'),
(325, 123, 20, 25, '0.00', 0, 0, 1622877725, 1622877725, '2021-06-05 07:22:04', '2021-06-05 07:22:04'),
(326, 123, 25, 30, '0.00', 0, 0, 1622877725, 1622877725, '2021-06-05 07:22:04', '2021-06-05 07:22:04'),
(327, 123, 30, 35, '0.00', 0, 0, 1622877725, 1622877725, '2021-06-05 07:22:04', '2021-06-05 07:22:04'),
(328, 123, 35, 40, '0.00', 0, 0, 1622877725, 1622877725, '2021-06-05 07:22:04', '2021-06-05 07:22:04'),
(329, 123, 40, 45, '0.00', 0, 0, 1622877725, 1622877725, '2021-06-05 07:22:04', '2021-06-05 07:22:04'),
(330, 123, 45, 50, '0.00', 0, 0, 1622877725, 1622877725, '2021-06-05 07:22:04', '2021-06-05 07:22:04'),
(371, 130, 0, 5, '0.00', 0, 0, 1624883339, 1624883339, '2021-06-28 12:28:58', '2021-06-28 12:28:58'),
(372, 130, 5, 10, '0.00', 0, 0, 1624883339, 1624883339, '2021-06-28 12:28:58', '2021-06-28 12:28:58'),
(373, 130, 10, 15, '0.00', 0, 0, 1624883339, 1624883339, '2021-06-28 12:28:58', '2021-06-28 12:28:58'),
(374, 130, 15, 20, '0.00', 0, 0, 1624883339, 1624883339, '2021-06-28 12:28:58', '2021-06-28 12:28:58'),
(375, 130, 20, 25, '0.00', 0, 0, 1624883339, 1624883339, '2021-06-28 12:28:58', '2021-06-28 12:28:58'),
(376, 130, 25, 30, '0.00', 0, 0, 1624883339, 1624883339, '2021-06-28 12:28:58', '2021-06-28 12:28:58'),
(377, 130, 30, 35, '0.00', 0, 0, 1624883339, 1624883339, '2021-06-28 12:28:58', '2021-06-28 12:28:58'),
(378, 130, 35, 40, '0.00', 0, 0, 1624883339, 1624883339, '2021-06-28 12:28:58', '2021-06-28 12:28:58'),
(379, 130, 40, 45, '0.00', 0, 0, 1624883339, 1624883339, '2021-06-28 12:28:58', '2021-06-28 12:28:58'),
(380, 130, 45, 50, '0.00', 0, 0, 1624883339, 1624883339, '2021-06-28 12:28:58', '2021-06-28 12:28:58'),
(391, 134, 0, 5, '500.00', 0, 0, 1625553495, 1625553495, '2021-07-06 06:28:13', '2021-07-06 06:28:13'),
(392, 134, 5, 10, '1000.00', 0, 0, 1625553495, 1625553495, '2021-07-06 06:28:13', '2021-07-06 06:28:13'),
(393, 134, 10, 15, '2000.00', 0, 0, 1625553495, 1625553495, '2021-07-06 06:28:13', '2021-07-06 06:28:13'),
(394, 134, 15, 20, '3000.00', 0, 0, 1625553495, 1625553495, '2021-07-06 06:28:13', '2021-07-06 06:28:13'),
(395, 134, 20, 25, '4000.00', 0, 0, 1625553495, 1625553495, '2021-07-06 06:28:13', '2021-07-06 06:28:13'),
(396, 134, 25, 30, '5000.00', 0, 0, 1625553495, 1625553495, '2021-07-06 06:28:13', '2021-07-06 06:28:13'),
(397, 134, 30, 35, '6000.00', 0, 0, 1625553495, 1625553495, '2021-07-06 06:28:13', '2021-07-06 06:28:13'),
(398, 134, 35, 40, '7000.00', 0, 0, 1625553495, 1625553495, '2021-07-06 06:28:13', '2021-07-06 06:28:13'),
(399, 134, 40, 45, '8000.00', 0, 0, 1625553495, 1625553495, '2021-07-06 06:28:13', '2021-07-06 06:28:13'),
(400, 134, 45, 50, '10000.00', 0, 0, 1625553495, 1625553495, '2021-07-06 06:28:13', '2021-07-06 06:28:13'),
(411, 137, 0, 5, '0.00', 0, 0, 1625932203, 1625932203, '2021-07-10 15:50:03', '2021-07-10 15:50:03'),
(412, 137, 5, 10, '0.00', 0, 0, 1625932203, 1625932203, '2021-07-10 15:50:03', '2021-07-10 15:50:03'),
(413, 137, 10, 15, '0.00', 0, 0, 1625932203, 1625932203, '2021-07-10 15:50:03', '2021-07-10 15:50:03'),
(414, 137, 15, 20, '0.00', 0, 0, 1625932203, 1625932203, '2021-07-10 15:50:03', '2021-07-10 15:50:03'),
(415, 137, 20, 25, '0.00', 0, 0, 1625932203, 1625932203, '2021-07-10 15:50:03', '2021-07-10 15:50:03'),
(416, 137, 25, 30, '0.00', 0, 0, 1625932203, 1625932203, '2021-07-10 15:50:03', '2021-07-10 15:50:03'),
(417, 137, 30, 35, '0.00', 0, 0, 1625932203, 1625932203, '2021-07-10 15:50:03', '2021-07-10 15:50:03'),
(418, 137, 35, 40, '0.00', 0, 0, 1625932203, 1625932203, '2021-07-10 15:50:03', '2021-07-10 15:50:03'),
(419, 137, 40, 45, '0.00', 0, 0, 1625932203, 1625932203, '2021-07-10 15:50:03', '2021-07-10 15:50:03'),
(420, 137, 45, 50, '0.00', 0, 0, 1625932203, 1625932203, '2021-07-10 15:50:03', '2021-07-10 15:50:03'),
(441, 141, 0, 5, '1.00', 0, 0, 1626152743, 1626152743, '2021-07-13 05:03:01', '2021-07-13 05:03:01'),
(442, 141, 5, 10, '2.00', 0, 0, 1626152743, 1626152743, '2021-07-13 05:03:01', '2021-07-13 05:03:01'),
(443, 141, 10, 15, '3.00', 0, 0, 1626152743, 1626152743, '2021-07-13 05:03:01', '2021-07-13 05:03:01'),
(444, 141, 15, 20, '4.00', 0, 0, 1626152743, 1626152743, '2021-07-13 05:03:01', '2021-07-13 05:03:01'),
(445, 141, 20, 25, '5.00', 0, 0, 1626152743, 1626152743, '2021-07-13 05:03:01', '2021-07-13 05:03:01'),
(446, 141, 25, 30, '6.00', 0, 0, 1626152743, 1626152743, '2021-07-13 05:03:01', '2021-07-13 05:03:01'),
(447, 141, 30, 35, '7.00', 0, 0, 1626152743, 1626152743, '2021-07-13 05:03:01', '2021-07-13 05:03:01'),
(448, 141, 35, 40, '8.00', 0, 0, 1626152743, 1626152743, '2021-07-13 05:03:01', '2021-07-13 05:03:01'),
(449, 141, 40, 45, '9.00', 0, 0, 1626152743, 1626152743, '2021-07-13 05:03:01', '2021-07-13 05:03:01'),
(450, 141, 45, 50, '10.00', 0, 0, 1626152743, 1626152743, '2021-07-13 05:03:01', '2021-07-13 05:03:01'),
(451, 145, 0, 5, '0.00', 0, 0, 1626248993, 1626248993, '2021-07-14 07:49:53', '2021-07-14 07:49:53'),
(452, 145, 5, 10, '0.00', 0, 0, 1626248993, 1626248993, '2021-07-14 07:49:53', '2021-07-14 07:49:53'),
(453, 145, 10, 15, '0.00', 0, 0, 1626248993, 1626248993, '2021-07-14 07:49:53', '2021-07-14 07:49:53'),
(454, 145, 15, 20, '0.00', 0, 0, 1626248993, 1626248993, '2021-07-14 07:49:53', '2021-07-14 07:49:53'),
(455, 145, 20, 25, '0.00', 0, 0, 1626248993, 1626248993, '2021-07-14 07:49:53', '2021-07-14 07:49:53'),
(456, 145, 25, 30, '0.00', 0, 0, 1626248993, 1626248993, '2021-07-14 07:49:53', '2021-07-14 07:49:53'),
(457, 145, 30, 35, '0.00', 0, 0, 1626248993, 1626248993, '2021-07-14 07:49:53', '2021-07-14 07:49:53'),
(458, 145, 35, 40, '0.00', 0, 0, 1626248993, 1626248993, '2021-07-14 07:49:53', '2021-07-14 07:49:53'),
(459, 145, 40, 45, '0.00', 0, 0, 1626248993, 1626248993, '2021-07-14 07:49:53', '2021-07-14 07:49:53'),
(460, 145, 45, 50, '0.00', 0, 0, 1626248993, 1626248993, '2021-07-14 07:49:53', '2021-07-14 07:49:53'),
(461, 146, 0, 5, '0.00', 0, 0, 1626273400, 1626273400, '2021-07-14 14:36:40', '2021-07-14 14:36:40'),
(462, 146, 5, 10, '0.00', 0, 0, 1626273400, 1626273400, '2021-07-14 14:36:40', '2021-07-14 14:36:40'),
(463, 146, 10, 15, '0.00', 0, 0, 1626273400, 1626273400, '2021-07-14 14:36:40', '2021-07-14 14:36:40'),
(464, 146, 15, 20, '0.00', 0, 0, 1626273400, 1626273400, '2021-07-14 14:36:40', '2021-07-14 14:36:40'),
(465, 146, 20, 25, '0.00', 0, 0, 1626273400, 1626273400, '2021-07-14 14:36:40', '2021-07-14 14:36:40'),
(466, 146, 25, 30, '0.00', 0, 0, 1626273400, 1626273400, '2021-07-14 14:36:40', '2021-07-14 14:36:40'),
(467, 146, 30, 35, '0.00', 0, 0, 1626273400, 1626273400, '2021-07-14 14:36:40', '2021-07-14 14:36:40'),
(468, 146, 35, 40, '0.00', 0, 0, 1626273400, 1626273400, '2021-07-14 14:36:40', '2021-07-14 14:36:40'),
(469, 146, 40, 45, '0.00', 0, 0, 1626273400, 1626273400, '2021-07-14 14:36:40', '2021-07-14 14:36:40'),
(470, 146, 45, 50, '0.00', 0, 0, 1626273400, 1626273400, '2021-07-14 14:36:40', '2021-07-14 14:36:40'),
(471, 147, 0, 5, '0.00', 0, 0, 1626274462, 1626274462, '2021-07-14 14:54:21', '2021-07-14 14:54:21'),
(472, 147, 5, 10, '0.00', 0, 0, 1626274462, 1626274462, '2021-07-14 14:54:21', '2021-07-14 14:54:21'),
(473, 147, 10, 15, '0.00', 0, 0, 1626274462, 1626274462, '2021-07-14 14:54:21', '2021-07-14 14:54:21'),
(474, 147, 15, 20, '0.00', 0, 0, 1626274462, 1626274462, '2021-07-14 14:54:21', '2021-07-14 14:54:21'),
(475, 147, 20, 25, '0.00', 0, 0, 1626274462, 1626274462, '2021-07-14 14:54:21', '2021-07-14 14:54:21'),
(476, 147, 25, 30, '0.00', 0, 0, 1626274462, 1626274462, '2021-07-14 14:54:21', '2021-07-14 14:54:21'),
(477, 147, 30, 35, '0.00', 0, 0, 1626274462, 1626274462, '2021-07-14 14:54:21', '2021-07-14 14:54:21'),
(478, 147, 35, 40, '0.00', 0, 0, 1626274462, 1626274462, '2021-07-14 14:54:21', '2021-07-14 14:54:21'),
(479, 147, 40, 45, '0.00', 0, 0, 1626274462, 1626274462, '2021-07-14 14:54:21', '2021-07-14 14:54:21'),
(480, 147, 45, 50, '0.00', 0, 0, 1626274462, 1626274462, '2021-07-14 14:54:21', '2021-07-14 14:54:21'),
(481, 148, 0, 5, '1.00', 0, 0, 1626330729, 1626330729, '2021-07-15 06:12:27', '2021-07-15 06:12:27'),
(482, 148, 5, 10, '2.00', 0, 0, 1626330729, 1626330729, '2021-07-15 06:12:27', '2021-07-15 06:12:27'),
(483, 148, 10, 15, '3.00', 0, 0, 1626330729, 1626330729, '2021-07-15 06:12:27', '2021-07-15 06:12:27'),
(484, 148, 15, 20, '4.00', 0, 0, 1626330729, 1626330729, '2021-07-15 06:12:27', '2021-07-15 06:12:27'),
(485, 148, 20, 25, '5.00', 0, 0, 1626330729, 1626330729, '2021-07-15 06:12:27', '2021-07-15 06:12:27'),
(486, 148, 25, 30, '6.00', 0, 0, 1626330729, 1626330729, '2021-07-15 06:12:27', '2021-07-15 06:12:27'),
(487, 148, 30, 35, '7.00', 0, 0, 1626330729, 1626330729, '2021-07-15 06:12:27', '2021-07-15 06:12:27'),
(488, 148, 35, 40, '8.00', 0, 0, 1626330729, 1626330729, '2021-07-15 06:12:27', '2021-07-15 06:12:27'),
(489, 148, 40, 45, '9.00', 0, 0, 1626330729, 1626330729, '2021-07-15 06:12:27', '2021-07-15 06:12:27'),
(490, 148, 45, 50, '10.00', 0, 0, 1626330729, 1626330729, '2021-07-15 06:12:27', '2021-07-15 06:12:27'),
(491, 149, 0, 5, '0.00', 0, 0, 1626331109, 1626331109, '2021-07-15 06:38:29', '2021-07-15 06:38:29'),
(492, 149, 5, 10, '0.00', 0, 0, 1626331109, 1626331109, '2021-07-15 06:38:29', '2021-07-15 06:38:29'),
(493, 149, 10, 15, '0.00', 0, 0, 1626331109, 1626331109, '2021-07-15 06:38:29', '2021-07-15 06:38:29'),
(494, 149, 15, 20, '0.00', 0, 0, 1626331109, 1626331109, '2021-07-15 06:38:29', '2021-07-15 06:38:29'),
(495, 149, 20, 25, '0.00', 0, 0, 1626331109, 1626331109, '2021-07-15 06:38:29', '2021-07-15 06:38:29'),
(496, 149, 25, 30, '0.00', 0, 0, 1626331109, 1626331109, '2021-07-15 06:38:29', '2021-07-15 06:38:29'),
(497, 149, 30, 35, '0.00', 0, 0, 1626331109, 1626331109, '2021-07-15 06:38:29', '2021-07-15 06:38:29'),
(498, 149, 35, 40, '0.00', 0, 0, 1626331109, 1626331109, '2021-07-15 06:38:29', '2021-07-15 06:38:29'),
(499, 149, 40, 45, '0.00', 0, 0, 1626331109, 1626331109, '2021-07-15 06:38:29', '2021-07-15 06:38:29'),
(500, 149, 45, 50, '0.00', 0, 0, 1626331109, 1626331109, '2021-07-15 06:38:29', '2021-07-15 06:38:29'),
(501, 150, 0, 5, '0.00', 0, 1, 1626333755, 1626333755, '2021-07-15 07:11:49', '2021-07-15 07:11:49'),
(502, 150, 5, 10, '5.00', 0, 1, 1626333755, 1626333755, '2021-07-15 07:11:49', '2021-07-15 07:11:49'),
(503, 150, 10, 15, '5.00', 0, 1, 1626333755, 1626333755, '2021-07-15 07:11:49', '2021-07-15 07:11:49'),
(504, 150, 15, 20, '5.00', 0, 0, 1626333755, 1626333755, '2021-07-15 07:11:49', '2021-07-15 07:11:49'),
(505, 150, 20, 25, '5.00', 0, 0, 1626333755, 1626333755, '2021-07-15 07:11:49', '2021-07-15 07:11:49'),
(506, 150, 25, 30, '5.00', 0, 1, 1626333755, 1626333755, '2021-07-15 07:11:49', '2021-07-15 07:11:49'),
(507, 150, 30, 35, '5.00', 0, 1, 1626333755, 1626333755, '2021-07-15 07:11:49', '2021-07-15 07:11:49'),
(508, 150, 35, 40, '5.00', 0, 1, 1626333755, 1626333755, '2021-07-15 07:11:49', '2021-07-15 07:11:49'),
(509, 150, 40, 45, '0.00', 0, 1, 1626333755, 1626333755, '2021-07-15 07:11:49', '2021-07-15 07:11:49'),
(510, 150, 45, 50, '0.00', 0, 1, 1626333755, 1626333755, '2021-07-15 07:11:49', '2021-07-15 07:11:49'),
(511, 152, 0, 5, '0.00', 0, 0, 1626419483, 1626419483, '2021-07-16 07:11:23', '2021-07-16 07:11:23'),
(512, 152, 5, 10, '0.00', 0, 0, 1626419483, 1626419483, '2021-07-16 07:11:23', '2021-07-16 07:11:23'),
(513, 152, 10, 15, '0.00', 0, 0, 1626419483, 1626419483, '2021-07-16 07:11:23', '2021-07-16 07:11:23'),
(514, 152, 15, 20, '0.00', 0, 0, 1626419483, 1626419483, '2021-07-16 07:11:23', '2021-07-16 07:11:23'),
(515, 152, 20, 25, '0.00', 0, 0, 1626419483, 1626419483, '2021-07-16 07:11:23', '2021-07-16 07:11:23'),
(516, 152, 25, 30, '0.00', 0, 0, 1626419483, 1626419483, '2021-07-16 07:11:23', '2021-07-16 07:11:23'),
(517, 152, 30, 35, '0.00', 0, 0, 1626419483, 1626419483, '2021-07-16 07:11:23', '2021-07-16 07:11:23'),
(518, 152, 35, 40, '0.00', 0, 0, 1626419483, 1626419483, '2021-07-16 07:11:23', '2021-07-16 07:11:23'),
(519, 152, 40, 45, '0.00', 0, 0, 1626419483, 1626419483, '2021-07-16 07:11:23', '2021-07-16 07:11:23'),
(520, 152, 45, 50, '0.00', 0, 0, 1626419483, 1626419483, '2021-07-16 07:11:23', '2021-07-16 07:11:23'),
(521, 153, 0, 5, '1.00', 0, 0, 1626420153, 1626420153, '2021-07-16 07:19:35', '2021-07-16 07:19:35'),
(522, 153, 5, 10, '2.00', 0, 0, 1626420153, 1626420153, '2021-07-16 07:19:35', '2021-07-16 07:19:35'),
(523, 153, 10, 15, '3.00', 0, 0, 1626420153, 1626420153, '2021-07-16 07:19:35', '2021-07-16 07:19:35'),
(524, 153, 15, 20, '4.00', 0, 0, 1626420153, 1626420153, '2021-07-16 07:19:35', '2021-07-16 07:19:35'),
(525, 153, 20, 25, '5.00', 0, 0, 1626420153, 1626420153, '2021-07-16 07:19:35', '2021-07-16 07:19:35'),
(526, 153, 25, 30, '6.00', 0, 0, 1626420153, 1626420153, '2021-07-16 07:19:35', '2021-07-16 07:19:35'),
(527, 153, 30, 35, '7.00', 0, 0, 1626420153, 1626420153, '2021-07-16 07:19:35', '2021-07-16 07:19:35'),
(528, 153, 35, 40, '8.00', 0, 0, 1626420153, 1626420153, '2021-07-16 07:19:35', '2021-07-16 07:19:35'),
(529, 153, 40, 45, '9.00', 0, 0, 1626420153, 1626420153, '2021-07-16 07:19:35', '2021-07-16 07:19:35'),
(530, 153, 45, 50, '10.00', 0, 0, 1626420153, 1626420153, '2021-07-16 07:19:35', '2021-07-16 07:19:35'),
(541, 158, 0, 5, '0.00', 0, 0, 1627279739, 1627279739, '2021-07-26 06:08:59', '2021-07-26 06:08:59'),
(542, 158, 5, 10, '0.00', 0, 0, 1627279739, 1627279739, '2021-07-26 06:08:59', '2021-07-26 06:08:59'),
(543, 158, 10, 15, '0.00', 0, 0, 1627279739, 1627279739, '2021-07-26 06:08:59', '2021-07-26 06:08:59'),
(544, 158, 15, 20, '0.00', 0, 0, 1627279739, 1627279739, '2021-07-26 06:08:59', '2021-07-26 06:08:59'),
(545, 158, 20, 25, '0.00', 0, 0, 1627279739, 1627279739, '2021-07-26 06:08:59', '2021-07-26 06:08:59'),
(546, 158, 25, 30, '0.00', 0, 0, 1627279739, 1627279739, '2021-07-26 06:08:59', '2021-07-26 06:08:59'),
(547, 158, 30, 35, '0.00', 0, 0, 1627279739, 1627279739, '2021-07-26 06:08:59', '2021-07-26 06:08:59'),
(548, 158, 35, 40, '0.00', 0, 0, 1627279739, 1627279739, '2021-07-26 06:08:59', '2021-07-26 06:08:59'),
(549, 158, 40, 45, '0.00', 0, 0, 1627279739, 1627279739, '2021-07-26 06:08:59', '2021-07-26 06:08:59'),
(550, 158, 45, 50, '0.00', 0, 0, 1627279739, 1627279739, '2021-07-26 06:08:59', '2021-07-26 06:08:59'),
(551, 131, 0, 5, '1.00', 0, 1, 1627642081, 1627642081, '2021-06-29 05:02:48', '2021-07-15 07:53:13'),
(552, 131, 5, 10, '5.00', 0, 0, 1627642081, 1627642081, '2021-06-29 05:02:48', '2021-07-15 07:53:13'),
(553, 131, 10, 15, '3.00', 0, 0, 1627642081, 1627642081, '2021-06-29 05:02:48', '2021-07-15 07:53:13'),
(554, 131, 15, 20, '4.00', 0, 0, 1627642081, 1627642081, '2021-06-29 05:02:48', '2021-07-15 07:53:13'),
(555, 131, 20, 25, '5.00', 0, 0, 1627642081, 1627642081, '2021-06-29 05:02:48', '2021-07-15 07:53:13'),
(556, 131, 25, 30, '6.00', 0, 0, 1627642081, 1627642081, '2021-06-29 05:02:48', '2021-07-15 07:53:13'),
(557, 131, 30, 35, '7.00', 0, 0, 1627642081, 1627642081, '2021-06-29 05:02:48', '2021-07-15 07:53:13'),
(558, 131, 35, 40, '8.00', 0, 0, 1627642081, 1627642081, '2021-06-29 05:02:48', '2021-07-15 07:53:13'),
(559, 131, 40, 45, '9.00', 0, 0, 1627642081, 1627642081, '2021-06-29 05:02:48', '2021-07-15 07:53:13'),
(560, 131, 45, 50, '10.00', 0, 0, 1627642081, 1627642081, '2021-06-29 05:02:48', '2021-07-15 07:53:13'),
(561, 161, 0, 5, '0.00', 0, 0, 1627907893, 1627907893, '2021-08-02 12:38:13', '2021-08-02 12:38:13'),
(562, 161, 5, 10, '0.00', 0, 0, 1627907893, 1627907893, '2021-08-02 12:38:13', '2021-08-02 12:38:13'),
(563, 161, 10, 15, '0.00', 0, 0, 1627907893, 1627907893, '2021-08-02 12:38:13', '2021-08-02 12:38:13'),
(564, 161, 15, 20, '0.00', 0, 0, 1627907893, 1627907893, '2021-08-02 12:38:13', '2021-08-02 12:38:13'),
(565, 161, 20, 25, '0.00', 0, 0, 1627907893, 1627907893, '2021-08-02 12:38:13', '2021-08-02 12:38:13'),
(566, 161, 25, 30, '0.00', 0, 0, 1627907893, 1627907893, '2021-08-02 12:38:13', '2021-08-02 12:38:13'),
(567, 161, 30, 35, '0.00', 0, 0, 1627907893, 1627907893, '2021-08-02 12:38:13', '2021-08-02 12:38:13'),
(568, 161, 35, 40, '0.00', 0, 0, 1627907893, 1627907893, '2021-08-02 12:38:13', '2021-08-02 12:38:13'),
(569, 161, 40, 45, '0.00', 0, 0, 1627907893, 1627907893, '2021-08-02 12:38:13', '2021-08-02 12:38:13'),
(570, 161, 45, 50, '0.00', 0, 0, 1627907893, 1627907893, '2021-08-02 12:38:13', '2021-08-02 12:38:13'),
(571, 163, 0, 5, '0.00', 0, 0, 1627975953, 1627975953, '2021-08-03 07:32:32', '2021-08-03 07:32:32'),
(572, 163, 5, 10, '0.00', 0, 0, 1627975953, 1627975953, '2021-08-03 07:32:32', '2021-08-03 07:32:32'),
(573, 163, 10, 15, '0.00', 0, 0, 1627975953, 1627975953, '2021-08-03 07:32:32', '2021-08-03 07:32:32'),
(574, 163, 15, 20, '0.00', 0, 0, 1627975953, 1627975953, '2021-08-03 07:32:32', '2021-08-03 07:32:32'),
(575, 163, 20, 25, '0.00', 0, 0, 1627975953, 1627975953, '2021-08-03 07:32:32', '2021-08-03 07:32:32'),
(576, 163, 25, 30, '0.00', 0, 0, 1627975953, 1627975953, '2021-08-03 07:32:32', '2021-08-03 07:32:32'),
(577, 163, 30, 35, '0.00', 0, 0, 1627975953, 1627975953, '2021-08-03 07:32:32', '2021-08-03 07:32:32'),
(578, 163, 35, 40, '0.00', 0, 0, 1627975953, 1627975953, '2021-08-03 07:32:32', '2021-08-03 07:32:32'),
(579, 163, 40, 45, '0.00', 0, 0, 1627975953, 1627975953, '2021-08-03 07:32:32', '2021-08-03 07:32:32'),
(580, 163, 45, 50, '0.00', 0, 0, 1627975953, 1627975953, '2021-08-03 07:32:32', '2021-08-03 07:32:32'),
(581, 164, 0, 5, '0.00', 0, 0, 1628155023, 1628155023, '2021-08-05 09:17:03', '2021-08-05 09:17:03'),
(582, 164, 5, 10, '0.00', 0, 0, 1628155023, 1628155023, '2021-08-05 09:17:03', '2021-08-05 09:17:03'),
(583, 164, 10, 15, '0.00', 0, 0, 1628155023, 1628155023, '2021-08-05 09:17:03', '2021-08-05 09:17:03'),
(584, 164, 15, 20, '0.00', 0, 0, 1628155023, 1628155023, '2021-08-05 09:17:03', '2021-08-05 09:17:03'),
(585, 164, 20, 25, '0.00', 0, 0, 1628155023, 1628155023, '2021-08-05 09:17:03', '2021-08-05 09:17:03'),
(586, 164, 25, 30, '0.00', 0, 0, 1628155023, 1628155023, '2021-08-05 09:17:03', '2021-08-05 09:17:03'),
(587, 164, 30, 35, '0.00', 0, 0, 1628155023, 1628155023, '2021-08-05 09:17:03', '2021-08-05 09:17:03'),
(588, 164, 35, 40, '0.00', 0, 0, 1628155023, 1628155023, '2021-08-05 09:17:03', '2021-08-05 09:17:03'),
(589, 164, 40, 45, '0.00', 0, 0, 1628155023, 1628155023, '2021-08-05 09:17:03', '2021-08-05 09:17:03'),
(590, 164, 45, 50, '0.00', 0, 0, 1628155023, 1628155023, '2021-08-05 09:17:03', '2021-08-05 09:17:03'),
(601, 180, 0, 5, '0.00', 0, 0, 1628834246, 1628834246, '2021-08-13 05:57:25', '2021-08-13 05:57:25'),
(602, 180, 5, 10, '0.00', 0, 0, 1628834246, 1628834246, '2021-08-13 05:57:25', '2021-08-13 05:57:25'),
(603, 180, 10, 15, '0.00', 0, 0, 1628834246, 1628834246, '2021-08-13 05:57:25', '2021-08-13 05:57:25'),
(604, 180, 15, 20, '0.00', 0, 0, 1628834246, 1628834246, '2021-08-13 05:57:25', '2021-08-13 05:57:25'),
(605, 180, 20, 25, '0.00', 0, 0, 1628834246, 1628834246, '2021-08-13 05:57:25', '2021-08-13 05:57:25'),
(606, 180, 25, 30, '0.00', 0, 0, 1628834246, 1628834246, '2021-08-13 05:57:25', '2021-08-13 05:57:25'),
(607, 180, 30, 35, '0.00', 0, 0, 1628834246, 1628834246, '2021-08-13 05:57:25', '2021-08-13 05:57:25'),
(608, 180, 35, 40, '0.00', 0, 0, 1628834246, 1628834246, '2021-08-13 05:57:25', '2021-08-13 05:57:25'),
(609, 180, 40, 45, '0.00', 0, 0, 1628834246, 1628834246, '2021-08-13 05:57:25', '2021-08-13 05:57:25'),
(610, 180, 45, 50, '0.00', 0, 0, 1628834246, 1628834246, '2021-08-13 05:57:25', '2021-08-13 05:57:25'),
(611, 181, 0, 5, '0.00', 0, 0, 1628834378, 1628834378, '2021-08-13 05:59:37', '2021-08-13 05:59:37'),
(612, 181, 5, 10, '0.00', 0, 0, 1628834378, 1628834378, '2021-08-13 05:59:37', '2021-08-13 05:59:37'),
(613, 181, 10, 15, '0.00', 0, 0, 1628834378, 1628834378, '2021-08-13 05:59:37', '2021-08-13 05:59:37'),
(614, 181, 15, 20, '0.00', 0, 0, 1628834378, 1628834378, '2021-08-13 05:59:37', '2021-08-13 05:59:37'),
(615, 181, 20, 25, '0.00', 0, 0, 1628834378, 1628834378, '2021-08-13 05:59:37', '2021-08-13 05:59:37'),
(616, 181, 25, 30, '0.00', 0, 0, 1628834378, 1628834378, '2021-08-13 05:59:37', '2021-08-13 05:59:37'),
(617, 181, 30, 35, '0.00', 0, 0, 1628834378, 1628834378, '2021-08-13 05:59:37', '2021-08-13 05:59:37'),
(618, 181, 35, 40, '0.00', 0, 0, 1628834378, 1628834378, '2021-08-13 05:59:37', '2021-08-13 05:59:37'),
(619, 181, 40, 45, '0.00', 0, 0, 1628834378, 1628834378, '2021-08-13 05:59:37', '2021-08-13 05:59:37'),
(620, 181, 45, 50, '0.00', 0, 0, 1628834378, 1628834378, '2021-08-13 05:59:37', '2021-08-13 05:59:37'),
(621, 183, 0, 5, '1.00', 0, 0, 1629711409, 1629711650, '2021-08-19 06:26:28', '2021-08-23 09:40:50'),
(622, 183, 5, 10, '1.00', 0, 0, 1629711409, 1629711650, '2021-08-19 06:26:28', '2021-08-23 09:40:50'),
(623, 183, 10, 15, '1.00', 0, 0, 1629711409, 1629711650, '2021-08-19 06:26:28', '2021-08-23 09:40:50'),
(624, 183, 15, 20, '1.00', 0, 0, 1629711409, 1629711650, '2021-08-19 06:26:28', '2021-08-23 09:40:50'),
(625, 183, 20, 25, '1.00', 0, 0, 1629711409, 1629711650, '2021-08-19 06:26:28', '2021-08-23 09:40:50'),
(626, 183, 25, 30, '1.00', 0, 0, 1629711409, 1629711650, '2021-08-19 06:26:28', '2021-08-23 09:40:50'),
(627, 183, 30, 35, '10.00', 0, 0, 1629711409, 1629711650, '2021-08-19 06:26:28', '2021-08-23 09:40:50'),
(628, 183, 35, 40, '10.00', 0, 0, 1629711409, 1629711650, '2021-08-19 06:26:28', '2021-08-23 09:40:50'),
(629, 183, 40, 45, '10.00', 0, 0, 1629711409, 1629711650, '2021-08-19 06:26:28', '2021-08-23 09:40:50'),
(630, 183, 45, 50, '10.00', 1, 1, 1629711409, 1629711651, '2021-08-19 06:26:28', '2021-08-23 09:40:50'),
(631, 184, 0, 5, '10.00', 0, 0, 1629450617, 1629450617, '2021-08-19 07:35:12', '2021-08-19 07:35:12'),
(632, 184, 5, 10, '20.00', 0, 0, 1629450617, 1629450617, '2021-08-19 07:35:12', '2021-08-19 07:35:12'),
(633, 184, 10, 15, '30.00', 0, 0, 1629450617, 1629450617, '2021-08-19 07:35:12', '2021-08-19 07:35:12'),
(634, 184, 15, 20, '0.00', 0, 1, 1629450617, 1629450617, '2021-08-19 07:35:12', '2021-08-19 07:35:12'),
(635, 184, 20, 25, '0.00', 0, 1, 1629450617, 1629450617, '2021-08-19 07:35:12', '2021-08-19 07:35:12'),
(636, 184, 25, 30, '0.00', 0, 1, 1629450617, 1629450617, '2021-08-19 07:35:12', '2021-08-19 07:35:12'),
(637, 184, 30, 35, '0.00', 0, 1, 1629450617, 1629450617, '2021-08-19 07:35:12', '2021-08-19 07:35:12'),
(638, 184, 35, 40, '0.00', 0, 1, 1629450617, 1629450617, '2021-08-19 07:35:12', '2021-08-19 07:35:12'),
(639, 184, 40, 45, '0.00', 0, 1, 1629450617, 1629450617, '2021-08-19 07:35:12', '2021-08-19 07:35:12'),
(640, 184, 45, 50, '0.00', 0, 1, 1629450617, 1629450617, '2021-08-19 07:35:12', '2021-08-19 07:35:12'),
(641, 185, 0, 5, '150.00', 0, 0, 1634544312, 1634544312, '2021-08-24 12:19:37', '2021-08-24 12:19:37'),
(642, 185, 5, 10, '10.00', 0, 0, 1634544312, 1634544312, '2021-08-24 12:19:37', '2021-08-24 12:19:37'),
(643, 185, 10, 15, '0.00', 0, 1, 1634544312, 1634544312, '2021-08-24 12:19:37', '2021-08-24 12:19:37'),
(644, 185, 15, 20, '5.00', 0, 0, 1634544312, 1634544312, '2021-08-24 12:19:37', '2021-08-24 12:19:37'),
(645, 185, 20, 25, '0.00', 0, 1, 1634544312, 1634544312, '2021-08-24 12:19:37', '2021-08-24 12:19:37'),
(646, 185, 25, 30, '0.00', 0, 1, 1634544312, 1634544312, '2021-08-24 12:19:37', '2021-08-24 12:19:37'),
(647, 185, 30, 35, '0.00', 0, 1, 1634544312, 1634544312, '2021-08-24 12:19:37', '2021-08-24 12:19:37'),
(648, 185, 35, 40, '50.00', 0, 0, 1634544312, 1634544312, '2021-08-24 12:19:37', '2021-08-24 12:19:37'),
(649, 185, 40, 45, '50.00', 0, 0, 1634544312, 1634544312, '2021-08-24 12:19:37', '2021-08-24 12:19:37'),
(650, 185, 45, 50, '70.00', 0, 0, 1634544312, 1634544312, '2021-08-24 12:19:37', '2021-08-24 12:19:37'),
(651, 186, 0, 5, '1.00', 0, 1, 1629867004, 1629867004, '2021-08-25 04:41:59', '2021-08-25 04:41:59'),
(652, 186, 5, 10, '0.00', 0, 1, 1629867004, 1629867004, '2021-08-25 04:41:59', '2021-08-25 04:41:59'),
(653, 186, 10, 15, '2.00', 0, 0, 1629867004, 1629867004, '2021-08-25 04:41:59', '2021-08-25 04:41:59'),
(654, 186, 15, 20, '3.00', 0, 0, 1629867004, 1629867004, '2021-08-25 04:41:59', '2021-08-25 04:41:59'),
(655, 186, 20, 25, '4.00', 0, 0, 1629867004, 1629867004, '2021-08-25 04:41:59', '2021-08-25 04:41:59'),
(656, 186, 25, 30, '5.00', 0, 0, 1629867004, 1629867004, '2021-08-25 04:41:59', '2021-08-25 04:41:59'),
(657, 186, 30, 35, '6.00', 0, 0, 1629867004, 1629867004, '2021-08-25 04:41:59', '2021-08-25 04:41:59'),
(658, 186, 35, 40, '7.00', 0, 0, 1629867004, 1629867004, '2021-08-25 04:41:59', '2021-08-25 04:41:59'),
(659, 186, 40, 45, '8.00', 0, 0, 1629867004, 1629867004, '2021-08-25 04:41:59', '2021-08-25 04:41:59'),
(660, 186, 45, 50, '9.00', 0, 0, 1629867004, 1629867004, '2021-08-25 04:41:59', '2021-08-25 04:41:59'),
(661, 188, 0, 5, '0.00', 0, 1, 1629894040, 1629894040, '2021-08-25 12:16:37', '2021-08-25 12:16:37'),
(662, 188, 5, 10, '0.00', 0, 1, 1629894040, 1629894040, '2021-08-25 12:16:37', '2021-08-25 12:16:37'),
(663, 188, 10, 15, '0.00', 0, 1, 1629894040, 1629894040, '2021-08-25 12:16:37', '2021-08-25 12:16:37'),
(664, 188, 15, 20, '1.00', 0, 0, 1629894040, 1629894040, '2021-08-25 12:16:37', '2021-08-25 12:16:37'),
(665, 188, 20, 25, '2.00', 0, 0, 1629894040, 1629894040, '2021-08-25 12:16:37', '2021-08-25 12:16:37'),
(666, 188, 25, 30, '3.00', 0, 0, 1629894040, 1629894040, '2021-08-25 12:16:37', '2021-08-25 12:16:37'),
(667, 188, 30, 35, '4.00', 0, 0, 1629894040, 1629894040, '2021-08-25 12:16:37', '2021-08-25 12:16:37'),
(668, 188, 35, 40, '5.00', 0, 0, 1629894040, 1629894040, '2021-08-25 12:16:37', '2021-08-25 12:16:37'),
(669, 188, 40, 45, '6.00', 0, 0, 1629894040, 1629894040, '2021-08-25 12:16:37', '2021-08-25 12:16:37'),
(670, 188, 45, 50, '7.00', 0, 0, 1629894040, 1629894040, '2021-08-25 12:16:37', '2021-08-25 12:16:37'),
(671, 189, 0, 5, '0.00', 0, 1, 1629897912, 1629897912, '2021-08-25 13:18:33', '2021-08-25 13:18:33'),
(672, 189, 5, 10, '0.00', 0, 1, 1629897912, 1629897912, '2021-08-25 13:18:33', '2021-08-25 13:18:33'),
(673, 189, 10, 15, '1.00', 0, 0, 1629897912, 1629897912, '2021-08-25 13:18:33', '2021-08-25 13:18:33'),
(674, 189, 15, 20, '2.00', 0, 0, 1629897912, 1629897912, '2021-08-25 13:18:33', '2021-08-25 13:18:33'),
(675, 189, 20, 25, '3.00', 0, 0, 1629897912, 1629897912, '2021-08-25 13:18:33', '2021-08-25 13:18:33'),
(676, 189, 25, 30, '4.00', 0, 0, 1629897912, 1629897912, '2021-08-25 13:18:33', '2021-08-25 13:18:33'),
(677, 189, 30, 35, '6.00', 0, 0, 1629897912, 1629897912, '2021-08-25 13:18:33', '2021-08-25 13:18:33'),
(678, 189, 35, 40, '7.00', 0, 0, 1629897912, 1629897912, '2021-08-25 13:18:33', '2021-08-25 13:18:33'),
(679, 189, 40, 45, '8.00', 0, 0, 1629897912, 1629897912, '2021-08-25 13:18:33', '2021-08-25 13:18:33'),
(680, 189, 45, 50, '8.00', 0, 0, 1629897912, 1629897912, '2021-08-25 13:18:33', '2021-08-25 13:18:33'),
(681, 190, 0, 5, '0.00', 0, 0, 1629984070, 1629984070, '2021-08-26 13:21:09', '2021-08-26 13:21:09'),
(682, 190, 5, 10, '0.00', 0, 0, 1629984070, 1629984070, '2021-08-26 13:21:09', '2021-08-26 13:21:09'),
(683, 190, 10, 15, '0.00', 0, 0, 1629984070, 1629984070, '2021-08-26 13:21:09', '2021-08-26 13:21:09'),
(684, 190, 15, 20, '0.00', 0, 0, 1629984070, 1629984070, '2021-08-26 13:21:09', '2021-08-26 13:21:09'),
(685, 190, 20, 25, '0.00', 0, 0, 1629984070, 1629984070, '2021-08-26 13:21:09', '2021-08-26 13:21:09'),
(686, 190, 25, 30, '0.00', 0, 0, 1629984070, 1629984070, '2021-08-26 13:21:09', '2021-08-26 13:21:09'),
(687, 190, 30, 35, '0.00', 0, 0, 1629984070, 1629984070, '2021-08-26 13:21:09', '2021-08-26 13:21:09'),
(688, 190, 35, 40, '0.00', 0, 0, 1629984070, 1629984070, '2021-08-26 13:21:09', '2021-08-26 13:21:09'),
(689, 190, 40, 45, '0.00', 0, 0, 1629984070, 1629984070, '2021-08-26 13:21:09', '2021-08-26 13:21:09'),
(690, 190, 45, 50, '0.00', 0, 0, 1629984070, 1629984070, '2021-08-26 13:21:09', '2021-08-26 13:21:09'),
(691, 191, 0, 5, '0.00', 0, 0, 1630321713, 1630321713, '2021-08-30 11:08:33', '2021-08-30 11:08:33'),
(692, 191, 5, 10, '0.00', 0, 0, 1630321713, 1630321713, '2021-08-30 11:08:33', '2021-08-30 11:08:33'),
(693, 191, 10, 15, '0.00', 0, 0, 1630321713, 1630321713, '2021-08-30 11:08:33', '2021-08-30 11:08:33'),
(694, 191, 15, 20, '0.00', 0, 0, 1630321713, 1630321713, '2021-08-30 11:08:33', '2021-08-30 11:08:33'),
(695, 191, 20, 25, '0.00', 0, 0, 1630321713, 1630321713, '2021-08-30 11:08:33', '2021-08-30 11:08:33'),
(696, 191, 25, 30, '0.00', 0, 0, 1630321713, 1630321713, '2021-08-30 11:08:33', '2021-08-30 11:08:33'),
(697, 191, 30, 35, '0.00', 0, 0, 1630321713, 1630321713, '2021-08-30 11:08:33', '2021-08-30 11:08:33'),
(698, 191, 35, 40, '0.00', 0, 0, 1630321713, 1630321713, '2021-08-30 11:08:33', '2021-08-30 11:08:33'),
(699, 191, 40, 45, '0.00', 0, 0, 1630321713, 1630321713, '2021-08-30 11:08:33', '2021-08-30 11:08:33'),
(700, 191, 45, 50, '0.00', 0, 0, 1630321713, 1630321713, '2021-08-30 11:08:33', '2021-08-30 11:08:33'),
(701, 192, 0, 5, '0.00', 0, 0, 1630326558, 1630326558, '2021-08-30 12:29:18', '2021-08-30 12:29:18'),
(702, 192, 5, 10, '0.00', 0, 0, 1630326558, 1630326558, '2021-08-30 12:29:18', '2021-08-30 12:29:18'),
(703, 192, 10, 15, '0.00', 0, 0, 1630326558, 1630326558, '2021-08-30 12:29:18', '2021-08-30 12:29:18'),
(704, 192, 15, 20, '0.00', 0, 0, 1630326558, 1630326558, '2021-08-30 12:29:18', '2021-08-30 12:29:18'),
(705, 192, 20, 25, '0.00', 0, 0, 1630326558, 1630326558, '2021-08-30 12:29:18', '2021-08-30 12:29:18'),
(706, 192, 25, 30, '0.00', 0, 0, 1630326558, 1630326558, '2021-08-30 12:29:18', '2021-08-30 12:29:18'),
(707, 192, 30, 35, '0.00', 0, 0, 1630326558, 1630326558, '2021-08-30 12:29:18', '2021-08-30 12:29:18'),
(708, 192, 35, 40, '0.00', 0, 0, 1630326558, 1630326558, '2021-08-30 12:29:18', '2021-08-30 12:29:18'),
(709, 192, 40, 45, '0.00', 0, 0, 1630326558, 1630326558, '2021-08-30 12:29:18', '2021-08-30 12:29:18'),
(710, 192, 45, 50, '0.00', 0, 0, 1630326558, 1630326558, '2021-08-30 12:29:18', '2021-08-30 12:29:18'),
(711, 193, 0, 5, '0.00', 0, 0, 1630401239, 1630401239, '2021-08-31 09:13:58', '2021-08-31 09:13:58'),
(712, 193, 5, 10, '0.00', 0, 0, 1630401239, 1630401239, '2021-08-31 09:13:58', '2021-08-31 09:13:58'),
(713, 193, 10, 15, '0.00', 0, 0, 1630401239, 1630401239, '2021-08-31 09:13:58', '2021-08-31 09:13:58'),
(714, 193, 15, 20, '0.00', 0, 0, 1630401239, 1630401239, '2021-08-31 09:13:58', '2021-08-31 09:13:58'),
(715, 193, 20, 25, '0.00', 0, 0, 1630401239, 1630401239, '2021-08-31 09:13:58', '2021-08-31 09:13:58'),
(716, 193, 25, 30, '0.00', 0, 0, 1630401239, 1630401239, '2021-08-31 09:13:58', '2021-08-31 09:13:58'),
(717, 193, 30, 35, '0.00', 0, 0, 1630401239, 1630401239, '2021-08-31 09:13:58', '2021-08-31 09:13:58'),
(718, 193, 35, 40, '0.00', 0, 0, 1630401239, 1630401239, '2021-08-31 09:13:58', '2021-08-31 09:13:58'),
(719, 193, 40, 45, '0.00', 0, 0, 1630401239, 1630401239, '2021-08-31 09:13:58', '2021-08-31 09:13:58'),
(720, 193, 45, 50, '0.00', 0, 0, 1630401239, 1630401239, '2021-08-31 09:13:58', '2021-08-31 09:13:58'),
(721, 194, 0, 5, '0.00', 0, 0, 1630401665, 1630401665, '2021-08-31 09:21:04', '2021-08-31 09:21:04'),
(722, 194, 5, 10, '0.00', 0, 0, 1630401665, 1630401665, '2021-08-31 09:21:04', '2021-08-31 09:21:04'),
(723, 194, 10, 15, '0.00', 0, 0, 1630401665, 1630401665, '2021-08-31 09:21:04', '2021-08-31 09:21:04'),
(724, 194, 15, 20, '0.00', 0, 0, 1630401665, 1630401665, '2021-08-31 09:21:04', '2021-08-31 09:21:04'),
(725, 194, 20, 25, '0.00', 0, 0, 1630401665, 1630401665, '2021-08-31 09:21:04', '2021-08-31 09:21:04'),
(726, 194, 25, 30, '0.00', 0, 0, 1630401665, 1630401665, '2021-08-31 09:21:04', '2021-08-31 09:21:04'),
(727, 194, 30, 35, '0.00', 0, 0, 1630401665, 1630401665, '2021-08-31 09:21:04', '2021-08-31 09:21:04'),
(728, 194, 35, 40, '0.00', 0, 0, 1630401665, 1630401665, '2021-08-31 09:21:04', '2021-08-31 09:21:04'),
(729, 194, 40, 45, '0.00', 0, 0, 1630401665, 1630401665, '2021-08-31 09:21:04', '2021-08-31 09:21:04'),
(730, 194, 45, 50, '0.00', 0, 0, 1630401665, 1630401665, '2021-08-31 09:21:04', '2021-08-31 09:21:04'),
(731, 195, 0, 5, '0.00', 0, 0, 1630402282, 1630402282, '2021-08-31 09:31:22', '2021-08-31 09:31:22'),
(732, 195, 5, 10, '0.00', 0, 0, 1630402282, 1630402282, '2021-08-31 09:31:22', '2021-08-31 09:31:22'),
(733, 195, 10, 15, '0.00', 0, 0, 1630402282, 1630402282, '2021-08-31 09:31:22', '2021-08-31 09:31:22'),
(734, 195, 15, 20, '0.00', 0, 0, 1630402282, 1630402282, '2021-08-31 09:31:22', '2021-08-31 09:31:22'),
(735, 195, 20, 25, '0.00', 0, 0, 1630402282, 1630402282, '2021-08-31 09:31:22', '2021-08-31 09:31:22'),
(736, 195, 25, 30, '0.00', 0, 0, 1630402282, 1630402282, '2021-08-31 09:31:22', '2021-08-31 09:31:22'),
(737, 195, 30, 35, '0.00', 0, 0, 1630402282, 1630402282, '2021-08-31 09:31:22', '2021-08-31 09:31:22'),
(738, 195, 35, 40, '0.00', 0, 0, 1630402282, 1630402282, '2021-08-31 09:31:22', '2021-08-31 09:31:22'),
(739, 195, 40, 45, '0.00', 0, 0, 1630402282, 1630402282, '2021-08-31 09:31:22', '2021-08-31 09:31:22'),
(740, 195, 45, 50, '0.00', 0, 0, 1630402282, 1630402282, '2021-08-31 09:31:22', '2021-08-31 09:31:22'),
(741, 196, 0, 5, '0.00', 0, 1, 1630406220, 1630406220, '2021-08-31 09:45:47', '2021-08-31 09:45:47'),
(742, 196, 5, 10, '0.00', 0, 1, 1630406220, 1630406220, '2021-08-31 09:45:47', '2021-08-31 09:45:47'),
(743, 196, 10, 15, '0.00', 0, 1, 1630406220, 1630406220, '2021-08-31 09:45:47', '2021-08-31 09:45:47'),
(744, 196, 15, 20, '0.00', 0, 1, 1630406220, 1630406220, '2021-08-31 09:45:47', '2021-08-31 09:45:47'),
(745, 196, 20, 25, '0.00', 0, 1, 1630406220, 1630406220, '2021-08-31 09:45:47', '2021-08-31 09:45:47'),
(746, 196, 25, 30, '0.00', 0, 1, 1630406220, 1630406220, '2021-08-31 09:45:47', '2021-08-31 09:45:47'),
(747, 196, 30, 35, '0.00', 0, 1, 1630406220, 1630406220, '2021-08-31 09:45:47', '2021-08-31 09:45:47'),
(748, 196, 35, 40, '0.00', 0, 1, 1630406220, 1630406220, '2021-08-31 09:45:47', '2021-08-31 09:45:47'),
(749, 196, 40, 45, '0.00', 0, 1, 1630406220, 1630406220, '2021-08-31 09:45:47', '2021-08-31 09:45:47'),
(750, 196, 45, 50, '0.00', 0, 1, 1630406220, 1630406220, '2021-08-31 09:45:47', '2021-08-31 09:45:47'),
(751, 197, 0, 5, '0.00', 0, 1, 1630654238, 1630654238, '2021-09-02 04:58:08', '2021-09-02 04:58:08'),
(752, 197, 5, 10, '50.00', 0, 0, 1630654238, 1630654238, '2021-09-02 04:58:08', '2021-09-02 04:58:08'),
(753, 197, 10, 15, '0.00', 0, 1, 1630654238, 1630654238, '2021-09-02 04:58:08', '2021-09-02 04:58:08'),
(754, 197, 15, 20, '0.00', 0, 1, 1630654238, 1630654238, '2021-09-02 04:58:08', '2021-09-02 04:58:08'),
(755, 197, 20, 25, '0.00', 0, 1, 1630654238, 1630654238, '2021-09-02 04:58:08', '2021-09-02 04:58:08'),
(756, 197, 25, 30, '0.00', 0, 1, 1630654238, 1630654238, '2021-09-02 04:58:08', '2021-09-02 04:58:08'),
(757, 197, 30, 35, '0.00', 0, 1, 1630654238, 1630654238, '2021-09-02 04:58:08', '2021-09-02 04:58:08'),
(758, 197, 35, 40, '0.00', 0, 1, 1630654238, 1630654238, '2021-09-02 04:58:08', '2021-09-02 04:58:08'),
(759, 197, 40, 45, '25.00', 0, 0, 1630654238, 1630654238, '2021-09-02 04:58:08', '2021-09-02 04:58:08'),
(760, 197, 45, 50, '0.00', 0, 1, 1630654238, 1630654238, '2021-09-02 04:58:08', '2021-09-02 04:58:08'),
(761, 198, 0, 5, '0.00', 0, 1, 1630566710, 1630566710, '2021-09-02 07:10:01', '2021-09-02 07:10:01'),
(762, 198, 5, 10, '0.00', 0, 1, 1630566710, 1630566710, '2021-09-02 07:10:01', '2021-09-02 07:10:01'),
(763, 198, 10, 15, '0.00', 0, 1, 1630566710, 1630566710, '2021-09-02 07:10:01', '2021-09-02 07:10:01'),
(764, 198, 15, 20, '15.00', 0, 0, 1630566710, 1630566710, '2021-09-02 07:10:01', '2021-09-02 07:10:01'),
(765, 198, 20, 25, '37.00', 0, 0, 1630566710, 1630566710, '2021-09-02 07:10:01', '2021-09-02 07:10:01'),
(766, 198, 25, 30, '0.00', 0, 1, 1630566710, 1630566710, '2021-09-02 07:10:01', '2021-09-02 07:10:01'),
(767, 198, 30, 35, '0.00', 0, 1, 1630566710, 1630566710, '2021-09-02 07:10:01', '2021-09-02 07:10:01'),
(768, 198, 35, 40, '0.00', 0, 1, 1630566710, 1630566710, '2021-09-02 07:10:01', '2021-09-02 07:10:01'),
(769, 198, 40, 45, '0.00', 0, 1, 1630566710, 1630566710, '2021-09-02 07:10:01', '2021-09-02 07:10:01');
INSERT INTO `vendorDeliveryCharges` (`id`, `vendorId`, `minDistance`, `maxDistance`, `price`, `noDelivery`, `freeDelivery`, `created`, `updated`, `createdAt`, `updatedAt`) VALUES
(770, 198, 45, 50, '0.00', 0, 1, 1630566710, 1630566710, '2021-09-02 07:10:01', '2021-09-02 07:10:01'),
(771, 200, 0, 5, '0.00', 0, 1, 1631020376, 1631020376, '2021-09-07 04:59:45', '2021-09-07 04:59:45'),
(772, 200, 5, 10, '0.00', 0, 1, 1631020376, 1631020376, '2021-09-07 04:59:45', '2021-09-07 04:59:45'),
(773, 200, 10, 15, '0.00', 0, 1, 1631020376, 1631020376, '2021-09-07 04:59:45', '2021-09-07 04:59:45'),
(774, 200, 15, 20, '0.00', 0, 1, 1631020376, 1631020376, '2021-09-07 04:59:45', '2021-09-07 04:59:45'),
(775, 200, 20, 25, '0.00', 0, 1, 1631020376, 1631020376, '2021-09-07 04:59:45', '2021-09-07 04:59:45'),
(776, 200, 25, 30, '0.00', 0, 1, 1631020376, 1631020376, '2021-09-07 04:59:45', '2021-09-07 04:59:45'),
(777, 200, 30, 35, '0.00', 0, 1, 1631020376, 1631020376, '2021-09-07 04:59:45', '2021-09-07 04:59:45'),
(778, 200, 35, 40, '0.00', 0, 1, 1631020376, 1631020376, '2021-09-07 04:59:45', '2021-09-07 04:59:45'),
(779, 200, 40, 45, '0.00', 0, 1, 1631020376, 1631020376, '2021-09-07 04:59:45', '2021-09-07 04:59:45'),
(780, 200, 45, 50, '1.00', 0, 0, 1631020376, 1631020376, '2021-09-07 04:59:45', '2021-09-07 04:59:45'),
(781, 202, 0, 5, '0.00', 0, 0, 1631000730, 1631000730, '2021-09-07 07:45:29', '2021-09-07 07:45:29'),
(782, 202, 5, 10, '0.00', 0, 0, 1631000730, 1631000730, '2021-09-07 07:45:29', '2021-09-07 07:45:29'),
(783, 202, 10, 15, '0.00', 0, 0, 1631000730, 1631000730, '2021-09-07 07:45:29', '2021-09-07 07:45:29'),
(784, 202, 15, 20, '0.00', 0, 0, 1631000730, 1631000730, '2021-09-07 07:45:29', '2021-09-07 07:45:29'),
(785, 202, 20, 25, '0.00', 0, 0, 1631000730, 1631000730, '2021-09-07 07:45:29', '2021-09-07 07:45:29'),
(786, 202, 25, 30, '0.00', 0, 0, 1631000730, 1631000730, '2021-09-07 07:45:29', '2021-09-07 07:45:29'),
(787, 202, 30, 35, '0.00', 0, 0, 1631000730, 1631000730, '2021-09-07 07:45:29', '2021-09-07 07:45:29'),
(788, 202, 35, 40, '0.00', 0, 0, 1631000730, 1631000730, '2021-09-07 07:45:29', '2021-09-07 07:45:29'),
(789, 202, 40, 45, '0.00', 0, 0, 1631000730, 1631000730, '2021-09-07 07:45:29', '2021-09-07 07:45:29'),
(790, 202, 45, 50, '0.00', 0, 0, 1631000730, 1631000730, '2021-09-07 07:45:29', '2021-09-07 07:45:29'),
(791, 203, 0, 5, '0.00', 0, 0, 1631001213, 1631001213, '2021-09-07 07:53:32', '2021-09-07 07:53:32'),
(792, 203, 5, 10, '0.00', 0, 0, 1631001213, 1631001213, '2021-09-07 07:53:32', '2021-09-07 07:53:32'),
(793, 203, 10, 15, '0.00', 0, 0, 1631001213, 1631001213, '2021-09-07 07:53:32', '2021-09-07 07:53:32'),
(794, 203, 15, 20, '0.00', 0, 0, 1631001213, 1631001213, '2021-09-07 07:53:32', '2021-09-07 07:53:32'),
(795, 203, 20, 25, '0.00', 0, 0, 1631001213, 1631001213, '2021-09-07 07:53:32', '2021-09-07 07:53:32'),
(796, 203, 25, 30, '0.00', 0, 0, 1631001213, 1631001213, '2021-09-07 07:53:32', '2021-09-07 07:53:32'),
(797, 203, 30, 35, '0.00', 0, 0, 1631001213, 1631001213, '2021-09-07 07:53:32', '2021-09-07 07:53:32'),
(798, 203, 35, 40, '0.00', 0, 0, 1631001213, 1631001213, '2021-09-07 07:53:32', '2021-09-07 07:53:32'),
(799, 203, 40, 45, '0.00', 0, 0, 1631001213, 1631001213, '2021-09-07 07:53:32', '2021-09-07 07:53:32'),
(800, 203, 45, 50, '0.00', 0, 0, 1631001213, 1631001213, '2021-09-07 07:53:32', '2021-09-07 07:53:32'),
(801, 212, 0, 5, '0.00', 0, 0, 1633528594, 1633528594, '2021-10-06 13:56:34', '2021-10-06 13:56:34'),
(802, 212, 5, 10, '0.00', 0, 0, 1633528594, 1633528594, '2021-10-06 13:56:34', '2021-10-06 13:56:34'),
(803, 212, 10, 15, '0.00', 0, 0, 1633528594, 1633528594, '2021-10-06 13:56:34', '2021-10-06 13:56:34'),
(804, 212, 15, 20, '0.00', 0, 0, 1633528594, 1633528594, '2021-10-06 13:56:34', '2021-10-06 13:56:34'),
(805, 212, 20, 25, '0.00', 0, 0, 1633528594, 1633528594, '2021-10-06 13:56:34', '2021-10-06 13:56:34'),
(806, 212, 25, 30, '0.00', 0, 0, 1633528594, 1633528594, '2021-10-06 13:56:34', '2021-10-06 13:56:34'),
(807, 212, 30, 35, '0.00', 0, 0, 1633528594, 1633528594, '2021-10-06 13:56:34', '2021-10-06 13:56:34'),
(808, 212, 35, 40, '0.00', 0, 0, 1633528594, 1633528594, '2021-10-06 13:56:34', '2021-10-06 13:56:34'),
(809, 212, 40, 45, '0.00', 0, 0, 1633528594, 1633528594, '2021-10-06 13:56:34', '2021-10-06 13:56:34'),
(810, 212, 45, 50, '0.00', 0, 0, 1633528594, 1633528594, '2021-10-06 13:56:34', '2021-10-06 13:56:34'),
(851, 226, 0, 5, '0.00', 0, 0, 1635147599, 1635147599, '2021-10-25 07:39:58', '2021-10-25 07:39:58'),
(852, 226, 5, 10, '0.00', 0, 0, 1635147599, 1635147599, '2021-10-25 07:39:58', '2021-10-25 07:39:58'),
(853, 226, 10, 15, '0.00', 0, 0, 1635147599, 1635147599, '2021-10-25 07:39:58', '2021-10-25 07:39:58'),
(854, 226, 15, 20, '0.00', 0, 0, 1635147599, 1635147599, '2021-10-25 07:39:58', '2021-10-25 07:39:58'),
(855, 226, 20, 25, '0.00', 0, 0, 1635147599, 1635147599, '2021-10-25 07:39:58', '2021-10-25 07:39:58'),
(856, 226, 25, 30, '0.00', 0, 0, 1635147599, 1635147599, '2021-10-25 07:39:58', '2021-10-25 07:39:58'),
(857, 226, 30, 35, '0.00', 0, 0, 1635147599, 1635147599, '2021-10-25 07:39:58', '2021-10-25 07:39:58'),
(858, 226, 35, 40, '0.00', 0, 0, 1635147599, 1635147599, '2021-10-25 07:39:58', '2021-10-25 07:39:58'),
(859, 226, 40, 45, '0.00', 0, 0, 1635147599, 1635147599, '2021-10-25 07:39:58', '2021-10-25 07:39:58'),
(860, 226, 45, 50, '0.00', 0, 0, 1635147599, 1635147599, '2021-10-25 07:39:58', '2021-10-25 07:39:58'),
(861, 227, 0, 5, '0.00', 0, 0, 1635154588, 1635154588, '2021-10-25 09:36:27', '2021-10-25 09:36:27'),
(862, 227, 5, 10, '0.00', 0, 0, 1635154588, 1635154588, '2021-10-25 09:36:27', '2021-10-25 09:36:27'),
(863, 227, 10, 15, '0.00', 0, 0, 1635154588, 1635154588, '2021-10-25 09:36:27', '2021-10-25 09:36:27'),
(864, 227, 15, 20, '0.00', 0, 0, 1635154588, 1635154588, '2021-10-25 09:36:27', '2021-10-25 09:36:27'),
(865, 227, 20, 25, '0.00', 0, 0, 1635154588, 1635154588, '2021-10-25 09:36:27', '2021-10-25 09:36:27'),
(866, 227, 25, 30, '0.00', 0, 0, 1635154588, 1635154588, '2021-10-25 09:36:27', '2021-10-25 09:36:27'),
(867, 227, 30, 35, '0.00', 0, 0, 1635154588, 1635154588, '2021-10-25 09:36:27', '2021-10-25 09:36:27'),
(868, 227, 35, 40, '0.00', 0, 0, 1635154588, 1635154588, '2021-10-25 09:36:27', '2021-10-25 09:36:27'),
(869, 227, 40, 45, '0.00', 0, 0, 1635154588, 1635154588, '2021-10-25 09:36:27', '2021-10-25 09:36:27'),
(870, 227, 45, 50, '0.00', 0, 0, 1635154588, 1635154588, '2021-10-25 09:36:27', '2021-10-25 09:36:27'),
(871, 228, 0, 5, '0.00', 0, 1, 1635572903, 1635572903, '2021-10-30 05:36:43', '2021-10-30 05:36:43'),
(872, 228, 5, 10, '0.00', 0, 1, 1635572903, 1635572903, '2021-10-30 05:36:43', '2021-10-30 05:36:43'),
(873, 228, 10, 15, '0.00', 0, 1, 1635572903, 1635572903, '2021-10-30 05:36:43', '2021-10-30 05:36:43'),
(874, 228, 15, 20, '0.00', 0, 1, 1635572903, 1635572903, '2021-10-30 05:36:43', '2021-10-30 05:36:43'),
(875, 228, 20, 25, '0.00', 0, 1, 1635572903, 1635572903, '2021-10-30 05:36:43', '2021-10-30 05:36:43'),
(876, 228, 25, 30, '0.00', 0, 1, 1635572903, 1635572903, '2021-10-30 05:36:43', '2021-10-30 05:36:43'),
(877, 228, 30, 35, '0.00', 0, 1, 1635572903, 1635572903, '2021-10-30 05:36:43', '2021-10-30 05:36:43'),
(878, 228, 35, 40, '0.00', 0, 1, 1635572903, 1635572903, '2021-10-30 05:36:43', '2021-10-30 05:36:43'),
(879, 228, 40, 45, '0.00', 0, 1, 1635572903, 1635572903, '2021-10-30 05:36:43', '2021-10-30 05:36:43'),
(880, 228, 45, 50, '0.00', 0, 1, 1635572903, 1635572903, '2021-10-30 05:36:43', '2021-10-30 05:36:43'),
(881, 229, 0, 5, '0.00', 0, 0, 1635577327, 1635577327, '2021-10-30 07:02:07', '2021-10-30 07:02:07'),
(882, 229, 5, 10, '0.00', 0, 0, 1635577327, 1635577327, '2021-10-30 07:02:07', '2021-10-30 07:02:07'),
(883, 229, 10, 15, '0.00', 0, 0, 1635577327, 1635577327, '2021-10-30 07:02:07', '2021-10-30 07:02:07'),
(884, 229, 15, 20, '0.00', 0, 0, 1635577327, 1635577327, '2021-10-30 07:02:07', '2021-10-30 07:02:07'),
(885, 229, 20, 25, '0.00', 0, 0, 1635577327, 1635577327, '2021-10-30 07:02:07', '2021-10-30 07:02:07'),
(886, 229, 25, 30, '0.00', 0, 0, 1635577327, 1635577327, '2021-10-30 07:02:07', '2021-10-30 07:02:07'),
(887, 229, 30, 35, '0.00', 0, 0, 1635577327, 1635577327, '2021-10-30 07:02:07', '2021-10-30 07:02:07'),
(888, 229, 35, 40, '0.00', 0, 0, 1635577327, 1635577327, '2021-10-30 07:02:07', '2021-10-30 07:02:07'),
(889, 229, 40, 45, '0.00', 0, 0, 1635577327, 1635577327, '2021-10-30 07:02:07', '2021-10-30 07:02:07'),
(890, 229, 45, 50, '0.00', 0, 0, 1635577327, 1635577327, '2021-10-30 07:02:07', '2021-10-30 07:02:07'),
(891, 230, 0, 5, '0.00', 0, 0, 1635577539, 1635577539, '2021-10-30 07:05:38', '2021-10-30 07:05:38'),
(892, 230, 5, 10, '0.00', 0, 0, 1635577539, 1635577539, '2021-10-30 07:05:38', '2021-10-30 07:05:38'),
(893, 230, 10, 15, '0.00', 0, 0, 1635577539, 1635577539, '2021-10-30 07:05:38', '2021-10-30 07:05:38'),
(894, 230, 15, 20, '0.00', 0, 0, 1635577539, 1635577539, '2021-10-30 07:05:38', '2021-10-30 07:05:38'),
(895, 230, 20, 25, '0.00', 0, 0, 1635577539, 1635577539, '2021-10-30 07:05:38', '2021-10-30 07:05:38'),
(896, 230, 25, 30, '0.00', 0, 0, 1635577539, 1635577539, '2021-10-30 07:05:38', '2021-10-30 07:05:38'),
(897, 230, 30, 35, '0.00', 0, 0, 1635577539, 1635577539, '2021-10-30 07:05:38', '2021-10-30 07:05:38'),
(898, 230, 35, 40, '0.00', 0, 0, 1635577539, 1635577539, '2021-10-30 07:05:38', '2021-10-30 07:05:38'),
(899, 230, 40, 45, '0.00', 0, 0, 1635577539, 1635577539, '2021-10-30 07:05:38', '2021-10-30 07:05:38'),
(900, 230, 45, 50, '0.00', 0, 0, 1635577539, 1635577539, '2021-10-30 07:05:38', '2021-10-30 07:05:38'),
(901, 231, 0, 5, '0.00', 0, 0, 1635577956, 1635577956, '2021-10-30 07:12:36', '2021-10-30 07:12:36'),
(902, 231, 5, 10, '0.00', 0, 0, 1635577956, 1635577956, '2021-10-30 07:12:36', '2021-10-30 07:12:36'),
(903, 231, 10, 15, '0.00', 0, 0, 1635577956, 1635577956, '2021-10-30 07:12:36', '2021-10-30 07:12:36'),
(904, 231, 15, 20, '0.00', 0, 0, 1635577956, 1635577956, '2021-10-30 07:12:36', '2021-10-30 07:12:36'),
(905, 231, 20, 25, '0.00', 0, 0, 1635577956, 1635577956, '2021-10-30 07:12:36', '2021-10-30 07:12:36'),
(906, 231, 25, 30, '0.00', 0, 0, 1635577956, 1635577956, '2021-10-30 07:12:36', '2021-10-30 07:12:36'),
(907, 231, 30, 35, '0.00', 0, 0, 1635577956, 1635577956, '2021-10-30 07:12:36', '2021-10-30 07:12:36'),
(908, 231, 35, 40, '0.00', 0, 0, 1635577956, 1635577956, '2021-10-30 07:12:36', '2021-10-30 07:12:36'),
(909, 231, 40, 45, '0.00', 0, 0, 1635577956, 1635577956, '2021-10-30 07:12:36', '2021-10-30 07:12:36'),
(910, 231, 45, 50, '0.00', 0, 0, 1635577956, 1635577956, '2021-10-30 07:12:36', '2021-10-30 07:12:36'),
(911, 232, 0, 5, '0.00', 0, 0, 1635579108, 1635579108, '2021-10-30 07:31:47', '2021-10-30 07:31:47'),
(912, 232, 5, 10, '0.00', 0, 0, 1635579108, 1635579108, '2021-10-30 07:31:47', '2021-10-30 07:31:47'),
(913, 232, 10, 15, '0.00', 0, 0, 1635579108, 1635579108, '2021-10-30 07:31:47', '2021-10-30 07:31:47'),
(914, 232, 15, 20, '0.00', 0, 0, 1635579108, 1635579108, '2021-10-30 07:31:47', '2021-10-30 07:31:47'),
(915, 232, 20, 25, '0.00', 0, 0, 1635579108, 1635579108, '2021-10-30 07:31:47', '2021-10-30 07:31:47'),
(916, 232, 25, 30, '0.00', 0, 0, 1635579108, 1635579108, '2021-10-30 07:31:47', '2021-10-30 07:31:47'),
(917, 232, 30, 35, '0.00', 0, 0, 1635579108, 1635579108, '2021-10-30 07:31:47', '2021-10-30 07:31:47'),
(918, 232, 35, 40, '0.00', 0, 0, 1635579108, 1635579108, '2021-10-30 07:31:47', '2021-10-30 07:31:47'),
(919, 232, 40, 45, '0.00', 0, 0, 1635579108, 1635579108, '2021-10-30 07:31:47', '2021-10-30 07:31:47'),
(920, 232, 45, 50, '0.00', 0, 0, 1635579108, 1635579108, '2021-10-30 07:31:47', '2021-10-30 07:31:47'),
(921, 233, 0, 5, '0.00', 0, 0, 1635579548, 1635579548, '2021-10-30 07:39:08', '2021-10-30 07:39:08'),
(922, 233, 5, 10, '0.00', 0, 0, 1635579548, 1635579548, '2021-10-30 07:39:08', '2021-10-30 07:39:08'),
(923, 233, 10, 15, '0.00', 0, 0, 1635579548, 1635579548, '2021-10-30 07:39:08', '2021-10-30 07:39:08'),
(924, 233, 15, 20, '0.00', 0, 0, 1635579548, 1635579548, '2021-10-30 07:39:08', '2021-10-30 07:39:08'),
(925, 233, 20, 25, '0.00', 0, 0, 1635579548, 1635579548, '2021-10-30 07:39:08', '2021-10-30 07:39:08'),
(926, 233, 25, 30, '0.00', 0, 0, 1635579548, 1635579548, '2021-10-30 07:39:08', '2021-10-30 07:39:08'),
(927, 233, 30, 35, '0.00', 0, 0, 1635579548, 1635579548, '2021-10-30 07:39:08', '2021-10-30 07:39:08'),
(928, 233, 35, 40, '0.00', 0, 0, 1635579548, 1635579548, '2021-10-30 07:39:08', '2021-10-30 07:39:08'),
(929, 233, 40, 45, '0.00', 0, 0, 1635579548, 1635579548, '2021-10-30 07:39:08', '2021-10-30 07:39:08'),
(930, 233, 45, 50, '0.00', 0, 0, 1635579548, 1635579548, '2021-10-30 07:39:08', '2021-10-30 07:39:08'),
(931, 234, 0, 5, '0.00', 0, 1, 1635579908, 1635579908, '2021-10-30 07:42:58', '2021-10-30 07:42:58'),
(932, 234, 5, 10, '15.00', 0, 0, 1635579908, 1635579908, '2021-10-30 07:42:58', '2021-10-30 07:42:58'),
(933, 234, 10, 15, '50.00', 0, 0, 1635579908, 1635579908, '2021-10-30 07:42:58', '2021-10-30 07:42:58'),
(934, 234, 15, 20, '0.00', 0, 1, 1635579908, 1635579908, '2021-10-30 07:42:58', '2021-10-30 07:42:58'),
(935, 234, 20, 25, '0.00', 0, 1, 1635579908, 1635579908, '2021-10-30 07:42:58', '2021-10-30 07:42:58'),
(936, 234, 25, 30, '0.00', 0, 1, 1635579908, 1635579908, '2021-10-30 07:42:58', '2021-10-30 07:42:58'),
(937, 234, 30, 35, '0.00', 0, 1, 1635579908, 1635579908, '2021-10-30 07:42:58', '2021-10-30 07:42:58'),
(938, 234, 35, 40, '0.00', 0, 1, 1635579908, 1635579908, '2021-10-30 07:42:58', '2021-10-30 07:42:58'),
(939, 234, 40, 45, '0.00', 0, 1, 1635579908, 1635579908, '2021-10-30 07:42:58', '2021-10-30 07:42:58'),
(940, 234, 45, 50, '0.00', 0, 1, 1635579908, 1635579908, '2021-10-30 07:42:58', '2021-10-30 07:42:58'),
(941, 235, 0, 5, '0.00', 0, 0, 1635589545, 1635589545, '2021-10-30 10:25:44', '2021-10-30 10:25:44'),
(942, 235, 5, 10, '0.00', 0, 0, 1635589545, 1635589545, '2021-10-30 10:25:44', '2021-10-30 10:25:44'),
(943, 235, 10, 15, '0.00', 0, 0, 1635589545, 1635589545, '2021-10-30 10:25:44', '2021-10-30 10:25:44'),
(944, 235, 15, 20, '0.00', 0, 0, 1635589545, 1635589545, '2021-10-30 10:25:44', '2021-10-30 10:25:44'),
(945, 235, 20, 25, '0.00', 0, 0, 1635589545, 1635589545, '2021-10-30 10:25:44', '2021-10-30 10:25:44'),
(946, 235, 25, 30, '0.00', 0, 0, 1635589545, 1635589545, '2021-10-30 10:25:44', '2021-10-30 10:25:44'),
(947, 235, 30, 35, '0.00', 0, 0, 1635589545, 1635589545, '2021-10-30 10:25:44', '2021-10-30 10:25:44'),
(948, 235, 35, 40, '0.00', 0, 0, 1635589545, 1635589545, '2021-10-30 10:25:44', '2021-10-30 10:25:44'),
(949, 235, 40, 45, '0.00', 0, 0, 1635589545, 1635589545, '2021-10-30 10:25:44', '2021-10-30 10:25:44'),
(950, 235, 45, 50, '0.00', 0, 0, 1635589545, 1635589545, '2021-10-30 10:25:44', '2021-10-30 10:25:44'),
(1131, 264, 0, 5, '0.00', 0, 0, 1646029136, 1646029136, '2022-02-28 06:18:55', '2022-02-28 06:18:55'),
(1132, 264, 5, 10, '0.00', 0, 0, 1646029136, 1646029136, '2022-02-28 06:18:55', '2022-02-28 06:18:55'),
(1133, 264, 10, 15, '0.00', 0, 0, 1646029136, 1646029136, '2022-02-28 06:18:55', '2022-02-28 06:18:55'),
(1134, 264, 15, 20, '0.00', 0, 0, 1646029136, 1646029136, '2022-02-28 06:18:55', '2022-02-28 06:18:55'),
(1135, 264, 20, 25, '0.00', 0, 0, 1646029136, 1646029136, '2022-02-28 06:18:55', '2022-02-28 06:18:55'),
(1136, 264, 25, 30, '0.00', 0, 0, 1646029136, 1646029136, '2022-02-28 06:18:55', '2022-02-28 06:18:55'),
(1137, 264, 30, 35, '0.00', 0, 0, 1646029136, 1646029136, '2022-02-28 06:18:55', '2022-02-28 06:18:55'),
(1138, 264, 35, 40, '0.00', 0, 0, 1646029136, 1646029136, '2022-02-28 06:18:55', '2022-02-28 06:18:55'),
(1139, 264, 40, 45, '0.00', 0, 0, 1646029136, 1646029136, '2022-02-28 06:18:55', '2022-02-28 06:18:55'),
(1140, 264, 45, 50, '0.00', 0, 0, 1646029136, 1646029136, '2022-02-28 06:18:55', '2022-02-28 06:18:55'),
(1151, 267, 0, 5, '0.00', 0, 0, 1646290922, 1646290922, '2022-03-03 07:02:01', '2022-03-03 07:02:01'),
(1152, 267, 5, 10, '0.00', 0, 0, 1646290922, 1646290922, '2022-03-03 07:02:01', '2022-03-03 07:02:01'),
(1153, 267, 10, 15, '0.00', 0, 0, 1646290922, 1646290922, '2022-03-03 07:02:01', '2022-03-03 07:02:01'),
(1154, 267, 15, 20, '0.00', 0, 0, 1646290922, 1646290922, '2022-03-03 07:02:01', '2022-03-03 07:02:01'),
(1155, 267, 20, 25, '0.00', 0, 0, 1646290922, 1646290922, '2022-03-03 07:02:01', '2022-03-03 07:02:01'),
(1156, 267, 25, 30, '0.00', 0, 0, 1646290922, 1646290922, '2022-03-03 07:02:01', '2022-03-03 07:02:01'),
(1157, 267, 30, 35, '0.00', 0, 0, 1646290922, 1646290922, '2022-03-03 07:02:01', '2022-03-03 07:02:01'),
(1158, 267, 35, 40, '0.00', 0, 0, 1646290922, 1646290922, '2022-03-03 07:02:01', '2022-03-03 07:02:01'),
(1159, 267, 40, 45, '0.00', 0, 0, 1646290922, 1646290922, '2022-03-03 07:02:01', '2022-03-03 07:02:01'),
(1160, 267, 45, 50, '0.00', 0, 0, 1646290922, 1646290922, '2022-03-03 07:02:01', '2022-03-03 07:02:01'),
(1161, 268, 0, 5, '50.00', 0, 0, 1646292530, 1646292530, '2022-03-03 07:21:24', '2022-03-03 07:21:24'),
(1162, 268, 5, 10, '100.00', 0, 0, 1646292530, 1646292530, '2022-03-03 07:21:24', '2022-03-03 07:21:24'),
(1163, 268, 10, 15, '150.00', 0, 0, 1646292530, 1646292530, '2022-03-03 07:21:24', '2022-03-03 07:21:24'),
(1164, 268, 15, 20, '200.00', 0, 0, 1646292530, 1646292530, '2022-03-03 07:21:24', '2022-03-03 07:21:24'),
(1165, 268, 20, 25, '250.00', 0, 0, 1646292530, 1646292530, '2022-03-03 07:21:24', '2022-03-03 07:21:24'),
(1166, 268, 25, 30, '300.00', 0, 0, 1646292530, 1646292530, '2022-03-03 07:21:24', '2022-03-03 07:21:24'),
(1167, 268, 30, 35, '350.00', 0, 0, 1646292530, 1646292530, '2022-03-03 07:21:24', '2022-03-03 07:21:24'),
(1168, 268, 35, 40, '400.00', 0, 0, 1646292530, 1646292530, '2022-03-03 07:21:24', '2022-03-03 07:21:24'),
(1169, 268, 40, 45, '450.00', 0, 0, 1646292530, 1646292530, '2022-03-03 07:21:24', '2022-03-03 07:21:24'),
(1170, 268, 45, 50, '500.00', 0, 0, 1646292530, 1646292530, '2022-03-03 07:21:24', '2022-03-03 07:21:24'),
(1171, 269, 0, 5, '0.00', 0, 0, 1646378133, 1646378133, '2022-03-04 07:15:33', '2022-03-04 07:15:33'),
(1172, 269, 5, 10, '0.00', 0, 0, 1646378133, 1646378133, '2022-03-04 07:15:33', '2022-03-04 07:15:33'),
(1173, 269, 10, 15, '0.00', 0, 0, 1646378133, 1646378133, '2022-03-04 07:15:33', '2022-03-04 07:15:33'),
(1174, 269, 15, 20, '0.00', 0, 0, 1646378133, 1646378133, '2022-03-04 07:15:33', '2022-03-04 07:15:33'),
(1175, 269, 20, 25, '0.00', 0, 0, 1646378133, 1646378133, '2022-03-04 07:15:33', '2022-03-04 07:15:33'),
(1176, 269, 25, 30, '0.00', 0, 0, 1646378133, 1646378133, '2022-03-04 07:15:33', '2022-03-04 07:15:33'),
(1177, 269, 30, 35, '0.00', 0, 0, 1646378133, 1646378133, '2022-03-04 07:15:33', '2022-03-04 07:15:33'),
(1178, 269, 35, 40, '0.00', 0, 0, 1646378133, 1646378133, '2022-03-04 07:15:33', '2022-03-04 07:15:33'),
(1179, 269, 40, 45, '0.00', 0, 0, 1646378133, 1646378133, '2022-03-04 07:15:33', '2022-03-04 07:15:33'),
(1180, 269, 45, 50, '0.00', 0, 0, 1646378133, 1646378133, '2022-03-04 07:15:33', '2022-03-04 07:15:33'),
(1181, 270, 0, 5, '0.00', 0, 0, 1646379519, 1646379519, '2022-03-04 07:38:39', '2022-03-04 07:38:39'),
(1182, 270, 5, 10, '0.00', 0, 0, 1646379519, 1646379519, '2022-03-04 07:38:39', '2022-03-04 07:38:39'),
(1183, 270, 10, 15, '0.00', 0, 0, 1646379519, 1646379519, '2022-03-04 07:38:39', '2022-03-04 07:38:39'),
(1184, 270, 15, 20, '0.00', 0, 0, 1646379519, 1646379519, '2022-03-04 07:38:39', '2022-03-04 07:38:39'),
(1185, 270, 20, 25, '0.00', 0, 0, 1646379519, 1646379519, '2022-03-04 07:38:39', '2022-03-04 07:38:39'),
(1186, 270, 25, 30, '0.00', 0, 0, 1646379519, 1646379519, '2022-03-04 07:38:39', '2022-03-04 07:38:39'),
(1187, 270, 30, 35, '0.00', 0, 0, 1646379519, 1646379519, '2022-03-04 07:38:39', '2022-03-04 07:38:39'),
(1188, 270, 35, 40, '0.00', 0, 0, 1646379519, 1646379519, '2022-03-04 07:38:39', '2022-03-04 07:38:39'),
(1189, 270, 40, 45, '0.00', 0, 0, 1646379519, 1646379519, '2022-03-04 07:38:39', '2022-03-04 07:38:39'),
(1190, 270, 45, 50, '0.00', 0, 0, 1646379519, 1646379519, '2022-03-04 07:38:39', '2022-03-04 07:38:39'),
(1191, 271, 0, 5, '0.00', 0, 0, 1651387289, 1651387289, '2022-05-01 06:41:29', '2022-05-01 06:41:29'),
(1192, 271, 5, 10, '0.00', 0, 0, 1651387289, 1651387289, '2022-05-01 06:41:29', '2022-05-01 06:41:29'),
(1193, 271, 10, 15, '0.00', 0, 0, 1651387289, 1651387289, '2022-05-01 06:41:29', '2022-05-01 06:41:29'),
(1194, 271, 15, 20, '0.00', 0, 0, 1651387289, 1651387289, '2022-05-01 06:41:29', '2022-05-01 06:41:29'),
(1195, 271, 20, 25, '0.00', 0, 0, 1651387289, 1651387289, '2022-05-01 06:41:29', '2022-05-01 06:41:29'),
(1196, 271, 25, 30, '0.00', 0, 0, 1651387289, 1651387289, '2022-05-01 06:41:29', '2022-05-01 06:41:29'),
(1197, 271, 30, 35, '0.00', 0, 0, 1651387289, 1651387289, '2022-05-01 06:41:29', '2022-05-01 06:41:29'),
(1198, 271, 35, 40, '0.00', 0, 0, 1651387289, 1651387289, '2022-05-01 06:41:29', '2022-05-01 06:41:29'),
(1199, 271, 40, 45, '0.00', 0, 0, 1651387289, 1651387289, '2022-05-01 06:41:29', '2022-05-01 06:41:29'),
(1200, 271, 45, 50, '0.00', 0, 0, 1651387289, 1651387289, '2022-05-01 06:41:29', '2022-05-01 06:41:29'),
(1201, 272, 0, 5, '0.00', 0, 0, 1651387337, 1651387337, '2022-05-01 06:42:17', '2022-05-01 06:42:17'),
(1202, 272, 5, 10, '0.00', 0, 0, 1651387337, 1651387337, '2022-05-01 06:42:17', '2022-05-01 06:42:17'),
(1203, 272, 10, 15, '0.00', 0, 0, 1651387337, 1651387337, '2022-05-01 06:42:17', '2022-05-01 06:42:17'),
(1204, 272, 15, 20, '0.00', 0, 0, 1651387337, 1651387337, '2022-05-01 06:42:17', '2022-05-01 06:42:17'),
(1205, 272, 20, 25, '0.00', 0, 0, 1651387337, 1651387337, '2022-05-01 06:42:17', '2022-05-01 06:42:17'),
(1206, 272, 25, 30, '0.00', 0, 0, 1651387337, 1651387337, '2022-05-01 06:42:17', '2022-05-01 06:42:17'),
(1207, 272, 30, 35, '0.00', 0, 0, 1651387337, 1651387337, '2022-05-01 06:42:17', '2022-05-01 06:42:17'),
(1208, 272, 35, 40, '0.00', 0, 0, 1651387337, 1651387337, '2022-05-01 06:42:17', '2022-05-01 06:42:17'),
(1209, 272, 40, 45, '0.00', 0, 0, 1651387337, 1651387337, '2022-05-01 06:42:17', '2022-05-01 06:42:17'),
(1210, 272, 45, 50, '0.00', 0, 0, 1651387337, 1651387337, '2022-05-01 06:42:17', '2022-05-01 06:42:17');

-- --------------------------------------------------------

--
-- Table structure for table `vendorDeliveryOptions`
--

CREATE TABLE `vendorDeliveryOptions` (
  `id` int(11) NOT NULL,
  `vendorId` int(11) NOT NULL,
  `sortOrder` tinyint(4) NOT NULL,
  `day` varchar(10) COLLATE utf8mb4_unicode_ci NOT NULL,
  `deliveryTimeFrom` varchar(20) COLLATE utf8mb4_unicode_ci NOT NULL,
  `deliveryTimeTo` varchar(20) COLLATE utf8mb4_unicode_ci NOT NULL,
  `noDelivery` tinyint(4) NOT NULL COMMENT '0=>no 1=>yes',
  `created` int(11) NOT NULL,
  `updated` int(11) NOT NULL,
  `createdAt` timestamp NOT NULL DEFAULT CURRENT_TIMESTAMP,
  `updatedAt` timestamp NOT NULL DEFAULT CURRENT_TIMESTAMP ON UPDATE CURRENT_TIMESTAMP
) ENGINE=InnoDB DEFAULT CHARSET=utf8mb4 COLLATE=utf8mb4_unicode_ci;

--
-- Dumping data for table `vendorDeliveryOptions`
--

INSERT INTO `vendorDeliveryOptions` (`id`, `vendorId`, `sortOrder`, `day`, `deliveryTimeFrom`, `deliveryTimeTo`, `noDelivery`, `created`, `updated`, `createdAt`, `updatedAt`) VALUES
(78, 95, 1, 'sun', '', '', 0, 1611724102, 1611724102, '2021-01-27 05:08:21', '2021-01-27 05:08:21'),
(79, 95, 2, 'mon', '', '', 0, 1611724102, 1611724102, '2021-01-27 05:08:21', '2021-01-27 05:08:21'),
(80, 95, 3, 'tue', '', '', 0, 1611724102, 1611724102, '2021-01-27 05:08:21', '2021-01-27 05:08:21'),
(81, 95, 4, 'wed', '', '', 0, 1611724102, 1611724102, '2021-01-27 05:08:21', '2021-01-27 05:08:21'),
(82, 95, 5, 'thu', '', '', 0, 1611724102, 1611724102, '2021-01-27 05:08:21', '2021-01-27 05:08:21'),
(83, 95, 6, 'fri', '', '', 0, 1611724102, 1611724102, '2021-01-27 05:08:21', '2021-01-27 05:08:21'),
(84, 95, 7, 'sat', '', '', 0, 1611724102, 1611724102, '2021-01-27 05:08:21', '2021-01-27 05:08:21'),
(92, 97, 1, 'sun', '', '', 0, 1611830070, 1611830070, '2021-01-28 10:34:30', '2021-01-28 10:34:30'),
(93, 97, 2, 'mon', '', '', 0, 1611830070, 1611830070, '2021-01-28 10:34:30', '2021-01-28 10:34:30'),
(94, 97, 3, 'tue', '', '', 0, 1611830070, 1611830070, '2021-01-28 10:34:30', '2021-01-28 10:34:30'),
(95, 97, 4, 'wed', '', '', 0, 1611830070, 1611830070, '2021-01-28 10:34:30', '2021-01-28 10:34:30'),
(96, 97, 5, 'thu', '', '', 0, 1611830070, 1611830070, '2021-01-28 10:34:30', '2021-01-28 10:34:30'),
(97, 97, 6, 'fri', '', '', 0, 1611830070, 1611830070, '2021-01-28 10:34:30', '2021-01-28 10:34:30'),
(98, 97, 7, 'sat', '', '', 0, 1611830070, 1611830070, '2021-01-28 10:34:30', '2021-01-28 10:34:30'),
(99, 98, 1, 'sun', '', '', 0, 1611841400, 1611841400, '2021-01-28 13:43:19', '2021-01-28 13:43:19'),
(100, 98, 2, 'mon', '', '', 0, 1611841400, 1611841400, '2021-01-28 13:43:19', '2021-01-28 13:43:19'),
(101, 98, 3, 'tue', '', '', 0, 1611841400, 1611841400, '2021-01-28 13:43:19', '2021-01-28 13:43:19'),
(102, 98, 4, 'wed', '', '', 0, 1611841400, 1611841400, '2021-01-28 13:43:19', '2021-01-28 13:43:19'),
(103, 98, 5, 'thu', '', '', 0, 1611841400, 1611841400, '2021-01-28 13:43:19', '2021-01-28 13:43:19'),
(104, 98, 6, 'fri', '', '', 0, 1611841400, 1611841400, '2021-01-28 13:43:19', '2021-01-28 13:43:19'),
(105, 98, 7, 'sat', '', '', 0, 1611841400, 1611841400, '2021-01-28 13:43:19', '2021-01-28 13:43:19'),
(106, 99, 1, 'sun', '', '', 0, 1611942173, 1611942173, '2021-01-29 17:42:52', '2021-01-29 17:42:52'),
(107, 99, 2, 'mon', '', '', 0, 1611942173, 1611942173, '2021-01-29 17:42:52', '2021-01-29 17:42:52'),
(108, 99, 3, 'tue', '', '', 0, 1611942173, 1611942173, '2021-01-29 17:42:52', '2021-01-29 17:42:52'),
(109, 99, 4, 'wed', '', '', 0, 1611942173, 1611942173, '2021-01-29 17:42:52', '2021-01-29 17:42:52'),
(110, 99, 5, 'thu', '', '', 0, 1611942173, 1611942173, '2021-01-29 17:42:52', '2021-01-29 17:42:52'),
(111, 99, 6, 'fri', '', '', 0, 1611942173, 1611942173, '2021-01-29 17:42:52', '2021-01-29 17:42:52'),
(112, 99, 7, 'sat', '', '', 0, 1611942173, 1611942173, '2021-01-29 17:42:52', '2021-01-29 17:42:52'),
(113, 103, 1, 'sun', '', '', 0, 1611945107, 1611945107, '2021-01-29 18:31:47', '2021-01-29 18:31:47'),
(114, 103, 2, 'mon', '', '', 0, 1611945107, 1611945107, '2021-01-29 18:31:47', '2021-01-29 18:31:47'),
(115, 103, 3, 'tue', '', '', 0, 1611945107, 1611945107, '2021-01-29 18:31:47', '2021-01-29 18:31:47'),
(116, 103, 4, 'wed', '', '', 0, 1611945107, 1611945107, '2021-01-29 18:31:47', '2021-01-29 18:31:47'),
(117, 103, 5, 'thu', '', '', 0, 1611945107, 1611945107, '2021-01-29 18:31:47', '2021-01-29 18:31:47'),
(118, 103, 6, 'fri', '', '', 0, 1611945107, 1611945107, '2021-01-29 18:31:47', '2021-01-29 18:31:47'),
(119, 103, 7, 'sat', '', '', 0, 1611945107, 1611945107, '2021-01-29 18:31:47', '2021-01-29 18:31:47'),
(120, 107, 1, 'sun', '7:15 PM', '6:30 PM', 0, 1612182436, 1613560142, '2021-02-01 12:27:16', '2021-02-17 11:09:01'),
(121, 107, 2, 'mon', '6:15 PM', '6:15 PM', 0, 1612182436, 1613560142, '2021-02-01 12:27:16', '2021-02-17 11:09:01'),
(122, 107, 3, 'tue', '6:15 PM', '6:15 PM', 1, 1612182436, 1613560142, '2021-02-01 12:27:16', '2021-02-17 11:09:01'),
(123, 107, 4, 'wed', '6:15 PM', '6:15 PM', 0, 1612182436, 1613560142, '2021-02-01 12:27:16', '2021-02-17 11:09:01'),
(124, 107, 5, 'thu', '6:15 PM', '6:15 PM', 1, 1612182436, 1613560142, '2021-02-01 12:27:16', '2021-02-17 11:09:01'),
(125, 107, 6, 'fri', '6:15 PM', '6:15 PM', 0, 1612182436, 1613560142, '2021-02-01 12:27:16', '2021-02-17 11:09:01'),
(126, 107, 7, 'sat', '6:15 PM', '6:15 PM', 0, 1612182436, 1613560142, '2021-02-01 12:27:16', '2021-02-17 11:09:01'),
(148, 111, 1, 'sun', '', '', 0, 1614580990, 1614580990, '2021-03-01 06:43:10', '2021-03-01 06:43:10'),
(149, 111, 2, 'mon', '', '', 0, 1614580990, 1614580990, '2021-03-01 06:43:10', '2021-03-01 06:43:10'),
(150, 111, 3, 'tue', '', '', 0, 1614580990, 1614580990, '2021-03-01 06:43:10', '2021-03-01 06:43:10'),
(151, 111, 4, 'wed', '', '', 0, 1614580990, 1614580990, '2021-03-01 06:43:10', '2021-03-01 06:43:10'),
(152, 111, 5, 'thu', '', '', 0, 1614580990, 1614580990, '2021-03-01 06:43:10', '2021-03-01 06:43:10'),
(153, 111, 6, 'fri', '', '', 0, 1614580990, 1614580990, '2021-03-01 06:43:10', '2021-03-01 06:43:10'),
(154, 111, 7, 'sat', '', '', 0, 1614580990, 1614580990, '2021-03-01 06:43:10', '2021-03-01 06:43:10'),
(155, 112, 1, 'sun', '', '', 0, 1614583607, 1614583607, '2021-03-01 07:26:46', '2021-03-01 07:26:46'),
(156, 112, 2, 'mon', '', '', 0, 1614583607, 1614583607, '2021-03-01 07:26:46', '2021-03-01 07:26:46'),
(157, 112, 3, 'tue', '', '', 0, 1614583607, 1614583607, '2021-03-01 07:26:46', '2021-03-01 07:26:46'),
(158, 112, 4, 'wed', '', '', 0, 1614583607, 1614583607, '2021-03-01 07:26:46', '2021-03-01 07:26:46'),
(159, 112, 5, 'thu', '', '', 0, 1614583607, 1614583607, '2021-03-01 07:26:46', '2021-03-01 07:26:46'),
(160, 112, 6, 'fri', '', '', 0, 1614583607, 1614583607, '2021-03-01 07:26:46', '2021-03-01 07:26:46'),
(161, 112, 7, 'sat', '', '', 0, 1614583607, 1614583607, '2021-03-01 07:26:46', '2021-03-01 07:26:46'),
(162, 113, 1, 'sun', '', '', 0, 1614584896, 1614584896, '2021-03-01 07:48:15', '2021-03-01 07:48:15'),
(163, 113, 2, 'mon', '', '', 0, 1614584896, 1614584896, '2021-03-01 07:48:15', '2021-03-01 07:48:15'),
(164, 113, 3, 'tue', '', '', 0, 1614584896, 1614584896, '2021-03-01 07:48:15', '2021-03-01 07:48:15'),
(165, 113, 4, 'wed', '', '', 0, 1614584896, 1614584896, '2021-03-01 07:48:15', '2021-03-01 07:48:15'),
(166, 113, 5, 'thu', '', '', 0, 1614584896, 1614584896, '2021-03-01 07:48:15', '2021-03-01 07:48:15'),
(167, 113, 6, 'fri', '', '', 0, 1614584896, 1614584896, '2021-03-01 07:48:15', '2021-03-01 07:48:15'),
(168, 113, 7, 'sat', '', '', 0, 1614584896, 1614584896, '2021-03-01 07:48:15', '2021-03-01 07:48:15'),
(169, 114, 1, 'sun', '', '', 0, 1614585829, 1614585829, '2021-03-01 08:03:48', '2021-03-01 08:03:48'),
(170, 114, 2, 'mon', '', '', 0, 1614585829, 1614585829, '2021-03-01 08:03:48', '2021-03-01 08:03:48'),
(171, 114, 3, 'tue', '', '', 0, 1614585829, 1614585829, '2021-03-01 08:03:48', '2021-03-01 08:03:48'),
(172, 114, 4, 'wed', '', '', 0, 1614585829, 1614585829, '2021-03-01 08:03:48', '2021-03-01 08:03:48'),
(173, 114, 5, 'thu', '', '', 0, 1614585829, 1614585829, '2021-03-01 08:03:48', '2021-03-01 08:03:48'),
(174, 114, 6, 'fri', '', '', 0, 1614585829, 1614585829, '2021-03-01 08:03:48', '2021-03-01 08:03:48'),
(175, 114, 7, 'sat', '', '', 0, 1614585829, 1614585829, '2021-03-01 08:03:48', '2021-03-01 08:03:48'),
(183, 117, 1, 'sun', '06:42 PM', '09:42 PM', 0, 1615201004, 1615201004, '2021-03-02 11:24:23', '2021-03-02 11:24:23'),
(184, 117, 2, 'mon', '02:00 PM', '09:00 PM', 0, 1615201004, 1615201004, '2021-03-02 11:24:23', '2021-03-02 11:24:23'),
(185, 117, 3, 'tue', '10:45 PM', '05:00 PM', 1, 1615201004, 1615201004, '2021-03-02 11:24:23', '2021-03-02 11:24:23'),
(186, 117, 4, 'wed', '04:58 PM', '08:58 PM', 1, 1615201004, 1615201004, '2021-03-02 11:24:23', '2021-03-02 11:24:23'),
(187, 117, 5, 'thu', '', '', 1, 1615201004, 1615201004, '2021-03-02 11:24:23', '2021-03-02 11:24:23'),
(188, 117, 6, 'fri', '11:00 PM', '10:00 PM', 0, 1615201004, 1615201004, '2021-03-02 11:24:23', '2021-03-02 11:24:23'),
(189, 117, 7, 'sat', '', '', 1, 1615201004, 1615201004, '2021-03-02 11:24:23', '2021-03-02 11:24:23'),
(190, 115, 1, 'sun', '65465', '546456', 0, 1614758456, 1614758456, '2021-01-25 11:21:23', '2021-01-25 11:21:23'),
(191, 115, 2, 'mon', '65465', '546456', 0, 1614758456, 1614758456, '2021-01-25 11:21:23', '2021-01-25 11:21:23'),
(192, 115, 3, 'tue', '65465', '546456', 0, 1614758456, 1614758456, '2021-01-25 11:21:23', '2021-01-25 11:21:23'),
(193, 115, 4, 'wed', '65465', '546456', 0, 1614758456, 1614758456, '2021-01-25 11:21:23', '2021-01-25 11:21:23'),
(194, 115, 5, 'thu', '65465', '546456', 0, 1614758456, 1614758456, '2021-01-25 11:21:23', '2021-01-25 11:21:23'),
(195, 115, 6, 'fri', '65465', '546456', 0, 1614758456, 1614758456, '2021-01-25 11:21:23', '2021-01-25 11:21:23'),
(196, 115, 7, 'sat', '65465', '546456', 0, 1614758456, 1614758456, '2021-01-25 11:21:23', '2021-01-25 11:21:23'),
(197, 42, 1, 'sun', '10:00 AM', '9:00 PM', 0, 1615210670, 1628840485, '2021-01-25 11:21:23', '2021-08-13 07:41:24'),
(198, 42, 2, 'mon', '6:54 AM', '11:59 PM', 0, 1615210670, 1628840485, '2021-01-25 11:21:23', '2021-08-13 07:41:24'),
(199, 42, 3, 'tue', '10:00 AM', '10:00 PM', 0, 1615210670, 1628840485, '2021-01-25 11:21:23', '2021-08-13 07:41:24'),
(200, 42, 4, 'wed', '6:54 AM', '11:59 PM', 0, 1615210670, 1628840485, '2021-01-25 11:21:23', '2021-08-13 07:41:24'),
(201, 42, 5, 'thu', '6:54 AM', '11:59 PM', 0, 1615210670, 1628840485, '2021-01-25 11:21:23', '2021-08-13 07:41:24'),
(202, 42, 6, 'fri', '6:54 AM', '11:59 PM', 0, 1615210670, 1628840485, '2021-01-25 11:21:23', '2021-08-13 07:41:24'),
(203, 42, 7, 'sat', '6:54 AM', '11:59 PM', 0, 1615210670, 1628840485, '2021-01-25 11:21:23', '2021-08-13 07:41:24'),
(204, 116, 1, 'sun', '10:00 PM', '11:55 PM', 0, 1615554746, 1615554746, '2021-01-25 11:21:23', '2021-01-25 11:21:23'),
(205, 116, 2, 'mon', '09:00 AM', '09:00 PM', 1, 1615554746, 1615554746, '2021-01-25 11:21:23', '2021-01-25 11:21:23'),
(206, 116, 3, 'tue', '11:00 AM', '09:00 PM', 0, 1615554746, 1615554746, '2021-01-25 11:21:23', '2021-01-25 11:21:23'),
(207, 116, 4, 'wed', '10:30 AM', '09:30 PM', 0, 1615554746, 1615554746, '2021-01-25 11:21:23', '2021-01-25 11:21:23'),
(208, 116, 5, 'thu', '03:00 PM', '10:00 PM', 0, 1615554746, 1615554746, '2021-01-25 11:21:23', '2021-01-25 11:21:23'),
(209, 116, 6, 'fri', '12:00 PM', '10:00 PM', 0, 1615554746, 1615554746, '2021-01-25 11:21:23', '2021-01-25 11:21:23'),
(210, 116, 7, 'sat', '07:00 PM', '11:00 PM', 0, 1615554746, 1615554746, '2021-01-25 11:21:23', '2021-01-25 11:21:23'),
(211, 120, 1, 'sun', '09:10 AM', '02:10 PM', 0, 1620117797, 1620117797, '2021-05-04 06:58:56', '2021-05-04 06:58:56'),
(212, 120, 2, 'mon', '09:10 AM', '02:10 PM', 0, 1620117797, 1620117797, '2021-05-04 06:58:56', '2021-05-04 06:58:56'),
(213, 120, 3, 'tue', '09:10 AM', '02:10 PM', 0, 1620117797, 1620117797, '2021-05-04 06:58:56', '2021-05-04 06:58:56'),
(214, 120, 4, 'wed', '09:10 AM', '02:11 PM', 0, 1620117797, 1620117797, '2021-05-04 06:58:56', '2021-05-04 06:58:56'),
(215, 120, 5, 'thu', '09:11 AM', '02:11 PM', 0, 1620117797, 1620117797, '2021-05-04 06:58:56', '2021-05-04 06:58:56'),
(216, 120, 6, 'fri', '09:11 AM', '02:11 PM', 0, 1620117797, 1620117797, '2021-05-04 06:58:56', '2021-05-04 06:58:56'),
(217, 120, 7, 'sat', '09:11 AM', '02:11 PM', 0, 1620117797, 1620117797, '2021-05-04 06:58:56', '2021-05-04 06:58:56'),
(218, 123, 1, 'sun', '', '', 0, 1622877725, 1622877725, '2021-06-05 07:22:04', '2021-06-05 07:22:04'),
(219, 123, 2, 'mon', '', '', 0, 1622877725, 1622877725, '2021-06-05 07:22:04', '2021-06-05 07:22:04'),
(220, 123, 3, 'tue', '', '', 0, 1622877725, 1622877725, '2021-06-05 07:22:04', '2021-06-05 07:22:04'),
(221, 123, 4, 'wed', '', '', 0, 1622877725, 1622877725, '2021-06-05 07:22:04', '2021-06-05 07:22:04'),
(222, 123, 5, 'thu', '', '', 0, 1622877725, 1622877725, '2021-06-05 07:22:04', '2021-06-05 07:22:04'),
(223, 123, 6, 'fri', '', '', 0, 1622877725, 1622877725, '2021-06-05 07:22:04', '2021-06-05 07:22:04'),
(224, 123, 7, 'sat', '', '', 0, 1622877725, 1622877725, '2021-06-05 07:22:04', '2021-06-05 07:22:04'),
(253, 130, 1, 'sun', '', '', 0, 1624883339, 1624883339, '2021-06-28 12:28:58', '2021-06-28 12:28:58'),
(254, 130, 2, 'mon', '', '', 0, 1624883339, 1624883339, '2021-06-28 12:28:58', '2021-06-28 12:28:58'),
(255, 130, 3, 'tue', '', '', 0, 1624883339, 1624883339, '2021-06-28 12:28:58', '2021-06-28 12:28:58'),
(256, 130, 4, 'wed', '', '', 0, 1624883339, 1624883339, '2021-06-28 12:28:58', '2021-06-28 12:28:58'),
(257, 130, 5, 'thu', '', '', 0, 1624883339, 1624883339, '2021-06-28 12:28:58', '2021-06-28 12:28:58'),
(258, 130, 6, 'fri', '', '', 0, 1624883339, 1624883339, '2021-06-28 12:28:58', '2021-06-28 12:28:58'),
(259, 130, 7, 'sat', '', '', 0, 1624883339, 1624883339, '2021-06-28 12:28:58', '2021-06-28 12:28:58'),
(267, 134, 1, 'sun', '09:00 am', '07:00 pm', 0, 1625553495, 1625553495, '2021-07-06 06:28:13', '2021-07-06 06:28:13'),
(268, 134, 2, 'mon', '08:00 am', '09:00 pm', 0, 1625553495, 1625553495, '2021-07-06 06:28:13', '2021-07-06 06:28:13'),
(269, 134, 3, 'tue', '09:00 am', '07:00 pm', 0, 1625553495, 1625553495, '2021-07-06 06:28:13', '2021-07-06 06:28:13'),
(270, 134, 4, 'wed', '', '', 1, 1625553495, 1625553495, '2021-07-06 06:28:13', '2021-07-06 06:28:13'),
(271, 134, 5, 'thu', '', '', 1, 1625553495, 1625553495, '2021-07-06 06:28:13', '2021-07-06 06:28:13'),
(272, 134, 6, 'fri', '', '', 1, 1625553495, 1625553495, '2021-07-06 06:28:13', '2021-07-06 06:28:13'),
(273, 134, 7, 'sat', '', '', 1, 1625553495, 1625553495, '2021-07-06 06:28:13', '2021-07-06 06:28:13'),
(281, 137, 1, 'sun', '', '', 0, 1625932203, 1625932203, '2021-07-10 15:50:03', '2021-07-10 15:50:03'),
(282, 137, 2, 'mon', '', '', 0, 1625932203, 1625932203, '2021-07-10 15:50:03', '2021-07-10 15:50:03'),
(283, 137, 3, 'tue', '', '', 0, 1625932203, 1625932203, '2021-07-10 15:50:03', '2021-07-10 15:50:03'),
(284, 137, 4, 'wed', '', '', 0, 1625932203, 1625932203, '2021-07-10 15:50:03', '2021-07-10 15:50:03'),
(285, 137, 5, 'thu', '', '', 0, 1625932203, 1625932203, '2021-07-10 15:50:03', '2021-07-10 15:50:03'),
(286, 137, 6, 'fri', '', '', 0, 1625932203, 1625932203, '2021-07-10 15:50:03', '2021-07-10 15:50:03'),
(287, 137, 7, 'sat', '', '', 0, 1625932203, 1625932203, '2021-07-10 15:50:03', '2021-07-10 15:50:03'),
(302, 141, 1, 'sun', '10:34 am', '06:34 pm', 0, 1626152743, 1626152743, '2021-07-13 05:03:01', '2021-07-13 05:03:01'),
(303, 141, 2, 'mon', '', '', 1, 1626152743, 1626152743, '2021-07-13 05:03:01', '2021-07-13 05:03:01'),
(304, 141, 3, 'tue', '', '', 1, 1626152743, 1626152743, '2021-07-13 05:03:01', '2021-07-13 05:03:01'),
(305, 141, 4, 'wed', '', '', 1, 1626152743, 1626152743, '2021-07-13 05:03:01', '2021-07-13 05:03:01'),
(306, 141, 5, 'thu', '', '', 1, 1626152743, 1626152743, '2021-07-13 05:03:01', '2021-07-13 05:03:01'),
(307, 141, 6, 'fri', '', '', 1, 1626152743, 1626152743, '2021-07-13 05:03:01', '2021-07-13 05:03:01'),
(308, 141, 7, 'sat', '', '', 1, 1626152743, 1626152743, '2021-07-13 05:03:01', '2021-07-13 05:03:01'),
(309, 145, 1, 'sun', '', '', 0, 1626248993, 1626248993, '2021-07-14 07:49:53', '2021-07-14 07:49:53'),
(310, 145, 2, 'mon', '', '', 0, 1626248993, 1626248993, '2021-07-14 07:49:53', '2021-07-14 07:49:53'),
(311, 145, 3, 'tue', '', '', 0, 1626248993, 1626248993, '2021-07-14 07:49:53', '2021-07-14 07:49:53'),
(312, 145, 4, 'wed', '', '', 0, 1626248993, 1626248993, '2021-07-14 07:49:53', '2021-07-14 07:49:53'),
(313, 145, 5, 'thu', '', '', 0, 1626248993, 1626248993, '2021-07-14 07:49:53', '2021-07-14 07:49:53'),
(314, 145, 6, 'fri', '', '', 0, 1626248993, 1626248993, '2021-07-14 07:49:53', '2021-07-14 07:49:53'),
(315, 145, 7, 'sat', '', '', 0, 1626248993, 1626248993, '2021-07-14 07:49:53', '2021-07-14 07:49:53'),
(316, 146, 1, 'sun', '', '', 0, 1626273400, 1626273400, '2021-07-14 14:36:40', '2021-07-14 14:36:40'),
(317, 146, 2, 'mon', '', '', 0, 1626273400, 1626273400, '2021-07-14 14:36:40', '2021-07-14 14:36:40'),
(318, 146, 3, 'tue', '', '', 0, 1626273400, 1626273400, '2021-07-14 14:36:40', '2021-07-14 14:36:40'),
(319, 146, 4, 'wed', '', '', 0, 1626273400, 1626273400, '2021-07-14 14:36:40', '2021-07-14 14:36:40'),
(320, 146, 5, 'thu', '', '', 0, 1626273400, 1626273400, '2021-07-14 14:36:40', '2021-07-14 14:36:40'),
(321, 146, 6, 'fri', '', '', 0, 1626273400, 1626273400, '2021-07-14 14:36:40', '2021-07-14 14:36:40'),
(322, 146, 7, 'sat', '', '', 0, 1626273400, 1626273400, '2021-07-14 14:36:40', '2021-07-14 14:36:40'),
(323, 147, 1, 'sun', '', '', 0, 1626274462, 1626274462, '2021-07-14 14:54:21', '2021-07-14 14:54:21'),
(324, 147, 2, 'mon', '', '', 0, 1626274462, 1626274462, '2021-07-14 14:54:21', '2021-07-14 14:54:21'),
(325, 147, 3, 'tue', '', '', 0, 1626274462, 1626274462, '2021-07-14 14:54:21', '2021-07-14 14:54:21'),
(326, 147, 4, 'wed', '', '', 0, 1626274462, 1626274462, '2021-07-14 14:54:21', '2021-07-14 14:54:21'),
(327, 147, 5, 'thu', '', '', 0, 1626274462, 1626274462, '2021-07-14 14:54:21', '2021-07-14 14:54:21'),
(328, 147, 6, 'fri', '', '', 0, 1626274462, 1626274462, '2021-07-14 14:54:21', '2021-07-14 14:54:21'),
(329, 147, 7, 'sat', '', '', 0, 1626274462, 1626274462, '2021-07-14 14:54:21', '2021-07-14 14:54:21'),
(330, 148, 1, 'sun', '', '', 1, 1626330729, 1626330729, '2021-07-15 06:12:27', '2021-07-15 06:12:27'),
(331, 148, 2, 'mon', '', '', 1, 1626330729, 1626330729, '2021-07-15 06:12:27', '2021-07-15 06:12:27'),
(332, 148, 3, 'tue', '', '', 1, 1626330729, 1626330729, '2021-07-15 06:12:27', '2021-07-15 06:12:27'),
(333, 148, 4, 'wed', '', '', 1, 1626330729, 1626330729, '2021-07-15 06:12:27', '2021-07-15 06:12:27'),
(334, 148, 5, 'thu', '', '', 1, 1626330729, 1626330729, '2021-07-15 06:12:27', '2021-07-15 06:12:27'),
(335, 148, 6, 'fri', '', '', 1, 1626330729, 1626330729, '2021-07-15 06:12:27', '2021-07-15 06:12:27'),
(336, 148, 7, 'sat', '', '', 1, 1626330729, 1626330729, '2021-07-15 06:12:27', '2021-07-15 06:12:27'),
(337, 149, 1, 'sun', '', '', 0, 1626331109, 1626331109, '2021-07-15 06:38:29', '2021-07-15 06:38:29'),
(338, 149, 2, 'mon', '', '', 0, 1626331109, 1626331109, '2021-07-15 06:38:29', '2021-07-15 06:38:29'),
(339, 149, 3, 'tue', '', '', 0, 1626331109, 1626331109, '2021-07-15 06:38:29', '2021-07-15 06:38:29'),
(340, 149, 4, 'wed', '', '', 0, 1626331109, 1626331109, '2021-07-15 06:38:29', '2021-07-15 06:38:29'),
(341, 149, 5, 'thu', '', '', 0, 1626331109, 1626331109, '2021-07-15 06:38:29', '2021-07-15 06:38:29'),
(342, 149, 6, 'fri', '', '', 0, 1626331109, 1626331109, '2021-07-15 06:38:29', '2021-07-15 06:38:29'),
(343, 149, 7, 'sat', '', '', 0, 1626331109, 1626331109, '2021-07-15 06:38:29', '2021-07-15 06:38:29'),
(344, 150, 1, 'sun', '', '', 1, 1626333755, 1626333755, '2021-07-15 07:11:49', '2021-07-15 07:11:49'),
(345, 150, 2, 'mon', '', '', 1, 1626333755, 1626333755, '2021-07-15 07:11:49', '2021-07-15 07:11:49'),
(346, 150, 3, 'tue', '', '', 1, 1626333755, 1626333755, '2021-07-15 07:11:49', '2021-07-15 07:11:49'),
(347, 150, 4, 'wed', '', '', 1, 1626333755, 1626333755, '2021-07-15 07:11:49', '2021-07-15 07:11:49'),
(348, 150, 5, 'thu', '', '', 1, 1626333755, 1626333755, '2021-07-15 07:11:49', '2021-07-15 07:11:49'),
(349, 150, 6, 'fri', '', '', 1, 1626333755, 1626333755, '2021-07-15 07:11:49', '2021-07-15 07:11:49'),
(350, 150, 7, 'sat', '', '', 1, 1626333755, 1626333755, '2021-07-15 07:11:49', '2021-07-15 07:11:49'),
(351, 152, 1, 'sun', '', '', 0, 1626419483, 1626419483, '2021-07-16 07:11:23', '2021-07-16 07:11:23'),
(352, 152, 2, 'mon', '', '', 0, 1626419483, 1626419483, '2021-07-16 07:11:23', '2021-07-16 07:11:23'),
(353, 152, 3, 'tue', '', '', 0, 1626419483, 1626419483, '2021-07-16 07:11:23', '2021-07-16 07:11:23'),
(354, 152, 4, 'wed', '', '', 0, 1626419483, 1626419483, '2021-07-16 07:11:23', '2021-07-16 07:11:23'),
(355, 152, 5, 'thu', '', '', 0, 1626419483, 1626419483, '2021-07-16 07:11:23', '2021-07-16 07:11:23'),
(356, 152, 6, 'fri', '', '', 0, 1626419483, 1626419483, '2021-07-16 07:11:23', '2021-07-16 07:11:23'),
(357, 152, 7, 'sat', '', '', 0, 1626419483, 1626419483, '2021-07-16 07:11:23', '2021-07-16 07:11:23'),
(358, 153, 1, 'sun', '09:00 AM', '06:00 PM', 0, 1626420153, 1626420153, '2021-07-16 07:19:35', '2021-07-16 07:19:35'),
(359, 153, 2, 'mon', '', '', 1, 1626420153, 1626420153, '2021-07-16 07:19:35', '2021-07-16 07:19:35'),
(360, 153, 3, 'tue', '', '', 1, 1626420153, 1626420153, '2021-07-16 07:19:35', '2021-07-16 07:19:35'),
(361, 153, 4, 'wed', '', '', 1, 1626420153, 1626420153, '2021-07-16 07:19:35', '2021-07-16 07:19:35'),
(362, 153, 5, 'thu', '', '', 1, 1626420153, 1626420153, '2021-07-16 07:19:35', '2021-07-16 07:19:35'),
(363, 153, 6, 'fri', '', '', 1, 1626420153, 1626420153, '2021-07-16 07:19:35', '2021-07-16 07:19:35'),
(364, 153, 7, 'sat', '11:00 AM', '05:00 PM', 0, 1626420153, 1626420153, '2021-07-16 07:19:35', '2021-07-16 07:19:35'),
(372, 158, 1, 'sun', '', '', 0, 1627279739, 1627279739, '2021-07-26 06:08:59', '2021-07-26 06:08:59'),
(373, 158, 2, 'mon', '', '', 0, 1627279739, 1627279739, '2021-07-26 06:08:59', '2021-07-26 06:08:59'),
(374, 158, 3, 'tue', '', '', 0, 1627279739, 1627279739, '2021-07-26 06:08:59', '2021-07-26 06:08:59'),
(375, 158, 4, 'wed', '', '', 0, 1627279739, 1627279739, '2021-07-26 06:08:59', '2021-07-26 06:08:59'),
(376, 158, 5, 'thu', '', '', 0, 1627279739, 1627279739, '2021-07-26 06:08:59', '2021-07-26 06:08:59'),
(377, 158, 6, 'fri', '', '', 0, 1627279739, 1627279739, '2021-07-26 06:08:59', '2021-07-26 06:08:59'),
(378, 158, 7, 'sat', '', '', 0, 1627279739, 1627279739, '2021-07-26 06:08:59', '2021-07-26 06:08:59'),
(515, 131, 1, 'sun', '05:05 pm', '9:00 AM', 1, 1627645051, 1627645051, '2021-06-29 05:02:48', '2021-07-29 06:33:01'),
(519, 131, 2, 'mon', '5:45 PM', '5:45 PM', 1, 1627645051, 1627645051, '2021-06-29 05:02:48', '2021-07-29 06:33:01'),
(523, 131, 3, 'tue', '5:45 PM', '5:45 PM', 1, 1627645051, 1627645051, '2021-06-29 05:02:48', '2021-07-29 06:33:01'),
(527, 131, 4, 'wed', '5:45 PM', '5:45 PM', 1, 1627645051, 1627645051, '2021-06-29 05:02:48', '2021-07-29 06:33:01'),
(531, 131, 5, 'thu', '5:45 PM', '5:45 PM', 1, 1627645051, 1627645051, '2021-06-29 05:02:48', '2021-07-29 06:33:01'),
(535, 131, 6, 'fri', '4:30 PM', '5:30 PM', 1, 1627645051, 1627645051, '2021-06-29 05:02:48', '2021-07-29 06:33:01'),
(539, 131, 7, 'sat', '11:00 AM', '6:00 PM', 1, 1627645051, 1627645051, '2021-06-29 05:02:48', '2021-07-29 06:33:01'),
(540, 161, 1, 'sun', '', '', 0, 1627907893, 1627907893, '2021-08-02 12:38:13', '2021-08-02 12:38:13'),
(541, 161, 2, 'mon', '', '', 0, 1627907893, 1627907893, '2021-08-02 12:38:13', '2021-08-02 12:38:13'),
(542, 161, 3, 'tue', '', '', 0, 1627907893, 1627907893, '2021-08-02 12:38:13', '2021-08-02 12:38:13'),
(543, 161, 4, 'wed', '', '', 0, 1627907893, 1627907893, '2021-08-02 12:38:13', '2021-08-02 12:38:13'),
(544, 161, 5, 'thu', '', '', 0, 1627907893, 1627907893, '2021-08-02 12:38:13', '2021-08-02 12:38:13'),
(545, 161, 6, 'fri', '', '', 0, 1627907893, 1627907893, '2021-08-02 12:38:13', '2021-08-02 12:38:13'),
(546, 161, 7, 'sat', '', '', 0, 1627907893, 1627907893, '2021-08-02 12:38:13', '2021-08-02 12:38:13'),
(547, 163, 1, 'sun', '', '', 0, 1627975953, 1627975953, '2021-08-03 07:32:32', '2021-08-03 07:32:32'),
(548, 163, 2, 'mon', '', '', 0, 1627975953, 1627975953, '2021-08-03 07:32:32', '2021-08-03 07:32:32'),
(549, 163, 3, 'tue', '', '', 0, 1627975953, 1627975953, '2021-08-03 07:32:32', '2021-08-03 07:32:32'),
(550, 163, 4, 'wed', '', '', 0, 1627975953, 1627975953, '2021-08-03 07:32:32', '2021-08-03 07:32:32'),
(551, 163, 5, 'thu', '', '', 0, 1627975953, 1627975953, '2021-08-03 07:32:32', '2021-08-03 07:32:32'),
(552, 163, 6, 'fri', '', '', 0, 1627975953, 1627975953, '2021-08-03 07:32:32', '2021-08-03 07:32:32'),
(553, 163, 7, 'sat', '', '', 0, 1627975953, 1627975953, '2021-08-03 07:32:32', '2021-08-03 07:32:32'),
(554, 164, 1, 'sun', '', '', 0, 1628155023, 1628155023, '2021-08-05 09:17:03', '2021-08-05 09:17:03'),
(555, 164, 2, 'mon', '', '', 0, 1628155023, 1628155023, '2021-08-05 09:17:03', '2021-08-05 09:17:03'),
(556, 164, 3, 'tue', '', '', 0, 1628155023, 1628155023, '2021-08-05 09:17:03', '2021-08-05 09:17:03'),
(557, 164, 4, 'wed', '', '', 0, 1628155023, 1628155023, '2021-08-05 09:17:03', '2021-08-05 09:17:03'),
(558, 164, 5, 'thu', '', '', 0, 1628155023, 1628155023, '2021-08-05 09:17:03', '2021-08-05 09:17:03'),
(559, 164, 6, 'fri', '', '', 0, 1628155023, 1628155023, '2021-08-05 09:17:03', '2021-08-05 09:17:03'),
(560, 164, 7, 'sat', '', '', 0, 1628155023, 1628155023, '2021-08-05 09:17:03', '2021-08-05 09:17:03'),
(568, 180, 1, 'sun', '', '', 0, 1628834246, 1628834246, '2021-08-13 05:57:25', '2021-08-13 05:57:25'),
(569, 180, 2, 'mon', '', '', 0, 1628834246, 1628834246, '2021-08-13 05:57:25', '2021-08-13 05:57:25'),
(570, 180, 3, 'tue', '', '', 0, 1628834246, 1628834246, '2021-08-13 05:57:25', '2021-08-13 05:57:25'),
(571, 180, 4, 'wed', '', '', 0, 1628834246, 1628834246, '2021-08-13 05:57:25', '2021-08-13 05:57:25'),
(572, 180, 5, 'thu', '', '', 0, 1628834246, 1628834246, '2021-08-13 05:57:25', '2021-08-13 05:57:25'),
(573, 180, 6, 'fri', '', '', 0, 1628834246, 1628834246, '2021-08-13 05:57:25', '2021-08-13 05:57:25'),
(574, 180, 7, 'sat', '', '', 0, 1628834246, 1628834246, '2021-08-13 05:57:25', '2021-08-13 05:57:25'),
(575, 181, 1, 'sun', '', '', 0, 1628834378, 1628834378, '2021-08-13 05:59:37', '2021-08-13 05:59:37'),
(576, 181, 2, 'mon', '', '', 0, 1628834378, 1628834378, '2021-08-13 05:59:37', '2021-08-13 05:59:37'),
(577, 181, 3, 'tue', '', '', 0, 1628834378, 1628834378, '2021-08-13 05:59:37', '2021-08-13 05:59:37'),
(578, 181, 4, 'wed', '', '', 0, 1628834378, 1628834378, '2021-08-13 05:59:37', '2021-08-13 05:59:37'),
(579, 181, 5, 'thu', '', '', 0, 1628834378, 1628834378, '2021-08-13 05:59:37', '2021-08-13 05:59:37'),
(580, 181, 6, 'fri', '', '', 0, 1628834378, 1628834378, '2021-08-13 05:59:37', '2021-08-13 05:59:37'),
(581, 181, 7, 'sat', '', '', 0, 1628834378, 1628834378, '2021-08-13 05:59:37', '2021-08-13 05:59:37'),
(582, 183, 1, 'sun', '10:00 AM', '6:00 PM', 0, 1630676710, 1630676710, '2021-08-19 06:26:28', '2021-09-03 13:44:35'),
(583, 183, 2, 'mon', '10:45 AM', '8:00 PM', 0, 1630676710, 1630676710, '2021-08-19 06:26:28', '2021-09-03 13:44:35'),
(584, 183, 3, 'tue', '7:15 PM', '7:15 PM', 1, 1630676710, 1630676710, '2021-08-19 06:26:28', '2021-09-03 13:44:35'),
(585, 183, 4, 'wed', '7:15 PM', '7:15 PM', 1, 1630676710, 1630676710, '2021-08-19 06:26:28', '2021-09-03 13:44:35'),
(586, 183, 5, 'thu', '7:15 PM', '7:15 PM', 1, 1630676710, 1630676710, '2021-08-19 06:26:28', '2021-09-03 13:44:35'),
(587, 183, 6, 'fri', '7:15 PM', '7:15 PM', 1, 1630676710, 1630676710, '2021-08-19 06:26:28', '2021-09-03 13:44:35'),
(588, 183, 7, 'sat', '7:15 PM', '7:15 PM', 1, 1630676710, 1630676710, '2021-08-19 06:26:28', '2021-09-03 13:44:35'),
(589, 184, 1, 'sun', '03:09 AM', '07:09 PM', 0, 1629799528, 1629799528, '2021-08-19 07:35:12', '2021-08-19 07:35:12'),
(590, 184, 2, 'mon', '02:09 AM', '10:09 PM', 0, 1629799528, 1629799528, '2021-08-19 07:35:12', '2021-08-19 07:35:12'),
(591, 184, 3, 'tue', '04:11 AM', '10:11 PM', 0, 1629799528, 1629799528, '2021-08-19 07:35:12', '2021-08-19 07:35:12'),
(592, 184, 4, 'wed', '06:18 PM', '09:18 PM', 0, 1629799528, 1629799528, '2021-08-19 07:35:12', '2021-08-19 07:35:12'),
(593, 184, 5, 'thu', '03:48 PM', '07:48 PM', 0, 1629799528, 1629799528, '2021-08-19 07:35:12', '2021-08-19 07:35:12'),
(594, 184, 6, 'fri', '02:35 PM', '10:35 PM', 0, 1629799528, 1629799528, '2021-08-19 07:35:12', '2021-08-19 07:35:12'),
(595, 184, 7, 'sat', '03:35 PM', '10:35 PM', 0, 1629799528, 1629799528, '2021-08-19 07:35:12', '2021-08-19 07:35:12'),
(596, 185, 1, 'sun', '12:26 PM', '09:26 PM', 0, 1629874608, 1629874608, '2021-08-24 12:19:37', '2021-08-24 12:19:37'),
(597, 185, 2, 'mon', '', '', 1, 1629874608, 1629874608, '2021-08-24 12:19:37', '2021-08-24 12:19:37'),
(598, 185, 3, 'tue', '', '', 1, 1629874608, 1629874608, '2021-08-24 12:19:37', '2021-08-24 12:19:37'),
(599, 185, 4, 'wed', '', '', 1, 1629874608, 1629874608, '2021-08-24 12:19:37', '2021-08-24 12:19:37'),
(600, 185, 5, 'thu', '', '', 1, 1629874608, 1629874608, '2021-08-24 12:19:37', '2021-08-24 12:19:37'),
(601, 185, 6, 'fri', '', '', 1, 1629874608, 1629874608, '2021-08-24 12:19:37', '2021-08-24 12:19:37'),
(602, 185, 7, 'sat', '05:51 PM', '11:51 PM', 1, 1629874608, 1629874608, '2021-08-24 12:19:37', '2021-08-24 12:19:37'),
(603, 186, 1, 'sun', '09:30 am', '07:00 pm', 0, 1629867004, 1629867004, '2021-08-25 04:41:59', '2021-08-25 04:41:59'),
(604, 186, 2, 'mon', '11:00 am', '05:00 pm', 0, 1629867004, 1629867004, '2021-08-25 04:41:59', '2021-08-25 04:41:59'),
(605, 186, 3, 'tue', '11:30 am', '04:30 pm', 0, 1629867004, 1629867004, '2021-08-25 04:41:59', '2021-08-25 04:41:59'),
(606, 186, 4, 'wed', '11:30 am', '05:30 pm', 0, 1629867004, 1629867004, '2021-08-25 04:41:59', '2021-08-25 04:41:59'),
(607, 186, 5, 'thu', '10:00 am', '06:00 pm', 0, 1629867004, 1629867004, '2021-08-25 04:41:59', '2021-08-25 04:41:59'),
(608, 186, 6, 'fri', '11:00 am', '05:00 pm', 0, 1629867004, 1629867004, '2021-08-25 04:41:59', '2021-08-25 04:41:59'),
(609, 186, 7, 'sat', '', '', 1, 1629867004, 1629867004, '2021-08-25 04:41:59', '2021-08-25 04:41:59'),
(610, 188, 1, 'sun', '10:30 am', '06:00 pm', 0, 1629894040, 1629894040, '2021-08-25 12:16:37', '2021-08-25 12:16:37'),
(611, 188, 2, 'mon', '10:00 am', '06:30 pm', 0, 1629894040, 1629894040, '2021-08-25 12:16:37', '2021-08-25 12:16:37'),
(612, 188, 3, 'tue', '10:30 am', '06:30 pm', 0, 1629894040, 1629894040, '2021-08-25 12:16:37', '2021-08-25 12:16:37'),
(613, 188, 4, 'wed', '10:30 am', '05:30 pm', 0, 1629894040, 1629894040, '2021-08-25 12:16:37', '2021-08-25 12:16:37'),
(614, 188, 5, 'thu', '10:00 am', '06:30 pm', 0, 1629894040, 1629894040, '2021-08-25 12:16:37', '2021-08-25 12:16:37'),
(615, 188, 6, 'fri', '10:00 am', '06:00 pm', 0, 1629894040, 1629894040, '2021-08-25 12:16:37', '2021-08-25 12:16:37'),
(616, 188, 7, 'sat', '', '', 1, 1629894040, 1629894040, '2021-08-25 12:16:37', '2021-08-25 12:16:37'),
(617, 189, 1, 'sun', '9:30 AM', '7:50 PM', 0, 1629897912, 1629971563, '2021-08-25 13:18:33', '2021-08-26 09:52:43'),
(618, 189, 2, 'mon', '11:30 AM', '6:30 PM', 0, 1629897912, 1629971563, '2021-08-25 13:18:33', '2021-08-26 09:52:43'),
(619, 189, 3, 'tue', '10:50 AM', '6:30 PM', 0, 1629897912, 1629971563, '2021-08-25 13:18:33', '2021-08-26 09:52:43'),
(620, 189, 4, 'wed', '', '', 1, 1629897912, 1629971563, '2021-08-25 13:18:33', '2021-08-26 09:52:43'),
(621, 189, 5, 'thu', '', '', 1, 1629897912, 1629971563, '2021-08-25 13:18:33', '2021-08-26 09:52:43'),
(622, 189, 6, 'fri', '', '', 1, 1629897912, 1629971563, '2021-08-25 13:18:33', '2021-08-26 09:52:43'),
(623, 189, 7, 'sat', '', '', 1, 1629897912, 1629971563, '2021-08-25 13:18:33', '2021-08-26 09:52:43'),
(624, 190, 1, 'sun', '', '', 0, 1629984070, 1629984070, '2021-08-26 13:21:09', '2021-08-26 13:21:09'),
(625, 190, 2, 'mon', '', '', 0, 1629984070, 1629984070, '2021-08-26 13:21:09', '2021-08-26 13:21:09'),
(626, 190, 3, 'tue', '', '', 0, 1629984070, 1629984070, '2021-08-26 13:21:09', '2021-08-26 13:21:09'),
(627, 190, 4, 'wed', '', '', 0, 1629984070, 1629984070, '2021-08-26 13:21:09', '2021-08-26 13:21:09'),
(628, 190, 5, 'thu', '', '', 0, 1629984070, 1629984070, '2021-08-26 13:21:09', '2021-08-26 13:21:09'),
(629, 190, 6, 'fri', '', '', 0, 1629984070, 1629984070, '2021-08-26 13:21:09', '2021-08-26 13:21:09'),
(630, 190, 7, 'sat', '', '', 0, 1629984070, 1629984070, '2021-08-26 13:21:09', '2021-08-26 13:21:09'),
(631, 191, 1, 'sun', '', '', 0, 1630321713, 1630321713, '2021-08-30 11:08:33', '2021-08-30 11:08:33'),
(632, 191, 2, 'mon', '', '', 0, 1630321713, 1630321713, '2021-08-30 11:08:33', '2021-08-30 11:08:33'),
(633, 191, 3, 'tue', '', '', 0, 1630321713, 1630321713, '2021-08-30 11:08:33', '2021-08-30 11:08:33'),
(634, 191, 4, 'wed', '', '', 0, 1630321713, 1630321713, '2021-08-30 11:08:33', '2021-08-30 11:08:33'),
(635, 191, 5, 'thu', '', '', 0, 1630321713, 1630321713, '2021-08-30 11:08:33', '2021-08-30 11:08:33'),
(636, 191, 6, 'fri', '', '', 0, 1630321713, 1630321713, '2021-08-30 11:08:33', '2021-08-30 11:08:33'),
(637, 191, 7, 'sat', '', '', 0, 1630321713, 1630321713, '2021-08-30 11:08:33', '2021-08-30 11:08:33'),
(638, 192, 1, 'sun', '', '', 0, 1630326558, 1630326558, '2021-08-30 12:29:18', '2021-08-30 12:29:18'),
(639, 192, 2, 'mon', '', '', 0, 1630326558, 1630326558, '2021-08-30 12:29:18', '2021-08-30 12:29:18'),
(640, 192, 3, 'tue', '', '', 0, 1630326558, 1630326558, '2021-08-30 12:29:18', '2021-08-30 12:29:18'),
(641, 192, 4, 'wed', '', '', 0, 1630326558, 1630326558, '2021-08-30 12:29:18', '2021-08-30 12:29:18'),
(642, 192, 5, 'thu', '', '', 0, 1630326558, 1630326558, '2021-08-30 12:29:18', '2021-08-30 12:29:18'),
(643, 192, 6, 'fri', '', '', 0, 1630326558, 1630326558, '2021-08-30 12:29:18', '2021-08-30 12:29:18'),
(644, 192, 7, 'sat', '', '', 0, 1630326558, 1630326558, '2021-08-30 12:29:18', '2021-08-30 12:29:18'),
(645, 193, 1, 'sun', '', '', 0, 1630401239, 1630401239, '2021-08-31 09:13:58', '2021-08-31 09:13:58'),
(646, 193, 2, 'mon', '', '', 0, 1630401239, 1630401239, '2021-08-31 09:13:58', '2021-08-31 09:13:58'),
(647, 193, 3, 'tue', '', '', 0, 1630401239, 1630401239, '2021-08-31 09:13:58', '2021-08-31 09:13:58'),
(648, 193, 4, 'wed', '', '', 0, 1630401239, 1630401239, '2021-08-31 09:13:58', '2021-08-31 09:13:58'),
(649, 193, 5, 'thu', '', '', 0, 1630401239, 1630401239, '2021-08-31 09:13:58', '2021-08-31 09:13:58'),
(650, 193, 6, 'fri', '', '', 0, 1630401239, 1630401239, '2021-08-31 09:13:58', '2021-08-31 09:13:58'),
(651, 193, 7, 'sat', '', '', 0, 1630401239, 1630401239, '2021-08-31 09:13:58', '2021-08-31 09:13:58'),
(652, 194, 1, 'sun', '', '', 0, 1630401665, 1630401665, '2021-08-31 09:21:04', '2021-08-31 09:21:04'),
(653, 194, 2, 'mon', '', '', 0, 1630401665, 1630401665, '2021-08-31 09:21:04', '2021-08-31 09:21:04'),
(654, 194, 3, 'tue', '', '', 0, 1630401665, 1630401665, '2021-08-31 09:21:04', '2021-08-31 09:21:04'),
(655, 194, 4, 'wed', '', '', 0, 1630401665, 1630401665, '2021-08-31 09:21:04', '2021-08-31 09:21:04'),
(656, 194, 5, 'thu', '', '', 0, 1630401665, 1630401665, '2021-08-31 09:21:04', '2021-08-31 09:21:04'),
(657, 194, 6, 'fri', '', '', 0, 1630401665, 1630401665, '2021-08-31 09:21:04', '2021-08-31 09:21:04'),
(658, 194, 7, 'sat', '', '', 0, 1630401665, 1630401665, '2021-08-31 09:21:04', '2021-08-31 09:21:04'),
(659, 195, 1, 'sun', '', '', 0, 1630402282, 1630402282, '2021-08-31 09:31:22', '2021-08-31 09:31:22'),
(660, 195, 2, 'mon', '', '', 0, 1630402282, 1630402282, '2021-08-31 09:31:22', '2021-08-31 09:31:22'),
(661, 195, 3, 'tue', '', '', 0, 1630402282, 1630402282, '2021-08-31 09:31:22', '2021-08-31 09:31:22'),
(662, 195, 4, 'wed', '', '', 0, 1630402282, 1630402282, '2021-08-31 09:31:22', '2021-08-31 09:31:22'),
(663, 195, 5, 'thu', '', '', 0, 1630402282, 1630402282, '2021-08-31 09:31:22', '2021-08-31 09:31:22'),
(664, 195, 6, 'fri', '', '', 0, 1630402282, 1630402282, '2021-08-31 09:31:22', '2021-08-31 09:31:22'),
(665, 195, 7, 'sat', '', '', 0, 1630402282, 1630402282, '2021-08-31 09:31:22', '2021-08-31 09:31:22'),
(666, 196, 1, 'sun', '', '', 1, 1630406220, 1630406220, '2021-08-31 09:45:47', '2021-08-31 09:45:47'),
(667, 196, 2, 'mon', '', '', 1, 1630406220, 1630406220, '2021-08-31 09:45:47', '2021-08-31 09:45:47'),
(668, 196, 3, 'tue', '', '', 1, 1630406220, 1630406220, '2021-08-31 09:45:47', '2021-08-31 09:45:47'),
(669, 196, 4, 'wed', '', '', 1, 1630406220, 1630406220, '2021-08-31 09:45:47', '2021-08-31 09:45:47'),
(670, 196, 5, 'thu', '', '', 1, 1630406220, 1630406220, '2021-08-31 09:45:47', '2021-08-31 09:45:47'),
(671, 196, 6, 'fri', '', '', 1, 1630406220, 1630406220, '2021-08-31 09:45:47', '2021-08-31 09:45:47'),
(672, 196, 7, 'sat', '', '', 1, 1630406220, 1630406220, '2021-08-31 09:45:47', '2021-08-31 09:45:47'),
(673, 197, 1, 'sun', '', '', 1, 1630558819, 1630558819, '2021-09-02 04:58:08', '2021-09-02 04:58:08'),
(674, 197, 2, 'mon', '', '', 1, 1630558819, 1630558819, '2021-09-02 04:58:08', '2021-09-02 04:58:08'),
(675, 197, 3, 'tue', '', '', 1, 1630558819, 1630558819, '2021-09-02 04:58:08', '2021-09-02 04:58:08'),
(676, 197, 4, 'wed', '', '', 1, 1630558819, 1630558819, '2021-09-02 04:58:08', '2021-09-02 04:58:08'),
(677, 197, 5, 'thu', '', '', 1, 1630558819, 1630558819, '2021-09-02 04:58:08', '2021-09-02 04:58:08'),
(678, 197, 6, 'fri', '', '', 1, 1630558819, 1630558819, '2021-09-02 04:58:08', '2021-09-02 04:58:08'),
(679, 197, 7, 'sat', '11:29 AM', '06:29 PM', 0, 1630558819, 1630558819, '2021-09-02 04:58:08', '2021-09-02 04:58:08'),
(680, 198, 1, 'sun', '', '', 1, 1630566710, 1630566710, '2021-09-02 07:10:01', '2021-09-02 07:10:01'),
(681, 198, 2, 'mon', '', '', 1, 1630566710, 1630566710, '2021-09-02 07:10:01', '2021-09-02 07:10:01'),
(682, 198, 3, 'tue', '', '', 1, 1630566710, 1630566710, '2021-09-02 07:10:01', '2021-09-02 07:10:01'),
(683, 198, 4, 'wed', '', '', 1, 1630566710, 1630566710, '2021-09-02 07:10:01', '2021-09-02 07:10:01'),
(684, 198, 5, 'thu', '', '', 1, 1630566710, 1630566710, '2021-09-02 07:10:01', '2021-09-02 07:10:01'),
(685, 198, 6, 'fri', '', '', 1, 1630566710, 1630566710, '2021-09-02 07:10:01', '2021-09-02 07:10:01'),
(686, 198, 7, 'sat', '12:41 PM', '09:41 PM', 0, 1630566710, 1630566710, '2021-09-02 07:10:01', '2021-09-02 07:10:01'),
(687, 200, 1, 'sun', '09:00 am', '06:30 pm', 1, 1631020320, 1631020320, '2021-09-07 04:59:45', '2021-09-07 04:59:45'),
(688, 200, 2, 'mon', '10:00 am', '06:00 pm', 0, 1631020320, 1631020320, '2021-09-07 04:59:45', '2021-09-07 04:59:45'),
(689, 200, 3, 'tue', '11:00 am', '05:00 pm', 0, 1631020320, 1631020320, '2021-09-07 04:59:45', '2021-09-07 04:59:45'),
(690, 200, 4, 'wed', '12:00 pm', '04:00 pm', 0, 1631020320, 1631020320, '2021-09-07 04:59:45', '2021-09-07 04:59:45'),
(691, 200, 5, 'thu', '', '', 1, 1631020320, 1631020320, '2021-09-07 04:59:45', '2021-09-07 04:59:45'),
(692, 200, 6, 'fri', '', '', 1, 1631020320, 1631020320, '2021-09-07 04:59:45', '2021-09-07 04:59:45'),
(693, 200, 7, 'sat', '', '', 1, 1631020320, 1631020320, '2021-09-07 04:59:45', '2021-09-07 04:59:45'),
(694, 202, 1, 'sun', '', '', 0, 1631000730, 1631000730, '2021-09-07 07:45:29', '2021-09-07 07:45:29'),
(695, 202, 2, 'mon', '', '', 0, 1631000730, 1631000730, '2021-09-07 07:45:29', '2021-09-07 07:45:29'),
(696, 202, 3, 'tue', '', '', 0, 1631000730, 1631000730, '2021-09-07 07:45:29', '2021-09-07 07:45:29'),
(697, 202, 4, 'wed', '', '', 0, 1631000730, 1631000730, '2021-09-07 07:45:29', '2021-09-07 07:45:29'),
(698, 202, 5, 'thu', '', '', 0, 1631000730, 1631000730, '2021-09-07 07:45:29', '2021-09-07 07:45:29'),
(699, 202, 6, 'fri', '', '', 0, 1631000730, 1631000730, '2021-09-07 07:45:29', '2021-09-07 07:45:29'),
(700, 202, 7, 'sat', '', '', 0, 1631000730, 1631000730, '2021-09-07 07:45:29', '2021-09-07 07:45:29'),
(701, 203, 1, 'sun', '', '', 0, 1631001213, 1631001213, '2021-09-07 07:53:32', '2021-09-07 07:53:32'),
(702, 203, 2, 'mon', '', '', 0, 1631001213, 1631001213, '2021-09-07 07:53:32', '2021-09-07 07:53:32'),
(703, 203, 3, 'tue', '', '', 0, 1631001213, 1631001213, '2021-09-07 07:53:32', '2021-09-07 07:53:32'),
(704, 203, 4, 'wed', '', '', 0, 1631001213, 1631001213, '2021-09-07 07:53:32', '2021-09-07 07:53:32'),
(705, 203, 5, 'thu', '', '', 0, 1631001213, 1631001213, '2021-09-07 07:53:32', '2021-09-07 07:53:32'),
(706, 203, 6, 'fri', '', '', 0, 1631001213, 1631001213, '2021-09-07 07:53:32', '2021-09-07 07:53:32'),
(707, 203, 7, 'sat', '', '', 0, 1631001213, 1631001213, '2021-09-07 07:53:32', '2021-09-07 07:53:32'),
(708, 212, 1, 'sun', '', '', 0, 1633528594, 1633528594, '2021-10-06 13:56:34', '2021-10-06 13:56:34'),
(709, 212, 2, 'mon', '', '', 0, 1633528594, 1633528594, '2021-10-06 13:56:34', '2021-10-06 13:56:34'),
(710, 212, 3, 'tue', '', '', 0, 1633528594, 1633528594, '2021-10-06 13:56:34', '2021-10-06 13:56:34'),
(711, 212, 4, 'wed', '', '', 0, 1633528594, 1633528594, '2021-10-06 13:56:34', '2021-10-06 13:56:34'),
(712, 212, 5, 'thu', '', '', 0, 1633528594, 1633528594, '2021-10-06 13:56:34', '2021-10-06 13:56:34'),
(713, 212, 6, 'fri', '', '', 0, 1633528594, 1633528594, '2021-10-06 13:56:34', '2021-10-06 13:56:34'),
(714, 212, 7, 'sat', '', '', 0, 1633528594, 1633528594, '2021-10-06 13:56:34', '2021-10-06 13:56:34'),
(743, 226, 1, 'sun', '', '', 0, 1635147599, 1635147599, '2021-10-25 07:39:58', '2021-10-25 07:39:58'),
(744, 226, 2, 'mon', '', '', 0, 1635147599, 1635147599, '2021-10-25 07:39:58', '2021-10-25 07:39:58'),
(745, 226, 3, 'tue', '', '', 0, 1635147599, 1635147599, '2021-10-25 07:39:58', '2021-10-25 07:39:58'),
(746, 226, 4, 'wed', '', '', 0, 1635147599, 1635147599, '2021-10-25 07:39:58', '2021-10-25 07:39:58'),
(747, 226, 5, 'thu', '', '', 0, 1635147599, 1635147599, '2021-10-25 07:39:58', '2021-10-25 07:39:58'),
(748, 226, 6, 'fri', '', '', 0, 1635147599, 1635147599, '2021-10-25 07:39:58', '2021-10-25 07:39:58'),
(749, 226, 7, 'sat', '', '', 0, 1635147599, 1635147599, '2021-10-25 07:39:58', '2021-10-25 07:39:58'),
(750, 227, 1, 'sun', '', '', 0, 1635154588, 1635154588, '2021-10-25 09:36:27', '2021-10-25 09:36:27'),
(751, 227, 2, 'mon', '', '', 0, 1635154588, 1635154588, '2021-10-25 09:36:27', '2021-10-25 09:36:27'),
(752, 227, 3, 'tue', '', '', 0, 1635154588, 1635154588, '2021-10-25 09:36:27', '2021-10-25 09:36:27'),
(753, 227, 4, 'wed', '', '', 0, 1635154588, 1635154588, '2021-10-25 09:36:27', '2021-10-25 09:36:27'),
(754, 227, 5, 'thu', '', '', 0, 1635154588, 1635154588, '2021-10-25 09:36:27', '2021-10-25 09:36:27'),
(755, 227, 6, 'fri', '', '', 0, 1635154588, 1635154588, '2021-10-25 09:36:27', '2021-10-25 09:36:27'),
(756, 227, 7, 'sat', '', '', 0, 1635154588, 1635154588, '2021-10-25 09:36:27', '2021-10-25 09:36:27'),
(757, 228, 1, 'sun', '', '', 1, 1635572903, 1635572903, '2021-10-30 05:36:43', '2021-10-30 05:36:43'),
(758, 228, 2, 'mon', '', '', 1, 1635572903, 1635572903, '2021-10-30 05:36:43', '2021-10-30 05:36:43'),
(759, 228, 3, 'tue', '', '', 1, 1635572903, 1635572903, '2021-10-30 05:36:43', '2021-10-30 05:36:43'),
(760, 228, 4, 'wed', '', '', 1, 1635572903, 1635572903, '2021-10-30 05:36:43', '2021-10-30 05:36:43'),
(761, 228, 5, 'thu', '', '', 1, 1635572903, 1635572903, '2021-10-30 05:36:43', '2021-10-30 05:36:43'),
(762, 228, 6, 'fri', '', '', 1, 1635572903, 1635572903, '2021-10-30 05:36:43', '2021-10-30 05:36:43'),
(763, 228, 7, 'sat', '', '', 1, 1635572903, 1635572903, '2021-10-30 05:36:43', '2021-10-30 05:36:43'),
(764, 229, 1, 'sun', '', '', 0, 1635577327, 1635577327, '2021-10-30 07:02:07', '2021-10-30 07:02:07'),
(765, 229, 2, 'mon', '', '', 0, 1635577327, 1635577327, '2021-10-30 07:02:07', '2021-10-30 07:02:07'),
(766, 229, 3, 'tue', '', '', 0, 1635577327, 1635577327, '2021-10-30 07:02:07', '2021-10-30 07:02:07'),
(767, 229, 4, 'wed', '', '', 0, 1635577327, 1635577327, '2021-10-30 07:02:07', '2021-10-30 07:02:07'),
(768, 229, 5, 'thu', '', '', 0, 1635577327, 1635577327, '2021-10-30 07:02:07', '2021-10-30 07:02:07'),
(769, 229, 6, 'fri', '', '', 0, 1635577327, 1635577327, '2021-10-30 07:02:07', '2021-10-30 07:02:07'),
(770, 229, 7, 'sat', '', '', 0, 1635577327, 1635577327, '2021-10-30 07:02:07', '2021-10-30 07:02:07'),
(771, 230, 1, 'sun', '', '', 0, 1635577539, 1635577539, '2021-10-30 07:05:38', '2021-10-30 07:05:38'),
(772, 230, 2, 'mon', '', '', 0, 1635577539, 1635577539, '2021-10-30 07:05:38', '2021-10-30 07:05:38'),
(773, 230, 3, 'tue', '', '', 0, 1635577539, 1635577539, '2021-10-30 07:05:38', '2021-10-30 07:05:38'),
(774, 230, 4, 'wed', '', '', 0, 1635577539, 1635577539, '2021-10-30 07:05:38', '2021-10-30 07:05:38'),
(775, 230, 5, 'thu', '', '', 0, 1635577539, 1635577539, '2021-10-30 07:05:38', '2021-10-30 07:05:38'),
(776, 230, 6, 'fri', '', '', 0, 1635577539, 1635577539, '2021-10-30 07:05:38', '2021-10-30 07:05:38'),
(777, 230, 7, 'sat', '', '', 0, 1635577539, 1635577539, '2021-10-30 07:05:38', '2021-10-30 07:05:38'),
(778, 231, 1, 'sun', '', '', 0, 1635577956, 1635577956, '2021-10-30 07:12:36', '2021-10-30 07:12:36'),
(779, 231, 2, 'mon', '', '', 0, 1635577956, 1635577956, '2021-10-30 07:12:36', '2021-10-30 07:12:36'),
(780, 231, 3, 'tue', '', '', 0, 1635577956, 1635577956, '2021-10-30 07:12:36', '2021-10-30 07:12:36'),
(781, 231, 4, 'wed', '', '', 0, 1635577956, 1635577956, '2021-10-30 07:12:36', '2021-10-30 07:12:36'),
(782, 231, 5, 'thu', '', '', 0, 1635577956, 1635577956, '2021-10-30 07:12:36', '2021-10-30 07:12:36'),
(783, 231, 6, 'fri', '', '', 0, 1635577956, 1635577956, '2021-10-30 07:12:36', '2021-10-30 07:12:36'),
(784, 231, 7, 'sat', '', '', 0, 1635577956, 1635577956, '2021-10-30 07:12:36', '2021-10-30 07:12:36'),
(785, 232, 1, 'sun', '', '', 0, 1635579108, 1635579108, '2021-10-30 07:31:47', '2021-10-30 07:31:47'),
(786, 232, 2, 'mon', '', '', 0, 1635579108, 1635579108, '2021-10-30 07:31:47', '2021-10-30 07:31:47'),
(787, 232, 3, 'tue', '', '', 0, 1635579108, 1635579108, '2021-10-30 07:31:47', '2021-10-30 07:31:47'),
(788, 232, 4, 'wed', '', '', 0, 1635579108, 1635579108, '2021-10-30 07:31:47', '2021-10-30 07:31:47'),
(789, 232, 5, 'thu', '', '', 0, 1635579108, 1635579108, '2021-10-30 07:31:47', '2021-10-30 07:31:47'),
(790, 232, 6, 'fri', '', '', 0, 1635579108, 1635579108, '2021-10-30 07:31:47', '2021-10-30 07:31:47'),
(791, 232, 7, 'sat', '', '', 0, 1635579108, 1635579108, '2021-10-30 07:31:47', '2021-10-30 07:31:47'),
(792, 233, 1, 'sun', '', '', 0, 1635579548, 1635579548, '2021-10-30 07:39:08', '2021-10-30 07:39:08'),
(793, 233, 2, 'mon', '', '', 0, 1635579548, 1635579548, '2021-10-30 07:39:08', '2021-10-30 07:39:08'),
(794, 233, 3, 'tue', '', '', 0, 1635579548, 1635579548, '2021-10-30 07:39:08', '2021-10-30 07:39:08'),
(795, 233, 4, 'wed', '', '', 0, 1635579548, 1635579548, '2021-10-30 07:39:08', '2021-10-30 07:39:08'),
(796, 233, 5, 'thu', '', '', 0, 1635579548, 1635579548, '2021-10-30 07:39:08', '2021-10-30 07:39:08'),
(797, 233, 6, 'fri', '', '', 0, 1635579548, 1635579548, '2021-10-30 07:39:08', '2021-10-30 07:39:08'),
(798, 233, 7, 'sat', '', '', 0, 1635579548, 1635579548, '2021-10-30 07:39:08', '2021-10-30 07:39:08'),
(799, 234, 1, 'sun', '', '', 1, 1635579908, 1635579908, '2021-10-30 07:42:58', '2021-10-30 07:42:58'),
(800, 234, 2, 'mon', '', '', 1, 1635579908, 1635579908, '2021-10-30 07:42:58', '2021-10-30 07:42:58'),
(801, 234, 3, 'tue', '', '', 1, 1635579908, 1635579908, '2021-10-30 07:42:58', '2021-10-30 07:42:58'),
(802, 234, 4, 'wed', '', '', 1, 1635579908, 1635579908, '2021-10-30 07:42:58', '2021-10-30 07:42:58'),
(803, 234, 5, 'thu', '', '', 1, 1635579908, 1635579908, '2021-10-30 07:42:58', '2021-10-30 07:42:58'),
(804, 234, 6, 'fri', '', '', 1, 1635579908, 1635579908, '2021-10-30 07:42:58', '2021-10-30 07:42:58'),
(805, 234, 7, 'sat', '', '', 1, 1635579908, 1635579908, '2021-10-30 07:42:58', '2021-10-30 07:42:58'),
(806, 235, 1, 'sun', '', '', 0, 1635589545, 1635589545, '2021-10-30 10:25:44', '2021-10-30 10:25:44'),
(807, 235, 2, 'mon', '', '', 0, 1635589545, 1635589545, '2021-10-30 10:25:44', '2021-10-30 10:25:44'),
(808, 235, 3, 'tue', '', '', 0, 1635589545, 1635589545, '2021-10-30 10:25:44', '2021-10-30 10:25:44'),
(809, 235, 4, 'wed', '', '', 0, 1635589545, 1635589545, '2021-10-30 10:25:44', '2021-10-30 10:25:44'),
(810, 235, 5, 'thu', '', '', 0, 1635589545, 1635589545, '2021-10-30 10:25:44', '2021-10-30 10:25:44'),
(811, 235, 6, 'fri', '', '', 0, 1635589545, 1635589545, '2021-10-30 10:25:44', '2021-10-30 10:25:44'),
(812, 235, 7, 'sat', '', '', 0, 1635589545, 1635589545, '2021-10-30 10:25:44', '2021-10-30 10:25:44'),
(939, 264, 1, 'sun', '', '', 0, 1646029136, 1646029136, '2022-02-28 06:18:55', '2022-02-28 06:18:55'),
(940, 264, 2, 'mon', '', '', 0, 1646029136, 1646029136, '2022-02-28 06:18:55', '2022-02-28 06:18:55'),
(941, 264, 3, 'tue', '', '', 0, 1646029136, 1646029136, '2022-02-28 06:18:55', '2022-02-28 06:18:55'),
(942, 264, 4, 'wed', '', '', 0, 1646029136, 1646029136, '2022-02-28 06:18:55', '2022-02-28 06:18:55'),
(943, 264, 5, 'thu', '', '', 0, 1646029136, 1646029136, '2022-02-28 06:18:55', '2022-02-28 06:18:55'),
(944, 264, 6, 'fri', '', '', 0, 1646029136, 1646029136, '2022-02-28 06:18:55', '2022-02-28 06:18:55'),
(945, 264, 7, 'sat', '', '', 0, 1646029136, 1646029136, '2022-02-28 06:18:55', '2022-02-28 06:18:55'),
(953, 267, 1, 'sun', '', '', 0, 1646290922, 1646290922, '2022-03-03 07:02:01', '2022-03-03 07:02:01'),
(954, 267, 2, 'mon', '', '', 0, 1646290922, 1646290922, '2022-03-03 07:02:01', '2022-03-03 07:02:01'),
(955, 267, 3, 'tue', '', '', 0, 1646290922, 1646290922, '2022-03-03 07:02:01', '2022-03-03 07:02:01'),
(956, 267, 4, 'wed', '', '', 0, 1646290922, 1646290922, '2022-03-03 07:02:01', '2022-03-03 07:02:01'),
(957, 267, 5, 'thu', '', '', 0, 1646290922, 1646290922, '2022-03-03 07:02:01', '2022-03-03 07:02:01'),
(958, 267, 6, 'fri', '', '', 0, 1646290922, 1646290922, '2022-03-03 07:02:01', '2022-03-03 07:02:01'),
(959, 267, 7, 'sat', '', '', 0, 1646290922, 1646290922, '2022-03-03 07:02:01', '2022-03-03 07:02:01'),
(960, 268, 1, 'sun', '10:00 am', '07:58 pm', 0, 1646292530, 1646292530, '2022-03-03 07:21:24', '2022-03-03 07:21:24'),
(961, 268, 2, 'mon', '10:00 am', '07:00 pm', 0, 1646292530, 1646292530, '2022-03-03 07:21:24', '2022-03-03 07:21:24'),
(962, 268, 3, 'tue', '', '', 1, 1646292530, 1646292530, '2022-03-03 07:21:24', '2022-03-03 07:21:24'),
(963, 268, 4, 'wed', '', '', 1, 1646292530, 1646292530, '2022-03-03 07:21:24', '2022-03-03 07:21:24'),
(964, 268, 5, 'thu', '', '', 1, 1646292530, 1646292530, '2022-03-03 07:21:24', '2022-03-03 07:21:24'),
(965, 268, 6, 'fri', '', '', 1, 1646292530, 1646292530, '2022-03-03 07:21:24', '2022-03-03 07:21:24'),
(966, 268, 7, 'sat', '', '', 1, 1646292530, 1646292530, '2022-03-03 07:21:24', '2022-03-03 07:21:24'),
(967, 269, 1, 'sun', '', '', 0, 1646378133, 1646378133, '2022-03-04 07:15:33', '2022-03-04 07:15:33'),
(968, 269, 2, 'mon', '', '', 0, 1646378133, 1646378133, '2022-03-04 07:15:33', '2022-03-04 07:15:33'),
(969, 269, 3, 'tue', '', '', 0, 1646378133, 1646378133, '2022-03-04 07:15:33', '2022-03-04 07:15:33'),
(970, 269, 4, 'wed', '', '', 0, 1646378133, 1646378133, '2022-03-04 07:15:33', '2022-03-04 07:15:33'),
(971, 269, 5, 'thu', '', '', 0, 1646378133, 1646378133, '2022-03-04 07:15:33', '2022-03-04 07:15:33'),
(972, 269, 6, 'fri', '', '', 0, 1646378133, 1646378133, '2022-03-04 07:15:33', '2022-03-04 07:15:33'),
(973, 269, 7, 'sat', '', '', 0, 1646378133, 1646378133, '2022-03-04 07:15:33', '2022-03-04 07:15:33'),
(974, 270, 1, 'sun', '', '', 0, 1646379519, 1646379519, '2022-03-04 07:38:39', '2022-03-04 07:38:39'),
(975, 270, 2, 'mon', '', '', 0, 1646379519, 1646379519, '2022-03-04 07:38:39', '2022-03-04 07:38:39'),
(976, 270, 3, 'tue', '', '', 0, 1646379519, 1646379519, '2022-03-04 07:38:39', '2022-03-04 07:38:39');
INSERT INTO `vendorDeliveryOptions` (`id`, `vendorId`, `sortOrder`, `day`, `deliveryTimeFrom`, `deliveryTimeTo`, `noDelivery`, `created`, `updated`, `createdAt`, `updatedAt`) VALUES
(977, 270, 4, 'wed', '', '', 0, 1646379519, 1646379519, '2022-03-04 07:38:39', '2022-03-04 07:38:39'),
(978, 270, 5, 'thu', '', '', 0, 1646379519, 1646379519, '2022-03-04 07:38:39', '2022-03-04 07:38:39'),
(979, 270, 6, 'fri', '', '', 0, 1646379519, 1646379519, '2022-03-04 07:38:39', '2022-03-04 07:38:39'),
(980, 270, 7, 'sat', '', '', 0, 1646379519, 1646379519, '2022-03-04 07:38:39', '2022-03-04 07:38:39'),
(981, 271, 1, 'sun', '', '', 0, 1651387289, 1651387289, '2022-05-01 06:41:29', '2022-05-01 06:41:29'),
(982, 271, 2, 'mon', '', '', 0, 1651387289, 1651387289, '2022-05-01 06:41:29', '2022-05-01 06:41:29'),
(983, 271, 3, 'tue', '', '', 0, 1651387289, 1651387289, '2022-05-01 06:41:29', '2022-05-01 06:41:29'),
(984, 271, 4, 'wed', '', '', 0, 1651387289, 1651387289, '2022-05-01 06:41:29', '2022-05-01 06:41:29'),
(985, 271, 5, 'thu', '', '', 0, 1651387289, 1651387289, '2022-05-01 06:41:29', '2022-05-01 06:41:29'),
(986, 271, 6, 'fri', '', '', 0, 1651387289, 1651387289, '2022-05-01 06:41:29', '2022-05-01 06:41:29'),
(987, 271, 7, 'sat', '', '', 0, 1651387289, 1651387289, '2022-05-01 06:41:29', '2022-05-01 06:41:29'),
(988, 272, 1, 'sun', '', '', 0, 1651387337, 1651387337, '2022-05-01 06:42:17', '2022-05-01 06:42:17'),
(989, 272, 2, 'mon', '', '', 0, 1651387337, 1651387337, '2022-05-01 06:42:17', '2022-05-01 06:42:17'),
(990, 272, 3, 'tue', '', '', 0, 1651387337, 1651387337, '2022-05-01 06:42:17', '2022-05-01 06:42:17'),
(991, 272, 4, 'wed', '', '', 0, 1651387337, 1651387337, '2022-05-01 06:42:17', '2022-05-01 06:42:17'),
(992, 272, 5, 'thu', '', '', 0, 1651387337, 1651387337, '2022-05-01 06:42:17', '2022-05-01 06:42:17'),
(993, 272, 6, 'fri', '', '', 0, 1651387337, 1651387337, '2022-05-01 06:42:17', '2022-05-01 06:42:17'),
(994, 272, 7, 'sat', '', '', 0, 1651387337, 1651387337, '2022-05-01 06:42:17', '2022-05-01 06:42:17');

-- --------------------------------------------------------

--
-- Table structure for table `vendorDetail`
--

CREATE TABLE `vendorDetail` (
  `id` int(11) NOT NULL,
  `approvalStatus` tinyint(4) NOT NULL COMMENT '0=>pending 1=>pending_more_info 2=>approve 3=>suspend 4=decline',
  `approvalStatusReason` varchar(255) COLLATE utf8mb4_unicode_ci NOT NULL,
  `userId` int(11) NOT NULL,
  `name` varchar(100) COLLATE utf8mb4_unicode_ci NOT NULL,
  `shopName` varchar(100) COLLATE utf8mb4_unicode_ci NOT NULL,
  `shopLogo` varchar(100) COLLATE utf8mb4_unicode_ci NOT NULL,
  `image` varchar(100) COLLATE utf8mb4_unicode_ci NOT NULL,
  `shopCategory` varchar(100) COLLATE utf8mb4_unicode_ci NOT NULL,
  `shop_category_id` int(11) DEFAULT NULL,
  `phone` varchar(15) COLLATE utf8mb4_unicode_ci NOT NULL,
  `abn` varchar(40) COLLATE utf8mb4_unicode_ci NOT NULL,
  `buildingNumber` varchar(40) COLLATE utf8mb4_unicode_ci NOT NULL,
  `streetNumber` varchar(40) COLLATE utf8mb4_unicode_ci NOT NULL,
  `city` varchar(100) COLLATE utf8mb4_unicode_ci NOT NULL,
  `state` varchar(100) COLLATE utf8mb4_unicode_ci NOT NULL,
  `country` varchar(100) COLLATE utf8mb4_unicode_ci NOT NULL,
  `postalCode` varchar(20) COLLATE utf8mb4_unicode_ci NOT NULL,
  `latitude` decimal(10,8) NOT NULL,
  `longitude` decimal(11,8) NOT NULL,
  `geoLocation` text COLLATE utf8mb4_unicode_ci NOT NULL,
  `shopOpenTime` varchar(20) COLLATE utf8mb4_unicode_ci NOT NULL,
  `shopCloseTime` varchar(20) COLLATE utf8mb4_unicode_ci NOT NULL,
  `homeDelivery` tinyint(4) NOT NULL COMMENT '0=>noo 1=>yes',
  `deliveriesPerDay` int(11) NOT NULL,
  `shopAddress` text COLLATE utf8mb4_unicode_ci NOT NULL,
  `shopDescription` text COLLATE utf8mb4_unicode_ci NOT NULL,
  `paymentPolicy` text COLLATE utf8mb4_unicode_ci NOT NULL,
  `deliveryPolicy` text COLLATE utf8mb4_unicode_ci NOT NULL,
  `sellerInformation` text COLLATE utf8mb4_unicode_ci NOT NULL,
  `taxInPercent` tinyint(4) NOT NULL COMMENT '0=>no 1=>yes',
  `taxValue` smallint(6) NOT NULL,
  `bankName` varchar(100) COLLATE utf8mb4_unicode_ci NOT NULL,
  `bankBranch` varchar(100) COLLATE utf8mb4_unicode_ci NOT NULL,
  `accountHolderName` varchar(100) COLLATE utf8mb4_unicode_ci NOT NULL,
  `accountNumber` varchar(100) COLLATE utf8mb4_unicode_ci NOT NULL,
  `bsbNumber` varchar(100) COLLATE utf8mb4_unicode_ci NOT NULL,
  `ifscSwiftCode` varchar(100) COLLATE utf8mb4_unicode_ci NOT NULL,
  `bankAddress` text COLLATE utf8mb4_unicode_ci NOT NULL,
  `isShopAdded` tinyint(4) NOT NULL COMMENT '0=>no, 1=>yes',
  `isHomeDeliveryAdded` tinyint(4) NOT NULL COMMENT '0=>no, 1=>yes',
  `isDeliveryOptionsAdded` tinyint(4) NOT NULL COMMENT '0=>no, 1=>yes',
  `isDeliveryDaysAdded` tinyint(4) NOT NULL COMMENT '0=>no, 1=>yes',
  `isDeliveryChargesAdded` tinyint(4) NOT NULL COMMENT '0=>no, 1=>yes',
  `created` int(11) NOT NULL,
  `updated` int(11) NOT NULL,
  `createdAt` timestamp NOT NULL DEFAULT CURRENT_TIMESTAMP,
  `updatedAt` timestamp NOT NULL DEFAULT CURRENT_TIMESTAMP ON UPDATE CURRENT_TIMESTAMP
) ENGINE=InnoDB DEFAULT CHARSET=utf8mb4 COLLATE=utf8mb4_unicode_ci;

-- --------------------------------------------------------

--
-- Table structure for table `vendorShopCategory`
--

CREATE TABLE `vendorShopCategory` (
  `id` int(11) NOT NULL,
  `vendorId` int(11) NOT NULL,
  `shopCategoryId` int(11) NOT NULL,
  `created` int(11) NOT NULL,
  `updated` int(11) NOT NULL,
  `createdAt` timestamp NOT NULL DEFAULT CURRENT_TIMESTAMP,
  `updatedAt` timestamp NOT NULL DEFAULT CURRENT_TIMESTAMP ON UPDATE CURRENT_TIMESTAMP
) ENGINE=InnoDB DEFAULT CHARSET=utf8mb4 COLLATE=utf8mb4_unicode_ci;

--
-- Dumping data for table `vendorShopCategory`
--

INSERT INTO `vendorShopCategory` (`id`, `vendorId`, `shopCategoryId`, `created`, `updated`, `createdAt`, `updatedAt`) VALUES
(1, 42, 1, 1619533773, 1619533773, '2021-04-27 14:29:33', '2021-04-27 14:29:33'),
(2, 42, 2, 1619533773, 1619533773, '2021-04-27 14:29:33', '2021-04-27 14:29:33'),
(3, 131, 1, 1624952823, 1624952823, '2021-06-29 07:47:02', '2021-06-29 07:47:02'),
(4, 139, 2, 1625964900, 1625964900, '2021-07-11 00:54:59', '2021-07-11 00:54:59'),
(5, 183, 2, 1629711705, 1629711705, '2021-08-23 09:41:44', '2021-08-26 13:19:08'),
(6, 189, 2, 1629711705, 1629711705, '2021-08-23 09:41:44', '2021-08-26 13:19:08'),
(7, 197, 2, 1594104659, 1594104659, '2021-09-02 06:57:38', '2021-09-02 06:57:38'),
(8, 198, 9, 1630566710, 1630566710, '2021-09-02 07:11:49', '2021-09-02 07:11:49'),
(9, 200, 1, 1630990964, 1630990964, '2021-09-07 05:02:43', '2021-09-07 05:02:43'),
(10, 224, 2, 1634994787, 1634994787, '2021-10-23 13:13:06', '2021-10-23 13:13:06'),
(11, 225, 2, 1635002281, 1635002281, '2021-10-23 15:18:01', '2021-10-23 15:18:01'),
(12, 228, 2, 1635572903, 1635572903, '2021-10-30 05:48:23', '2021-10-30 05:48:23'),
(13, 234, 2, 1635579908, 1635579908, '2021-10-30 07:45:07', '2021-10-30 07:45:07'),
(15, 238, 2, 1636277321, 1636277321, '2021-11-07 09:28:40', '2021-11-07 09:28:40'),
(16, 242, 2, 1636470899, 1636470899, '2021-11-09 15:14:58', '2021-11-09 15:14:58'),
(17, 244, 1, 1643707767, 1643707767, '2022-02-01 09:29:26', '2022-02-01 09:29:26'),
(18, 249, 2, 1645273904, 1645273904, '2022-02-19 12:31:43', '2022-02-19 12:31:43'),
(19, 251, 2, 1645314200, 1645314200, '2022-02-19 23:43:20', '2022-02-19 23:43:20'),
(20, 252, 2, 1645660054, 1645660054, '2022-02-23 23:47:33', '2022-02-23 23:47:33'),
(21, 268, 2, 1646292530, 1646292530, '2022-03-03 07:28:49', '2022-03-03 07:28:49');

-- --------------------------------------------------------

--
-- Table structure for table `vendorStaffDetail`
--

CREATE TABLE `vendorStaffDetail` (
  `id` int(11) NOT NULL,
  `userId` int(11) NOT NULL,
  `vendorId` int(11) NOT NULL,
  `name` varchar(100) COLLATE utf8mb4_unicode_ci NOT NULL,
  `phone` varchar(15) COLLATE utf8mb4_unicode_ci NOT NULL,
  `image` varchar(100) COLLATE utf8mb4_unicode_ci NOT NULL,
  `permissions` longtext COLLATE utf8mb4_unicode_ci NOT NULL,
  `created` int(11) NOT NULL,
  `updated` int(11) NOT NULL,
  `createdAt` timestamp NOT NULL DEFAULT CURRENT_TIMESTAMP,
  `updatedAt` timestamp NOT NULL DEFAULT CURRENT_TIMESTAMP ON UPDATE CURRENT_TIMESTAMP
) ENGINE=InnoDB DEFAULT CHARSET=utf8mb4 COLLATE=utf8mb4_unicode_ci;

--
-- Dumping data for table `vendorStaffDetail`
--

INSERT INTO `vendorStaffDetail` (`id`, `userId`, `vendorId`, `name`, `phone`, `image`, `permissions`, `created`, `updated`, `createdAt`, `updatedAt`) VALUES
(13, 118, 42, 'test', '', '', '{\"manageShop\":[\"view\"],\"product\":[\"add\",\"edit\",\"view\"],\"orders\":[\"edit\",\"view\"],\"cancellationRequests\":[],\"orderReturnRequests\":[],\"report\":[\"view\"],\"setting\":[\"delete\",\"view\"]}', 1616066937, 1616484160, '2021-03-18 11:28:57', '2021-03-23 07:22:40'),
(14, 119, 42, 'Raghu Employee', '', '', '{\"manageShop\":[\"edit\",\"view\"],\"product\":[\"add\",\"edit\",\"view\"],\"orders\":[\"edit\",\"view\"],\"cancellationRequests\":[\"view\"],\"orderReturnRequests\":[],\"report\":[\"view\"],\"setting\":[]}', 1616477436, 1620020463, '2021-03-23 05:30:35', '2021-05-03 05:41:03'),
(15, 121, 42, 'Employee 1', '', '', '{\"manageShop\":[\"edit\",\"view\"],\"product\":[\"add\",\"delete\",\"edit\",\"view\"],\"orders\":[\"edit\",\"view\"],\"cancellationRequests\":[\"edit\",\"view\"],\"orderReturnRequests\":[\"view\"],\"report\":[\"view\"],\"setting\":[\"view\"]}', 1621073506, 1622877380, '2021-05-15 10:11:45', '2021-06-05 07:16:20'),
(16, 135, 131, 'BirlaG', '', '07ffbf0f-b937-4651-89bf-ddb16bb22017.jpeg', '{\"manageShop\":[\"view\"],\"product\":[\"add\",\"delete\",\"edit\",\"view\"],\"orders\":[\"view\"],\"cancellationRequests\":[\"view\"],\"orderReturnRequests\":[\"view\"],\"report\":[\"view\"],\"setting\":[\"add\",\"view\"]}', 1625570534, 1626413997, '2021-07-06 11:22:13', '2021-07-16 05:39:57'),
(18, 142, 131, 'Jatin Employee', '', 'a6ada71d-54ad-43e7-bf60-08dc3e69c42a.jpeg', '{\"manageShop\":[\"edit\",\"view\"],\"product\":[\"add\",\"view\"],\"orders\":[\"view\"],\"cancellationRequests\":[\"view\"],\"orderReturnRequests\":[\"view\"],\"report\":[\"view\"],\"setting\":[\"view\"]}', 1626242620, 1626242620, '2021-07-14 06:03:40', '2021-07-14 06:03:40'),
(19, 151, 131, 'test111', '', '', '{\"manageShop\":[\"view\"],\"product\":[\"add\",\"edit\",\"view\"],\"orders\":[\"edit\",\"view\"],\"cancellationRequests\":[\"edit\",\"view\"],\"orderReturnRequests\":[\"view\"],\"report\":[\"view\"],\"setting\":[\"add\",\"edit\",\"view\"]}', 1626414374, 1626414374, '2021-07-16 05:46:13', '2021-07-16 05:46:13'),
(20, 154, 131, 'Mohit', '', 'd4b2689f-ab08-4112-94df-17012bc67e8c.jpeg', '{\"manageShop\":[\"view\"],\"product\":[\"add\",\"view\"],\"orders\":[],\"cancellationRequests\":[],\"orderReturnRequests\":[],\"report\":[],\"setting\":[\"view\"]}', 1626426649, 1626426649, '2021-07-16 09:10:48', '2021-07-16 09:10:48'),
(21, 159, 131, 'Ashima', '9889494941', '14749018-f1a7-4c11-b3d6-4a62d70fd796.jpg', '{\"manageShop\":[\"edit\",\"view\"],\"product\":[\"add\",\"delete\",\"edit\",\"view\"],\"orders\":[\"edit\",\"view\"],\"cancellationRequests\":[\"edit\",\"view\"],\"orderReturnRequests\":[\"view\"],\"report\":[\"view\"],\"setting\":[\"add\",\"delete\",\"edit\",\"view\"]}', 1627298599, 1627656010, '2021-07-26 11:23:18', '2021-07-30 14:40:10'),
(22, 160, 131, 'Sukhi', '', '1aa65f8e-737e-4257-b298-00e3e2a34fab.jpg', '{\"manageShop\":[\"edit\",\"view\"],\"product\":[\"add\",\"delete\",\"edit\",\"view\"],\"orders\":[\"edit\",\"view\"],\"cancellationRequests\":[\"edit\",\"view\"],\"orderReturnRequests\":[\"view\"],\"report\":[\"view\"],\"setting\":[\"add\",\"delete\",\"edit\",\"view\"]}', 1627300653, 1627300653, '2021-07-26 11:57:32', '2021-07-26 11:57:32');

--
-- Indexes for dumped tables
--

--
-- Indexes for table `adminDetail`
--
ALTER TABLE `adminDetail`
  ADD PRIMARY KEY (`id`),
  ADD KEY `adminDetail_userId_foreign_idx` (`userId`);

--
-- Indexes for table `advertisement`
--
ALTER TABLE `advertisement`
  ADD PRIMARY KEY (`id`);

--
-- Indexes for table `banner`
--
ALTER TABLE `banner`
  ADD PRIMARY KEY (`id`);

--
-- Indexes for table `booking`
--
ALTER TABLE `booking`
  ADD PRIMARY KEY (`id`);

--
-- Indexes for table `calculation`
--
ALTER TABLE `calculation`
  ADD PRIMARY KEY (`id`);

--
-- Indexes for table `calculationHouseSqFootage`
--
ALTER TABLE `calculationHouseSqFootage`
  ADD PRIMARY KEY (`id`);

--
-- Indexes for table `calculationHowManyStories`
--
ALTER TABLE `calculationHowManyStories`
  ADD PRIMARY KEY (`id`);

--
-- Indexes for table `calculationLoan`
--
ALTER TABLE `calculationLoan`
  ADD PRIMARY KEY (`id`);

--
-- Indexes for table `calculationMonthlyAvgBill`
--
ALTER TABLE `calculationMonthlyAvgBill`
  ADD PRIMARY KEY (`id`);

--
-- Indexes for table `calculationPaymentOption`
--
ALTER TABLE `calculationPaymentOption`
  ADD PRIMARY KEY (`id`);

--
-- Indexes for table `calculationPitch`
--
ALTER TABLE `calculationPitch`
  ADD PRIMARY KEY (`id`);

--
-- Indexes for table `calculationRequest`
--
ALTER TABLE `calculationRequest`
  ADD PRIMARY KEY (`id`);

--
-- Indexes for table `calculationRoofCondition`
--
ALTER TABLE `calculationRoofCondition`
  ADD PRIMARY KEY (`id`);

--
-- Indexes for table `calculationRoofType`
--
ALTER TABLE `calculationRoofType`
  ADD PRIMARY KEY (`id`);

--
-- Indexes for table `calculationShading`
--
ALTER TABLE `calculationShading`
  ADD PRIMARY KEY (`id`);

--
-- Indexes for table `calculationSystemType`
--
ALTER TABLE `calculationSystemType`
  ADD PRIMARY KEY (`id`);

--
-- Indexes for table `card`
--
ALTER TABLE `card`
  ADD PRIMARY KEY (`id`);

--
-- Indexes for table `cart`
--
ALTER TABLE `cart`
  ADD PRIMARY KEY (`id`);

--
-- Indexes for table `cart____old`
--
ALTER TABLE `cart____old`
  ADD PRIMARY KEY (`id`);

--
-- Indexes for table `categoriesancestors`
--
ALTER TABLE `categoriesancestors`
  ADD PRIMARY KEY (`id`),
  ADD KEY `parentId` (`parentId`);

--
-- Indexes for table `category`
--
ALTER TABLE `category`
  ADD PRIMARY KEY (`id`);

--
-- Indexes for table `court`
--
ALTER TABLE `court`
  ADD PRIMARY KEY (`id`),
  ADD KEY `cascade_delete_user_detail_user_idx` (`userId`);

--
-- Indexes for table `courtImage`
--
ALTER TABLE `courtImage`
  ADD PRIMARY KEY (`id`);

--
-- Indexes for table `courtOwnerDetail`
--
ALTER TABLE `courtOwnerDetail`
  ADD PRIMARY KEY (`id`),
  ADD KEY `cascade_delete_user_detail_user_idx` (`userId`);

--
-- Indexes for table `driverDetail`
--
ALTER TABLE `driverDetail`
  ADD PRIMARY KEY (`id`),
  ADD KEY `cascade_delete_update_driver_idx` (`userId`);

--
-- Indexes for table `favouriteSalonOrStylist`
--
ALTER TABLE `favouriteSalonOrStylist`
  ADD PRIMARY KEY (`id`);

--
-- Indexes for table `feedback`
--
ALTER TABLE `feedback`
  ADD PRIMARY KEY (`id`);

--
-- Indexes for table `notification`
--
ALTER TABLE `notification`
  ADD PRIMARY KEY (`id`);

--
-- Indexes for table `old_order`
--
ALTER TABLE `old_order`
  ADD PRIMARY KEY (`id`);

--
-- Indexes for table `order`
--
ALTER TABLE `order`
  ADD PRIMARY KEY (`id`);

--
-- Indexes for table `orderCancellationRequest`
--
ALTER TABLE `orderCancellationRequest`
  ADD PRIMARY KEY (`id`);

--
-- Indexes for table `orderItem`
--
ALTER TABLE `orderItem`
  ADD PRIMARY KEY (`id`);

--
-- Indexes for table `orderRefundRequest`
--
ALTER TABLE `orderRefundRequest`
  ADD PRIMARY KEY (`id`);

--
-- Indexes for table `orderWithdrawalRequest`
--
ALTER TABLE `orderWithdrawalRequest`
  ADD PRIMARY KEY (`id`);

--
-- Indexes for table `package`
--
ALTER TABLE `package`
  ADD PRIMARY KEY (`id`);

--
-- Indexes for table `page`
--
ALTER TABLE `page`
  ADD PRIMARY KEY (`id`);

--
-- Indexes for table `product`
--
ALTER TABLE `product`
  ADD PRIMARY KEY (`id`);

--
-- Indexes for table `productFavourite`
--
ALTER TABLE `productFavourite`
  ADD PRIMARY KEY (`id`);

--
-- Indexes for table `productSpecification`
--
ALTER TABLE `productSpecification`
  ADD PRIMARY KEY (`id`);

--
-- Indexes for table `productTag`
--
ALTER TABLE `productTag`
  ADD PRIMARY KEY (`id`);

--
-- Indexes for table `request`
--
ALTER TABLE `request`
  ADD PRIMARY KEY (`id`);

--
-- Indexes for table `reviews`
--
ALTER TABLE `reviews`
  ADD PRIMARY KEY (`id`);

--
-- Indexes for table `salonDetail`
--
ALTER TABLE `salonDetail`
  ADD PRIMARY KEY (`id`),
  ADD KEY `cascade_delete_user_detail_user_idx` (`userId`);

--
-- Indexes for table `salonImages`
--
ALTER TABLE `salonImages`
  ADD PRIMARY KEY (`id`),
  ADD KEY `cascade_vendor_delivery_options_user_idx` (`userId`);

--
-- Indexes for table `salonServices`
--
ALTER TABLE `salonServices`
  ADD PRIMARY KEY (`id`),
  ADD KEY `cascade_vendor_delivery_options_user_idx` (`userId`);

--
-- Indexes for table `salonStylistDetail`
--
ALTER TABLE `salonStylistDetail`
  ADD PRIMARY KEY (`id`),
  ADD KEY `cascade_delete_user_detail_user_idx` (`userId`);

--
-- Indexes for table `salonStylistServices`
--
ALTER TABLE `salonStylistServices`
  ADD PRIMARY KEY (`id`),
  ADD KEY `cascade_vendor_delivery_options_user_idx` (`userId`);

--
-- Indexes for table `salonTimings`
--
ALTER TABLE `salonTimings`
  ADD PRIMARY KEY (`id`),
  ADD KEY `cascade_vendor_delivery_options_user_idx` (`userId`);

--
-- Indexes for table `setting`
--
ALTER TABLE `setting`
  ADD PRIMARY KEY (`id`);

--
-- Indexes for table `shopCategory`
--
ALTER TABLE `shopCategory`
  ADD PRIMARY KEY (`id`);

--
-- Indexes for table `siteComission`
--
ALTER TABLE `siteComission`
  ADD PRIMARY KEY (`id`);

--
-- Indexes for table `subAdminDetail`
--
ALTER TABLE `subAdminDetail`
  ADD PRIMARY KEY (`id`),
  ADD KEY `cascade_delete_user_detail_user_idx` (`userId`);

--
-- Indexes for table `subCategory`
--
ALTER TABLE `subCategory`
  ADD PRIMARY KEY (`id`);

--
-- Indexes for table `subscription`
--
ALTER TABLE `subscription`
  ADD PRIMARY KEY (`id`);

--
-- Indexes for table `taxCategory`
--
ALTER TABLE `taxCategory`
  ADD PRIMARY KEY (`id`);

--
-- Indexes for table `tournament`
--
ALTER TABLE `tournament`
  ADD PRIMARY KEY (`id`);

--
-- Indexes for table `user`
--
ALTER TABLE `user`
  ADD PRIMARY KEY (`id`);

--
-- Indexes for table `userAddress`
--
ALTER TABLE `userAddress`
  ADD PRIMARY KEY (`id`);

--
-- Indexes for table `userDeliveryAddress`
--
ALTER TABLE `userDeliveryAddress`
  ADD PRIMARY KEY (`id`),
  ADD KEY `cascade_delete_user_detail_user_idx` (`userId`);

--
-- Indexes for table `userDetail`
--
ALTER TABLE `userDetail`
  ADD PRIMARY KEY (`id`),
  ADD KEY `cascade_delete_user_detail_user_idx` (`userId`);

--
-- Indexes for table `userSubscriptions`
--
ALTER TABLE `userSubscriptions`
  ADD PRIMARY KEY (`id`);

--
-- Indexes for table `userToken`
--
ALTER TABLE `userToken`
  ADD PRIMARY KEY (`id`);

--
-- Indexes for table `utilityProvider`
--
ALTER TABLE `utilityProvider`
  ADD PRIMARY KEY (`id`);

--
-- Indexes for table `vendorBannerImages`
--
ALTER TABLE `vendorBannerImages`
  ADD PRIMARY KEY (`id`),
  ADD KEY `cascade_vendor_delivery_options_user_idx` (`vendorId`);

--
-- Indexes for table `vendorDeliveryCharges`
--
ALTER TABLE `vendorDeliveryCharges`
  ADD PRIMARY KEY (`id`),
  ADD KEY `cascade_vendor_delivery_charges_user_idx` (`vendorId`);

--
-- Indexes for table `vendorDeliveryOptions`
--
ALTER TABLE `vendorDeliveryOptions`
  ADD PRIMARY KEY (`id`),
  ADD KEY `cascade_vendor_delivery_options_user_idx` (`vendorId`);

--
-- Indexes for table `vendorDetail`
--
ALTER TABLE `vendorDetail`
  ADD PRIMARY KEY (`id`),
  ADD KEY `cascade_delete_user_detail_user_idx` (`userId`);

--
-- Indexes for table `vendorShopCategory`
--
ALTER TABLE `vendorShopCategory`
  ADD PRIMARY KEY (`id`),
  ADD KEY `cascade_vendor_delivery_options_user_idx` (`vendorId`);

--
-- Indexes for table `vendorStaffDetail`
--
ALTER TABLE `vendorStaffDetail`
  ADD PRIMARY KEY (`id`),
  ADD KEY `cascade_delete_user_detail_user_idx` (`userId`),
  ADD KEY `cascade_vendor_detail_user_idxx` (`vendorId`);

--
-- AUTO_INCREMENT for dumped tables
--

--
-- AUTO_INCREMENT for table `adminDetail`
--
ALTER TABLE `adminDetail`
  MODIFY `id` int(11) NOT NULL AUTO_INCREMENT, AUTO_INCREMENT=2;

--
-- AUTO_INCREMENT for table `advertisement`
--
ALTER TABLE `advertisement`
  MODIFY `id` int(11) NOT NULL AUTO_INCREMENT;

--
-- AUTO_INCREMENT for table `banner`
--
ALTER TABLE `banner`
  MODIFY `id` int(11) NOT NULL AUTO_INCREMENT, AUTO_INCREMENT=3;

--
-- AUTO_INCREMENT for table `booking`
--
ALTER TABLE `booking`
  MODIFY `id` int(11) NOT NULL AUTO_INCREMENT, AUTO_INCREMENT=12;

--
-- AUTO_INCREMENT for table `calculation`
--
ALTER TABLE `calculation`
  MODIFY `id` int(11) NOT NULL AUTO_INCREMENT, AUTO_INCREMENT=67;

--
-- AUTO_INCREMENT for table `calculationHouseSqFootage`
--
ALTER TABLE `calculationHouseSqFootage`
  MODIFY `id` int(11) NOT NULL AUTO_INCREMENT, AUTO_INCREMENT=29;

--
-- AUTO_INCREMENT for table `calculationHowManyStories`
--
ALTER TABLE `calculationHowManyStories`
  MODIFY `id` int(11) NOT NULL AUTO_INCREMENT, AUTO_INCREMENT=7;

--
-- AUTO_INCREMENT for table `calculationLoan`
--
ALTER TABLE `calculationLoan`
  MODIFY `id` int(11) NOT NULL AUTO_INCREMENT, AUTO_INCREMENT=7;

--
-- AUTO_INCREMENT for table `calculationMonthlyAvgBill`
--
ALTER TABLE `calculationMonthlyAvgBill`
  MODIFY `id` int(11) NOT NULL AUTO_INCREMENT, AUTO_INCREMENT=20;

--
-- AUTO_INCREMENT for table `calculationPaymentOption`
--
ALTER TABLE `calculationPaymentOption`
  MODIFY `id` int(11) NOT NULL AUTO_INCREMENT, AUTO_INCREMENT=4;

--
-- AUTO_INCREMENT for table `calculationPitch`
--
ALTER TABLE `calculationPitch`
  MODIFY `id` int(11) NOT NULL AUTO_INCREMENT, AUTO_INCREMENT=6;

--
-- AUTO_INCREMENT for table `calculationRequest`
--
ALTER TABLE `calculationRequest`
  MODIFY `id` int(11) NOT NULL AUTO_INCREMENT, AUTO_INCREMENT=13;

--
-- AUTO_INCREMENT for table `calculationRoofCondition`
--
ALTER TABLE `calculationRoofCondition`
  MODIFY `id` int(11) NOT NULL AUTO_INCREMENT, AUTO_INCREMENT=4;

--
-- AUTO_INCREMENT for table `calculationRoofType`
--
ALTER TABLE `calculationRoofType`
  MODIFY `id` int(11) NOT NULL AUTO_INCREMENT, AUTO_INCREMENT=5;

--
-- AUTO_INCREMENT for table `calculationShading`
--
ALTER TABLE `calculationShading`
  MODIFY `id` int(11) NOT NULL AUTO_INCREMENT, AUTO_INCREMENT=7;

--
-- AUTO_INCREMENT for table `calculationSystemType`
--
ALTER TABLE `calculationSystemType`
  MODIFY `id` int(11) NOT NULL AUTO_INCREMENT, AUTO_INCREMENT=3;

--
-- AUTO_INCREMENT for table `card`
--
ALTER TABLE `card`
  MODIFY `id` int(11) NOT NULL AUTO_INCREMENT, AUTO_INCREMENT=61;

--
-- AUTO_INCREMENT for table `cart`
--
ALTER TABLE `cart`
  MODIFY `id` int(11) NOT NULL AUTO_INCREMENT, AUTO_INCREMENT=377;

--
-- AUTO_INCREMENT for table `cart____old`
--
ALTER TABLE `cart____old`
  MODIFY `id` int(11) NOT NULL AUTO_INCREMENT;

--
-- AUTO_INCREMENT for table `categoriesancestors`
--
ALTER TABLE `categoriesancestors`
  MODIFY `id` int(11) NOT NULL AUTO_INCREMENT, AUTO_INCREMENT=110;

--
-- AUTO_INCREMENT for table `category`
--
ALTER TABLE `category`
  MODIFY `id` int(11) NOT NULL AUTO_INCREMENT, AUTO_INCREMENT=77;

--
-- AUTO_INCREMENT for table `court`
--
ALTER TABLE `court`
  MODIFY `id` int(11) NOT NULL AUTO_INCREMENT, AUTO_INCREMENT=6;

--
-- AUTO_INCREMENT for table `courtImage`
--
ALTER TABLE `courtImage`
  MODIFY `id` int(11) NOT NULL AUTO_INCREMENT, AUTO_INCREMENT=10;

--
-- AUTO_INCREMENT for table `courtOwnerDetail`
--
ALTER TABLE `courtOwnerDetail`
  MODIFY `id` int(11) NOT NULL AUTO_INCREMENT, AUTO_INCREMENT=6;

--
-- AUTO_INCREMENT for table `driverDetail`
--
ALTER TABLE `driverDetail`
  MODIFY `id` int(11) NOT NULL AUTO_INCREMENT, AUTO_INCREMENT=2;

--
-- AUTO_INCREMENT for table `favouriteSalonOrStylist`
--
ALTER TABLE `favouriteSalonOrStylist`
  MODIFY `id` int(11) NOT NULL AUTO_INCREMENT, AUTO_INCREMENT=13;

--
-- AUTO_INCREMENT for table `feedback`
--
ALTER TABLE `feedback`
  MODIFY `id` int(11) NOT NULL AUTO_INCREMENT, AUTO_INCREMENT=3;

--
-- AUTO_INCREMENT for table `notification`
--
ALTER TABLE `notification`
  MODIFY `id` int(11) NOT NULL AUTO_INCREMENT;

--
-- AUTO_INCREMENT for table `old_order`
--
ALTER TABLE `old_order`
  MODIFY `id` int(11) NOT NULL AUTO_INCREMENT, AUTO_INCREMENT=122;

--
-- AUTO_INCREMENT for table `order`
--
ALTER TABLE `order`
  MODIFY `id` int(11) NOT NULL AUTO_INCREMENT;

--
-- AUTO_INCREMENT for table `orderCancellationRequest`
--
ALTER TABLE `orderCancellationRequest`
  MODIFY `id` int(11) NOT NULL AUTO_INCREMENT, AUTO_INCREMENT=2;

--
-- AUTO_INCREMENT for table `orderItem`
--
ALTER TABLE `orderItem`
  MODIFY `id` int(11) NOT NULL AUTO_INCREMENT, AUTO_INCREMENT=126;

--
-- AUTO_INCREMENT for table `orderRefundRequest`
--
ALTER TABLE `orderRefundRequest`
  MODIFY `id` int(11) NOT NULL AUTO_INCREMENT, AUTO_INCREMENT=2;

--
-- AUTO_INCREMENT for table `orderWithdrawalRequest`
--
ALTER TABLE `orderWithdrawalRequest`
  MODIFY `id` int(11) NOT NULL AUTO_INCREMENT, AUTO_INCREMENT=4;

--
-- AUTO_INCREMENT for table `package`
--
ALTER TABLE `package`
  MODIFY `id` int(11) NOT NULL AUTO_INCREMENT, AUTO_INCREMENT=5;

--
-- AUTO_INCREMENT for table `page`
--
ALTER TABLE `page`
  MODIFY `id` int(11) NOT NULL AUTO_INCREMENT, AUTO_INCREMENT=4;

--
-- AUTO_INCREMENT for table `product`
--
ALTER TABLE `product`
  MODIFY `id` int(11) NOT NULL AUTO_INCREMENT, AUTO_INCREMENT=527;

--
-- AUTO_INCREMENT for table `productFavourite`
--
ALTER TABLE `productFavourite`
  MODIFY `id` int(11) NOT NULL AUTO_INCREMENT, AUTO_INCREMENT=33;

--
-- AUTO_INCREMENT for table `productSpecification`
--
ALTER TABLE `productSpecification`
  MODIFY `id` int(11) NOT NULL AUTO_INCREMENT, AUTO_INCREMENT=108;

--
-- AUTO_INCREMENT for table `productTag`
--
ALTER TABLE `productTag`
  MODIFY `id` int(11) NOT NULL AUTO_INCREMENT, AUTO_INCREMENT=129;

--
-- AUTO_INCREMENT for table `request`
--
ALTER TABLE `request`
  MODIFY `id` int(11) NOT NULL AUTO_INCREMENT, AUTO_INCREMENT=9;

--
-- AUTO_INCREMENT for table `reviews`
--
ALTER TABLE `reviews`
  MODIFY `id` int(11) NOT NULL AUTO_INCREMENT, AUTO_INCREMENT=5;

--
-- AUTO_INCREMENT for table `salonDetail`
--
ALTER TABLE `salonDetail`
  MODIFY `id` int(11) NOT NULL AUTO_INCREMENT, AUTO_INCREMENT=13;

--
-- AUTO_INCREMENT for table `salonImages`
--
ALTER TABLE `salonImages`
  MODIFY `id` int(11) NOT NULL AUTO_INCREMENT, AUTO_INCREMENT=32;

--
-- AUTO_INCREMENT for table `salonServices`
--
ALTER TABLE `salonServices`
  MODIFY `id` int(11) NOT NULL AUTO_INCREMENT, AUTO_INCREMENT=14;

--
-- AUTO_INCREMENT for table `salonStylistDetail`
--
ALTER TABLE `salonStylistDetail`
  MODIFY `id` int(11) NOT NULL AUTO_INCREMENT, AUTO_INCREMENT=16;

--
-- AUTO_INCREMENT for table `salonStylistServices`
--
ALTER TABLE `salonStylistServices`
  MODIFY `id` int(11) NOT NULL AUTO_INCREMENT, AUTO_INCREMENT=21;

--
-- AUTO_INCREMENT for table `salonTimings`
--
ALTER TABLE `salonTimings`
  MODIFY `id` int(11) NOT NULL AUTO_INCREMENT, AUTO_INCREMENT=58;

--
-- AUTO_INCREMENT for table `setting`
--
ALTER TABLE `setting`
  MODIFY `id` int(11) NOT NULL AUTO_INCREMENT, AUTO_INCREMENT=16;

--
-- AUTO_INCREMENT for table `shopCategory`
--
ALTER TABLE `shopCategory`
  MODIFY `id` int(11) NOT NULL AUTO_INCREMENT, AUTO_INCREMENT=11;

--
-- AUTO_INCREMENT for table `siteComission`
--
ALTER TABLE `siteComission`
  MODIFY `id` int(11) NOT NULL AUTO_INCREMENT, AUTO_INCREMENT=2;

--
-- AUTO_INCREMENT for table `subAdminDetail`
--
ALTER TABLE `subAdminDetail`
  MODIFY `id` int(11) NOT NULL AUTO_INCREMENT, AUTO_INCREMENT=4;

--
-- AUTO_INCREMENT for table `subCategory`
--
ALTER TABLE `subCategory`
  MODIFY `id` int(11) NOT NULL AUTO_INCREMENT, AUTO_INCREMENT=8;

--
-- AUTO_INCREMENT for table `subscription`
--
ALTER TABLE `subscription`
  MODIFY `id` int(11) NOT NULL AUTO_INCREMENT, AUTO_INCREMENT=2;

--
-- AUTO_INCREMENT for table `taxCategory`
--
ALTER TABLE `taxCategory`
  MODIFY `id` int(11) NOT NULL AUTO_INCREMENT, AUTO_INCREMENT=2;

--
-- AUTO_INCREMENT for table `tournament`
--
ALTER TABLE `tournament`
  MODIFY `id` int(11) NOT NULL AUTO_INCREMENT, AUTO_INCREMENT=2;

--
-- AUTO_INCREMENT for table `user`
--
ALTER TABLE `user`
  MODIFY `id` int(11) NOT NULL AUTO_INCREMENT, AUTO_INCREMENT=86;

--
-- AUTO_INCREMENT for table `userAddress`
--
ALTER TABLE `userAddress`
  MODIFY `id` int(11) NOT NULL AUTO_INCREMENT;

--
-- AUTO_INCREMENT for table `userDeliveryAddress`
--
ALTER TABLE `userDeliveryAddress`
  MODIFY `id` int(11) NOT NULL AUTO_INCREMENT, AUTO_INCREMENT=10;

--
-- AUTO_INCREMENT for table `userDetail`
--
ALTER TABLE `userDetail`
  MODIFY `id` int(11) NOT NULL AUTO_INCREMENT, AUTO_INCREMENT=24;

--
-- AUTO_INCREMENT for table `userSubscriptions`
--
ALTER TABLE `userSubscriptions`
  MODIFY `id` int(11) NOT NULL AUTO_INCREMENT, AUTO_INCREMENT=2;

--
-- AUTO_INCREMENT for table `userToken`
--
ALTER TABLE `userToken`
  MODIFY `id` int(11) NOT NULL AUTO_INCREMENT, AUTO_INCREMENT=1176;

--
-- AUTO_INCREMENT for table `utilityProvider`
--
ALTER TABLE `utilityProvider`
  MODIFY `id` int(11) NOT NULL AUTO_INCREMENT, AUTO_INCREMENT=6;

--
-- AUTO_INCREMENT for table `vendorBannerImages`
--
ALTER TABLE `vendorBannerImages`
  MODIFY `id` int(11) NOT NULL AUTO_INCREMENT, AUTO_INCREMENT=5;

--
-- AUTO_INCREMENT for table `vendorDeliveryCharges`
--
ALTER TABLE `vendorDeliveryCharges`
  MODIFY `id` int(11) NOT NULL AUTO_INCREMENT, AUTO_INCREMENT=1221;

--
-- AUTO_INCREMENT for table `vendorDeliveryOptions`
--
ALTER TABLE `vendorDeliveryOptions`
  MODIFY `id` int(11) NOT NULL AUTO_INCREMENT, AUTO_INCREMENT=1002;

--
-- AUTO_INCREMENT for table `vendorDetail`
--
ALTER TABLE `vendorDetail`
  MODIFY `id` int(11) NOT NULL AUTO_INCREMENT, AUTO_INCREMENT=2;

--
-- AUTO_INCREMENT for table `vendorShopCategory`
--
ALTER TABLE `vendorShopCategory`
  MODIFY `id` int(11) NOT NULL AUTO_INCREMENT, AUTO_INCREMENT=22;

--
-- AUTO_INCREMENT for table `vendorStaffDetail`
--
ALTER TABLE `vendorStaffDetail`
  MODIFY `id` int(11) NOT NULL AUTO_INCREMENT, AUTO_INCREMENT=25;

--
-- Constraints for dumped tables
--

--
-- Constraints for table `adminDetail`
--
ALTER TABLE `adminDetail`
  ADD CONSTRAINT `adminDetail_userId_foreign_idx` FOREIGN KEY (`userId`) REFERENCES `user` (`id`) ON DELETE CASCADE ON UPDATE CASCADE;

--
-- Constraints for table `categoriesancestors`
--
ALTER TABLE `categoriesancestors`
  ADD CONSTRAINT `categoriesancestors_ibfk_1` FOREIGN KEY (`parentId`) REFERENCES `categoriesancestors` (`id`) ON UPDATE CASCADE;

--
-- Constraints for table `userDetail`
--
ALTER TABLE `userDetail`
  ADD CONSTRAINT `cascade_delete_user_detail_user_idx` FOREIGN KEY (`userId`) REFERENCES `user` (`id`) ON DELETE CASCADE ON UPDATE CASCADE;
COMMIT;

